CRAN Package Check Results for Package GpGp

Last updated on 2020-01-27 00:48:04 CET.

Flavor Version Tinstall Tcheck Ttotal Status Flags
r-devel-linux-x86_64-debian-clang 0.2.1 57.35 51.84 109.19 OK
r-devel-linux-x86_64-debian-gcc 0.2.1 39.81 39.00 78.81 OK
r-devel-linux-x86_64-fedora-clang 0.2.1 151.43 NOTE
r-devel-linux-x86_64-fedora-gcc 0.2.1 146.19 OK
r-devel-windows-ix86+x86_64 0.2.1 149.00 141.00 290.00 OK
r-devel-windows-ix86+x86_64-gcc8 0.2.1 143.00 147.00 290.00 OK
r-patched-linux-x86_64 0.2.1 44.28 47.80 92.08 OK
r-patched-solaris-x86 0.2.1 149.50 OK
r-release-linux-x86_64 0.2.1 44.64 48.30 92.94 OK
r-release-windows-ix86+x86_64 0.2.1 91.00 100.00 191.00 OK
r-release-osx-x86_64 0.2.1 NOTE
r-oldrel-windows-ix86+x86_64 0.2.1 89.00 100.00 189.00 ERROR
r-oldrel-osx-x86_64 0.2.1 NOTE

Check Details

Version: 0.2.1
Check: installed package size
Result: NOTE
     installed size is 6.8Mb
     sub-directories of 1Mb or more:
     data 1.4Mb
     libs 5.0Mb
Flavors: r-devel-linux-x86_64-fedora-clang, r-release-osx-x86_64, r-oldrel-osx-x86_64

Version: 0.2.1
Check: whether package can be installed
Result: ERROR
    Installation failed.
Flavor: r-oldrel-windows-ix86+x86_64