CRAN Package Check Results for Package GlobalFit

Last updated on 2020-01-27 00:48:04 CET.

Flavor Version Tinstall Tcheck Ttotal Status Flags
r-devel-linux-x86_64-debian-clang 1.2 17.41 101.85 119.26 OK
r-devel-linux-x86_64-debian-gcc 1.2 14.61 77.76 92.37 OK
r-devel-linux-x86_64-fedora-clang 1.2 144.81 NOTE
r-devel-linux-x86_64-fedora-gcc 1.2 140.07 NOTE
r-devel-windows-ix86+x86_64 1.2 30.00 143.00 173.00 NOTE
r-devel-windows-ix86+x86_64-gcc8 1.2 37.00 141.00 178.00 NOTE
r-patched-linux-x86_64 1.2 15.10 87.89 102.99 OK
r-patched-solaris-x86 1.2 178.30 NOTE
r-release-linux-x86_64 1.2 14.02 88.90 102.92 OK
r-release-windows-ix86+x86_64 1.2 24.00 100.00 124.00 NOTE
r-release-osx-x86_64 1.2 NOTE
r-oldrel-windows-ix86+x86_64 1.2 18.00 123.00 141.00 NOTE
r-oldrel-osx-x86_64 1.2 NOTE

Check Details

Version: 1.2
Check: package dependencies
Result: NOTE
    Package suggested but not available for checking: ‘cplexAPI’
Flavors: r-devel-linux-x86_64-fedora-clang, r-devel-linux-x86_64-fedora-gcc, r-devel-windows-ix86+x86_64, r-devel-windows-ix86+x86_64-gcc8, r-patched-solaris-x86, r-release-windows-ix86+x86_64, r-release-osx-x86_64, r-oldrel-windows-ix86+x86_64, r-oldrel-osx-x86_64