CRAN Package Check Results for Package GerminaR

Last updated on 2020-01-27 00:48:04 CET.

Flavor Version Tinstall Tcheck Ttotal Status Flags
r-devel-linux-x86_64-debian-clang 1.3 6.34 58.77 65.11 OK
r-devel-linux-x86_64-debian-gcc 1.3 5.62 45.07 50.69 OK
r-devel-linux-x86_64-fedora-clang 1.3 80.45 NOTE
r-devel-linux-x86_64-fedora-gcc 1.3 78.02 NOTE
r-devel-windows-ix86+x86_64 1.3 30.00 107.00 137.00 OK
r-devel-windows-ix86+x86_64-gcc8 1.3 55.00 198.00 253.00 OK
r-patched-linux-x86_64 1.3 5.47 51.48 56.95 OK
r-patched-solaris-x86 1.3 111.30 NOTE
r-release-linux-x86_64 1.3 6.05 51.89 57.94 OK
r-release-windows-ix86+x86_64 1.3 15.00 70.00 85.00 OK
r-release-osx-x86_64 1.3 NOTE
r-oldrel-windows-ix86+x86_64 1.3 15.00 111.00 126.00 OK
r-oldrel-osx-x86_64 1.3 NOTE

Check Details

Version: 1.3
Check: dependencies in R code
Result: NOTE
    Namespaces in Imports field not imported from:
     ‘DT’ ‘shinydashboard’
     All declared Imports should be used.
Flavors: r-devel-linux-x86_64-fedora-clang, r-devel-linux-x86_64-fedora-gcc, r-patched-solaris-x86, r-release-osx-x86_64, r-oldrel-osx-x86_64