Last updated on 2020-01-27 00:48:03 CET.
Flavor | Version | Tinstall | Tcheck | Ttotal | Status | Flags |
---|---|---|---|---|---|---|
r-devel-linux-x86_64-debian-clang | 0.1-2 | 15.34 | 112.08 | 127.42 | OK | |
r-devel-linux-x86_64-debian-gcc | 0.1-2 | 12.65 | 87.22 | 99.87 | OK | |
r-devel-linux-x86_64-fedora-clang | 0.1-2 | 157.35 | NOTE | |||
r-devel-linux-x86_64-fedora-gcc | 0.1-2 | 159.12 | NOTE | |||
r-devel-windows-ix86+x86_64 | 0.1-2 | 31.00 | 152.00 | 183.00 | OK | |
r-devel-windows-ix86+x86_64-gcc8 | 0.1-2 | 42.00 | 150.00 | 192.00 | OK | |
r-patched-linux-x86_64 | 0.1-2 | 13.56 | 95.35 | 108.91 | OK | |
r-patched-solaris-x86 | 0.1-2 | 194.30 | NOTE | |||
r-release-linux-x86_64 | 0.1-2 | 14.68 | 95.84 | 110.52 | OK | |
r-release-windows-ix86+x86_64 | 0.1-2 | 23.00 | 100.00 | 123.00 | OK | |
r-release-osx-x86_64 | 0.1-2 | NOTE | ||||
r-oldrel-windows-ix86+x86_64 | 0.1-1 | 7.00 | 43.00 | 50.00 | OK | |
r-oldrel-osx-x86_64 | 0.1-2 | ERROR |
Version: 0.1-2
Check: dependencies in R code
Result: NOTE
Namespace in Imports field not imported from: ‘raster’
All declared Imports should be used.
Flavors: r-devel-linux-x86_64-fedora-clang, r-devel-linux-x86_64-fedora-gcc, r-patched-solaris-x86, r-release-osx-x86_64
Version: 0.1-2
Check: whether package can be installed
Result: ERROR
Installation failed.
Flavor: r-oldrel-osx-x86_64