CRAN Package Check Results for Package GauPro

Last updated on 2020-01-27 00:48:03 CET.

Flavor Version Tinstall Tcheck Ttotal Status Flags
r-devel-linux-x86_64-debian-clang 0.2.2 166.65 179.78 346.43 OK
r-devel-linux-x86_64-debian-gcc 0.2.2 118.41 121.91 240.32 OK
r-devel-linux-x86_64-fedora-clang 0.2.2 444.17 NOTE
r-devel-linux-x86_64-fedora-gcc 0.2.2 425.18 OK
r-devel-windows-ix86+x86_64 0.2.2 415.00 366.00 781.00 OK
r-devel-windows-ix86+x86_64-gcc8 0.2.2 424.00 369.00 793.00 OK
r-patched-linux-x86_64 0.2.2 132.13 156.42 288.55 OK
r-patched-solaris-x86 0.2.2 397.00 OK
r-release-linux-x86_64 0.2.2 135.68 150.87 286.55 OK
r-release-windows-ix86+x86_64 0.2.2 300.00 253.00 553.00 OK
r-release-osx-x86_64 0.2.2 OK
r-oldrel-windows-ix86+x86_64 0.2.2 251.00 243.00 494.00 OK
r-oldrel-osx-x86_64 0.2.2 OK

Check Details

Version: 0.2.2
Check: installed package size
Result: NOTE
     installed size is 5.7Mb
     sub-directories of 1Mb or more:
     libs 4.8Mb
Flavor: r-devel-linux-x86_64-fedora-clang