CRAN Package Check Results for Package GWmodel

Last updated on 2020-01-27 00:48:04 CET.

Flavor Version Tinstall Tcheck Ttotal Status Flags
r-devel-linux-x86_64-debian-clang 2.1-3 59.59 157.48 217.07 OK
r-devel-linux-x86_64-debian-gcc 2.1-3 49.54 121.25 170.79 OK
r-devel-linux-x86_64-fedora-clang 2.1-3 276.63 NOTE
r-devel-linux-x86_64-fedora-gcc 2.1-3 286.95 OK
r-devel-windows-ix86+x86_64 2.1-3 154.00 345.00 499.00 OK
r-devel-windows-ix86+x86_64-gcc8 2.1-3 161.00 243.00 404.00 OK
r-patched-linux-x86_64 2.1-3 44.70 139.50 184.20 OK
r-patched-solaris-x86 2.1-3 318.70 OK
r-release-linux-x86_64 2.1-3 48.84 139.90 188.74 OK
r-release-windows-ix86+x86_64 2.1-3 98.00 211.00 309.00 OK
r-release-osx-x86_64 2.1-3 NOTE
r-oldrel-windows-ix86+x86_64 2.1-3 78.00 192.00 270.00 OK
r-oldrel-osx-x86_64 2.1-3 NOTE

Check Details

Version: 2.1-3
Check: installed package size
Result: NOTE
     installed size is 5.5Mb
     sub-directories of 1Mb or more:
     data 1.5Mb
     libs 3.2Mb
Flavors: r-devel-linux-x86_64-fedora-clang, r-release-osx-x86_64, r-oldrel-osx-x86_64