CRAN Package Check Results for Package GLDEX

Last updated on 2020-01-27 00:48:04 CET.

Flavor Version Tinstall Tcheck Ttotal Status Flags
r-devel-linux-x86_64-debian-clang 2.0.0.6 12.43 57.27 69.70 OK
r-devel-linux-x86_64-debian-gcc 2.0.0.6 9.64 43.62 53.26 OK
r-devel-linux-x86_64-fedora-clang 2.0.0.6 82.50 NOTE
r-devel-linux-x86_64-fedora-gcc 2.0.0.6 80.41 NOTE
r-devel-windows-ix86+x86_64 2.0.0.6 30.00 121.00 151.00 OK
r-devel-windows-ix86+x86_64-gcc8 2.0.0.6 29.00 116.00 145.00 OK
r-patched-linux-x86_64 2.0.0.6 10.66 53.05 63.71 OK
r-patched-solaris-x86 2.0.0.6 102.70 OK
r-release-linux-x86_64 2.0.0.6 10.36 53.42 63.78 OK
r-release-windows-ix86+x86_64 2.0.0.6 18.00 81.00 99.00 OK
r-release-osx-x86_64 2.0.0.6 OK
r-oldrel-windows-ix86+x86_64 2.0.0.6 18.00 99.00 117.00 OK
r-oldrel-osx-x86_64 2.0.0.6 OK

Check Details

Version: 2.0.0.6
Check: compiled code
Result: NOTE
    File ‘GLDEX/libs/GLDEX.so’:
     Found no calls to: ‘R_registerRoutines’, ‘R_useDynamicSymbols’
    
    It is good practice to register native routines and to disable symbol
    search.
    
    See ‘Writing portable packages’ in the ‘Writing R Extensions’ manual.
Flavors: r-devel-linux-x86_64-fedora-clang, r-devel-linux-x86_64-fedora-gcc