Last updated on 2020-01-27 00:48:03 CET.
Flavor | Version | Tinstall | Tcheck | Ttotal | Status | Flags |
---|---|---|---|---|---|---|
r-devel-linux-x86_64-debian-clang | 0.1.5 | 10.28 | 171.53 | 181.81 | NOTE | |
r-devel-linux-x86_64-debian-gcc | 0.1.5 | 8.03 | 127.23 | 135.26 | NOTE | |
r-devel-linux-x86_64-fedora-clang | 0.1.5 | 208.52 | OK | |||
r-devel-linux-x86_64-fedora-gcc | 0.1.5 | 202.81 | OK | |||
r-devel-windows-ix86+x86_64 | 0.1.5 | 21.00 | 228.00 | 249.00 | NOTE | |
r-devel-windows-ix86+x86_64-gcc8 | 0.1.5 | 23.00 | 235.00 | 258.00 | NOTE | |
r-patched-linux-x86_64 | 0.1.5 | 7.06 | 150.95 | 158.01 | OK | |
r-patched-solaris-x86 | 0.1.5 | 256.50 | OK | |||
r-release-linux-x86_64 | 0.1.5 | 7.45 | 150.64 | 158.09 | OK | |
r-release-windows-ix86+x86_64 | 0.1.5 | 11.00 | 148.00 | 159.00 | OK | |
r-release-osx-x86_64 | 0.1.5 | OK | ||||
r-oldrel-windows-ix86+x86_64 | 0.1.5 | 9.00 | 151.00 | 160.00 | OK | |
r-oldrel-osx-x86_64 | 0.1.5 | OK |
Version: 0.1.5
Check: package vignettes
Result: NOTE
Package vignette with placeholder title 'Vignette Title':
'GEint_example.Rmd'
Flavors: r-devel-linux-x86_64-debian-clang, r-devel-linux-x86_64-debian-gcc, r-devel-windows-ix86+x86_64, r-devel-windows-ix86+x86_64-gcc8