Last updated on 2020-01-27 00:48:04 CET.
Flavor | Version | Tinstall | Tcheck | Ttotal | Status | Flags |
---|---|---|---|---|---|---|
r-devel-linux-x86_64-debian-clang | 1.1 | 7.67 | 64.99 | 72.66 | NOTE | |
r-devel-linux-x86_64-debian-gcc | 1.1 | 7.43 | 50.21 | 57.64 | NOTE | |
r-devel-linux-x86_64-fedora-clang | 1.1 | 89.28 | NOTE | |||
r-devel-linux-x86_64-fedora-gcc | 1.1 | 86.54 | NOTE | |||
r-devel-windows-ix86+x86_64 | 1.1 | 26.00 | 103.00 | 129.00 | NOTE | |
r-devel-windows-ix86+x86_64-gcc8 | 1.1 | 25.00 | 111.00 | 136.00 | NOTE | |
r-patched-linux-x86_64 | 1.1 | 6.78 | 56.94 | 63.72 | NOTE | |
r-patched-solaris-x86 | 1.1 | 110.70 | NOTE | |||
r-release-linux-x86_64 | 1.1 | 6.70 | 56.83 | 63.53 | NOTE | |
r-release-windows-ix86+x86_64 | 1.1 | 15.00 | 74.00 | 89.00 | NOTE | |
r-release-osx-x86_64 | 1.1 | NOTE | ||||
r-oldrel-windows-ix86+x86_64 | 1.1 | 9.00 | 94.00 | 103.00 | NOTE | |
r-oldrel-osx-x86_64 | 1.1 | NOTE |
Version: 1.1
Check: dependencies in R code
Result: NOTE
Missing or unexported object: 'stable::dstable.quick'
Flavors: r-devel-linux-x86_64-debian-clang, r-devel-linux-x86_64-debian-gcc, r-devel-linux-x86_64-fedora-clang, r-devel-linux-x86_64-fedora-gcc, r-devel-windows-ix86+x86_64, r-devel-windows-ix86+x86_64-gcc8, r-patched-linux-x86_64, r-patched-solaris-x86, r-release-linux-x86_64, r-release-windows-ix86+x86_64, r-release-osx-x86_64, r-oldrel-windows-ix86+x86_64, r-oldrel-osx-x86_64