Last updated on 2020-01-27 00:48:03 CET.
Flavor | Version | Tinstall | Tcheck | Ttotal | Status | Flags |
---|---|---|---|---|---|---|
r-devel-linux-x86_64-debian-clang | 2.7.8 | 238.66 | 95.42 | 334.08 | OK | |
r-devel-linux-x86_64-debian-gcc | 2.7.8 | 164.90 | 71.01 | 235.91 | OK | |
r-devel-linux-x86_64-fedora-clang | 2.7.8 | 445.40 | NOTE | |||
r-devel-linux-x86_64-fedora-gcc | 2.7.8 | 426.34 | OK | |||
r-devel-windows-ix86+x86_64 | 2.7.8 | 442.00 | 185.00 | 627.00 | OK | |
r-devel-windows-ix86+x86_64-gcc8 | 2.7.8 | 610.00 | 198.00 | 808.00 | OK | |
r-patched-linux-x86_64 | 2.7.8 | 185.58 | 83.59 | 269.17 | OK | |
r-patched-solaris-x86 | 2.7.8 | 341.10 | OK | |||
r-release-linux-x86_64 | 2.7.8 | 183.69 | 83.52 | 267.21 | OK | |
r-release-windows-ix86+x86_64 | 2.7.8 | 393.00 | 127.00 | 520.00 | OK | |
r-release-osx-x86_64 | 2.7.8 | NOTE | ||||
r-oldrel-windows-ix86+x86_64 | 2.7.8 | 362.00 | 115.00 | 477.00 | WARN | |
r-oldrel-osx-x86_64 | 2.7.8 | NOTE |
Version: 2.7.8
Check: installed package size
Result: NOTE
installed size is 14.0Mb
sub-directories of 1Mb or more:
libs 13.1Mb
Flavors: r-devel-linux-x86_64-fedora-clang, r-release-osx-x86_64, r-oldrel-osx-x86_64
Version: 2.7.8
Check: whether package can be installed
Result: WARN
Found the following significant warnings:
Warning: S3 methods '[.fun_list', '[.grouped_df', 'all.equal.tbl_df', 'anti_join.data.frame', 'anti_join.tbl_df', 'arrange.data.frame', 'arrange.default', 'arrange.grouped_df', 'arrange.tbl_df', 'arrange_.data.frame', 'arrange_.tbl_df', 'as.data.frame.grouped_df', 'as.data.frame.rowwise_df', 'as.data.frame.tbl_cube', 'as.table.tbl_cube', 'as.tbl.data.frame', 'as.tbl.tbl', 'as.tbl_cube.array', 'as.tbl_cube.data.frame', 'as.tbl_cube.matrix', 'as.tbl_cube.table', 'as_tibble.grouped_df', 'as_tibble.tbl_cube', 'auto_copy.tbl_cube', 'auto_copy.tbl_df', 'cbind.grouped_df', 'collapse.data.frame', 'collect.data.frame', 'common_by.NULL', 'common_by.character', 'common_by.default', 'common_by.list', 'compute.data.frame', 'copy_to.DBIConnection', 'copy_to.src_local', 'default_missing.data.frame', 'default_missing.default', 'dim.tbl_cube', 'distinct.data.frame', 'distinct.default', 'distinct.grouped_df', 'distinct.tbl_df', 'distinct_.data.frame', 'distinct_.grouped_df', 'distinct_.tbl_df', 'do.NULL', 'do.da [... truncated]
Flavor: r-oldrel-windows-ix86+x86_64