Last updated on 2020-01-27 00:48:02 CET.
Flavor | Version | Tinstall | Tcheck | Ttotal | Status | Flags |
---|---|---|---|---|---|---|
r-devel-linux-x86_64-debian-clang | 2.4 | 26.66 | 64.50 | 91.16 | OK | |
r-devel-linux-x86_64-debian-gcc | 2.4 | 16.73 | 50.47 | 67.20 | OK | |
r-devel-linux-x86_64-fedora-clang | 2.4 | 136.64 | NOTE | |||
r-devel-linux-x86_64-fedora-gcc | 2.4 | 105.49 | NOTE | |||
r-devel-windows-ix86+x86_64 | 2.4 | 73.00 | 134.00 | 207.00 | OK | |
r-devel-windows-ix86+x86_64-gcc8 | 2.4 | 77.00 | 112.00 | 189.00 | OK | |
r-patched-linux-x86_64 | 2.4 | 18.99 | 57.58 | 76.57 | OK | |
r-patched-solaris-x86 | 2.4 | 170.50 | OK | |||
r-release-linux-x86_64 | 2.4 | 20.30 | 56.15 | 76.45 | OK | |
r-release-windows-ix86+x86_64 | 2.4 | 51.00 | 98.00 | 149.00 | OK | |
r-release-osx-x86_64 | 2.4 | OK | ||||
r-oldrel-windows-ix86+x86_64 | 2.4 | 44.00 | 84.00 | 128.00 | OK | |
r-oldrel-osx-x86_64 | 2.4 | OK |
Version: 2.4
Check: compiled code
Result: NOTE
File ‘Familias/libs/Familias.so’:
Found no calls to: ‘R_registerRoutines’, ‘R_useDynamicSymbols’
It is good practice to register native routines and to disable symbol
search.
See ‘Writing portable packages’ in the ‘Writing R Extensions’ manual.
Flavors: r-devel-linux-x86_64-fedora-clang, r-devel-linux-x86_64-fedora-gcc