CRAN Package Check Results for Package Factoshiny

Last updated on 2020-01-27 00:48:02 CET.

Flavor Version Tinstall Tcheck Ttotal Status Flags
r-devel-linux-x86_64-debian-clang 2.1 17.54 116.67 134.21 OK
r-devel-linux-x86_64-debian-gcc 2.1 14.16 90.33 104.49 OK
r-devel-linux-x86_64-fedora-clang 2.1 163.49 OK
r-devel-linux-x86_64-fedora-gcc 2.1 159.66 OK
r-devel-windows-ix86+x86_64 2.1 44.00 192.00 236.00 OK
r-devel-windows-ix86+x86_64-gcc8 2.1 45.00 188.00 233.00 OK
r-patched-linux-x86_64 2.1 13.92 104.41 118.33 OK
r-patched-solaris-x86 2.1 220.90 OK
r-release-linux-x86_64 2.1 12.03 102.87 114.90 OK
r-release-windows-ix86+x86_64 2.1 22.00 114.00 136.00 OK
r-release-osx-x86_64 2.1 WARN
r-oldrel-windows-ix86+x86_64 2.1 13.00 107.00 120.00 OK
r-oldrel-osx-x86_64 2.1 WARN

Check Details

Version: 2.1
Check: dependencies in R code
Result: NOTE
    No protocol specified
    No protocol specified
Flavors: r-release-osx-x86_64, r-oldrel-osx-x86_64

Version: 2.1
Check: S3 generic/method consistency
Result: WARN
    No protocol specified
    No protocol specified
    See section ‘Generic functions and methods’ in the ‘Writing R
    Extensions’ manual.
Flavors: r-release-osx-x86_64, r-oldrel-osx-x86_64

Version: 2.1
Check: replacement functions
Result: WARN
    No protocol specified
    No protocol specified
    The argument of a replacement function which corresponds to the right
    hand side must be named ‘value’.
Flavors: r-release-osx-x86_64, r-oldrel-osx-x86_64

Version: 2.1
Check: foreign function calls
Result: NOTE
    No protocol specified
    No protocol specified
    See chapter ‘System and foreign language interfaces’ in the ‘Writing R
    Extensions’ manual.
Flavors: r-release-osx-x86_64, r-oldrel-osx-x86_64

Version: 2.1
Check: R code for possible problems
Result: NOTE
    No protocol specified
    No protocol specified
Flavors: r-release-osx-x86_64, r-oldrel-osx-x86_64

Version: 2.1
Check: for missing documentation entries
Result: WARN
    No protocol specified
    No protocol specified
    All user-level objects in a package should have documentation entries.
    See chapter ‘Writing R documentation files’ in the ‘Writing R
    Extensions’ manual.
Flavors: r-release-osx-x86_64, r-oldrel-osx-x86_64

Version: 2.1
Check: for code/documentation mismatches
Result: WARN
    No protocol specified
    No protocol specified
    No protocol specified
    No protocol specified
    No protocol specified
    No protocol specified
Flavors: r-release-osx-x86_64, r-oldrel-osx-x86_64

Version: 2.1
Check: Rd \usage sections
Result: NOTE
    No protocol specified
    No protocol specified
    The \usage entries for S3 methods should use the \method markup and not
    their full name.
    See chapter ‘Writing R documentation files’ in the ‘Writing R
    Extensions’ manual.
Flavors: r-release-osx-x86_64, r-oldrel-osx-x86_64