CRAN Package Check Results for Package FSinR

Last updated on 2020-01-27 00:48:03 CET.

Flavor Version Tinstall Tcheck Ttotal Status Flags
r-devel-linux-x86_64-debian-clang 1.0.6 17.38 351.60 368.98 OK
r-devel-linux-x86_64-debian-gcc 1.0.6 14.66 259.06 273.72 OK
r-devel-linux-x86_64-fedora-clang 1.0.6 430.62 NOTE
r-devel-linux-x86_64-fedora-gcc 1.0.6 424.04 NOTE
r-devel-windows-ix86+x86_64 1.0.6 56.00 482.00 538.00 OK
r-devel-windows-ix86+x86_64-gcc8 1.0.6 56.00 470.00 526.00 OK
r-patched-linux-x86_64 1.0.6 14.73 311.83 326.56 OK
r-patched-solaris-x86 1.0.6 483.50 NOTE
r-release-linux-x86_64 1.0.6 15.22 317.89 333.11 OK
r-release-windows-ix86+x86_64 1.0.6 27.00 307.00 334.00 OK
r-release-osx-x86_64 1.0.6 NOTE
r-oldrel-windows-ix86+x86_64 1.0.6 19.00 303.00 322.00 OK
r-oldrel-osx-x86_64 1.0.6 NOTE

Check Details

Version: 1.0.6
Check: dependencies in R code
Result: NOTE
    Namespaces in Imports field not imported from:
     ‘Rdpack’ ‘class’ ‘mlbench’ ‘neuralnet’ ‘rpart’
     All declared Imports should be used.
Flavors: r-devel-linux-x86_64-fedora-clang, r-devel-linux-x86_64-fedora-gcc, r-patched-solaris-x86, r-release-osx-x86_64, r-oldrel-osx-x86_64