CRAN Package Check Results for Package FSA

Last updated on 2020-01-27 00:48:03 CET.

Flavor Version Tinstall Tcheck Ttotal Status Flags
r-devel-linux-x86_64-debian-clang 0.8.26 15.38 146.00 161.38 OK
r-devel-linux-x86_64-debian-gcc 0.8.26 13.10 105.46 118.56 OK
r-devel-linux-x86_64-fedora-clang 0.8.26 192.29 WARN
r-devel-linux-x86_64-fedora-gcc 0.8.26 189.70 OK
r-devel-windows-ix86+x86_64 0.8.26 42.00 227.00 269.00 OK
r-devel-windows-ix86+x86_64-gcc8 0.8.26 41.00 213.00 254.00 OK
r-patched-linux-x86_64 0.8.26 14.22 129.03 143.25 OK
r-patched-solaris-x86 0.8.26 216.00 NOTE
r-release-linux-x86_64 0.8.26 12.60 129.02 141.62 OK
r-release-windows-ix86+x86_64 0.8.26 20.00 131.00 151.00 OK
r-release-osx-x86_64 0.8.26 OK
r-oldrel-windows-ix86+x86_64 0.8.26 15.00 126.00 141.00 OK
r-oldrel-osx-x86_64 0.8.26 OK

Check Details

Version: 0.8.26
Check: package dependencies
Result: WARN
    Requires orphaned package: ‘gplots’
Flavor: r-devel-linux-x86_64-fedora-clang

Version: 0.8.26
Check: Rd cross-references
Result: NOTE
    Package unavailable to check Rd xrefs: ‘RMark’
Flavor: r-patched-solaris-x86