CRAN Package Check Results for Package FAOSTAT

Last updated on 2020-01-27 00:48:02 CET.

Flavor Version Tinstall Tcheck Ttotal Status Flags
r-devel-linux-x86_64-debian-clang 2.0 6.59 52.58 59.17 NOTE
r-devel-linux-x86_64-debian-gcc 2.0 5.12 40.32 45.44 NOTE
r-devel-linux-x86_64-fedora-clang 2.0 75.86 NOTE
r-devel-linux-x86_64-fedora-gcc 2.0 72.83 NOTE
r-devel-windows-ix86+x86_64 2.0 15.00 113.00 128.00 NOTE
r-devel-windows-ix86+x86_64-gcc8 2.0 19.00 101.00 120.00 NOTE
r-patched-linux-x86_64 2.0 5.08 47.14 52.22 NOTE
r-patched-solaris-x86 2.0 94.00 NOTE
r-release-linux-x86_64 2.0 4.39 47.26 51.65 NOTE
r-release-windows-ix86+x86_64 2.0 12.00 72.00 84.00 NOTE
r-release-osx-x86_64 2.0 NOTE
r-oldrel-windows-ix86+x86_64 2.0 7.00 61.00 68.00 NOTE
r-oldrel-osx-x86_64 2.0 NOTE

Check Details

Version: 2.0
Check: R code for possible problems
Result: NOTE
    Aggregation : foo: no visible global function definition for
     'weighted.mean'
    Aggregation: no visible global function definition for 'txtProgressBar'
    Aggregation: no visible global function definition for
     'setTxtProgressBar'
    constructSYB: no visible global function definition for 'str'
    fillCountryCode: no visible global function definition for 'na.omit'
    getFAO: no visible global function definition for 'read.csv'
    getWDImetaData: no visible global function definition for 'write.csv'
    getWDItoSYB: no visible global function definition for 'na.omit'
    lsgr: no visible global function definition for 'na.omit'
    lsgr: no visible global function definition for 'coef'
    lsgr: no visible global function definition for 'lm'
    Undefined global functions or variables:
     coef lm na.omit read.csv setTxtProgressBar str txtProgressBar
     weighted.mean write.csv
    Consider adding
     importFrom("stats", "coef", "lm", "na.omit", "weighted.mean")
     importFrom("utils", "read.csv", "setTxtProgressBar", "str",
     "txtProgressBar", "write.csv")
    to your NAMESPACE file.
Flavors: r-devel-linux-x86_64-debian-clang, r-devel-linux-x86_64-debian-gcc, r-devel-linux-x86_64-fedora-clang, r-devel-linux-x86_64-fedora-gcc, r-devel-windows-ix86+x86_64, r-devel-windows-ix86+x86_64-gcc8, r-patched-linux-x86_64, r-patched-solaris-x86, r-release-linux-x86_64, r-release-windows-ix86+x86_64, r-release-osx-x86_64, r-oldrel-windows-ix86+x86_64, r-oldrel-osx-x86_64

Version: 2.0
Check: data for non-ASCII characters
Result: NOTE
     Note: found 179 marked UTF-8 strings
Flavors: r-devel-linux-x86_64-fedora-clang, r-devel-linux-x86_64-fedora-gcc, r-patched-solaris-x86, r-release-osx-x86_64, r-oldrel-osx-x86_64