CRAN Package Check Results for Package EMAtools

Last updated on 2020-01-27 00:48:02 CET.

Flavor Version Tinstall Tcheck Ttotal Status Flags
r-devel-linux-x86_64-debian-clang 0.1.3 12.33 98.62 110.95 OK
r-devel-linux-x86_64-debian-gcc 0.1.3 10.94 75.79 86.73 OK
r-devel-linux-x86_64-fedora-clang 0.1.3 134.60 OK
r-devel-linux-x86_64-fedora-gcc 0.1.3 133.37 OK
r-devel-windows-ix86+x86_64 0.1.3 46.00 155.00 201.00 OK
r-devel-windows-ix86+x86_64-gcc8 0.1.3 50.00 109.00 159.00 OK
r-patched-linux-x86_64 0.1.3 10.06 85.06 95.12 OK
r-patched-solaris-x86 0.1.3 168.70 OK
r-release-linux-x86_64 0.1.3 10.84 85.33 96.17 OK
r-release-windows-ix86+x86_64 0.1.3 4.00 5.00 9.00 ERROR
r-release-osx-x86_64 0.1.3 OK
r-oldrel-windows-ix86+x86_64 0.1.3 14.00 97.00 111.00 OK
r-oldrel-osx-x86_64 0.1.3 OK

Check Details

Version: 0.1.3
Check: whether package can be installed
Result: ERROR
    Installation failed.
Flavor: r-release-windows-ix86+x86_64