CRAN Package Check Results for Package EGAnet

Last updated on 2020-01-27 00:48:02 CET.

Flavor Version Tinstall Tcheck Ttotal Status Flags
r-devel-linux-x86_64-debian-clang 0.9.0 14.31 180.55 194.86 OK
r-devel-linux-x86_64-debian-gcc 0.9.0 10.81 133.70 144.51 OK
r-devel-linux-x86_64-fedora-clang 0.9.0 233.67 NOTE
r-devel-linux-x86_64-fedora-gcc 0.9.0 224.85 NOTE
r-devel-windows-ix86+x86_64 0.9.0 52.00 271.00 323.00 OK
r-devel-windows-ix86+x86_64-gcc8 0.9.0 50.00 276.00 326.00 OK
r-patched-linux-x86_64 0.9.0 12.78 155.43 168.21 OK
r-patched-solaris-x86 0.9.0 314.60 NOTE
r-release-linux-x86_64 0.9.0 11.88 154.31 166.19 OK
r-release-windows-ix86+x86_64 0.9.0 31.00 185.00 216.00 OK
r-release-osx-x86_64 0.9.0 NOTE
r-oldrel-windows-ix86+x86_64 0.9.0 37.00 268.00 305.00 OK
r-oldrel-osx-x86_64 0.9.0 NOTE

Check Details

Version: 0.9.0
Check: package dependencies
Result: NOTE
    Imports includes 27 non-default packages.
    Importing from so many packages makes the package vulnerable to any of
    them becoming unavailable. Move as many as possible to Suggests and
    use conditionally.
Flavor: r-devel-linux-x86_64-fedora-clang

Version: 0.9.0
Check: dependencies in R code
Result: NOTE
    Namespaces in Imports field not imported from:
     ‘doParallel’ ‘foreach’ ‘psych’ ‘psychTools’ ‘tidyselect’
     All declared Imports should be used.
Flavors: r-devel-linux-x86_64-fedora-clang, r-devel-linux-x86_64-fedora-gcc, r-patched-solaris-x86, r-release-osx-x86_64, r-oldrel-osx-x86_64