CRAN Package Check Results for Package E4tools

Last updated on 2020-01-27 00:48:01 CET.

Flavor Version Tinstall Tcheck Ttotal Status Flags
r-devel-linux-x86_64-debian-clang 0.1.1 5.47 45.21 50.68 OK
r-devel-linux-x86_64-debian-gcc 0.1.1 3.83 35.05 38.88 OK
r-devel-linux-x86_64-fedora-clang 0.1.1 61.47 NOTE
r-devel-linux-x86_64-fedora-gcc 0.1.1 61.80 NOTE
r-devel-windows-ix86+x86_64 0.1.1 20.00 88.00 108.00 OK
r-devel-windows-ix86+x86_64-gcc8 0.1.1 20.00 86.00 106.00 OK
r-patched-linux-x86_64 0.1.1 4.67 41.29 45.96 OK
r-patched-solaris-x86 0.1.1 83.60 NOTE
r-release-linux-x86_64 0.1.1 4.70 40.76 45.46 OK
r-release-windows-ix86+x86_64 0.1.1 9.00 59.00 68.00 OK
r-release-osx-x86_64 0.1.1 NOTE
r-oldrel-windows-ix86+x86_64 0.1.1 7.00 51.00 58.00 OK
r-oldrel-osx-x86_64 0.1.1 NOTE

Check Details

Version: 0.1.1
Check: installed package size
Result: NOTE
     installed size is 5.1Mb
     sub-directories of 1Mb or more:
     extdata 4.8Mb
Flavors: r-devel-linux-x86_64-fedora-clang, r-patched-solaris-x86

Version: 0.1.1
Check: dependencies in R code
Result: NOTE
    Namespace in Imports field not imported from: ‘hms’
     All declared Imports should be used.
Flavors: r-devel-linux-x86_64-fedora-clang, r-devel-linux-x86_64-fedora-gcc, r-patched-solaris-x86, r-release-osx-x86_64, r-oldrel-osx-x86_64