CRAN Package Check Results for Package DoE.wrapper

Last updated on 2020-01-27 00:48:01 CET.

Flavor Version Tinstall Tcheck Ttotal Status Flags
r-devel-linux-x86_64-debian-clang 0.11 7.08 94.31 101.39 OK
r-devel-linux-x86_64-debian-gcc 0.11 0.27 1.78 2.05 ERROR
r-devel-linux-x86_64-fedora-clang 0.11 120.37 OK
r-devel-linux-x86_64-fedora-gcc 0.11 117.44 OK
r-devel-windows-ix86+x86_64 0.11 27.00 151.00 178.00 OK
r-devel-windows-ix86+x86_64-gcc8 0.11 27.00 102.00 129.00 OK
r-patched-linux-x86_64 0.11 5.19 84.03 89.22 OK
r-patched-solaris-x86 0.11 150.00 OK
r-release-linux-x86_64 0.11 5.98 83.16 89.14 OK
r-release-windows-ix86+x86_64 0.11 17.00 96.00 113.00 OK
r-release-osx-x86_64 0.11 OK
r-oldrel-windows-ix86+x86_64 0.11 11.00 85.00 96.00 OK
r-oldrel-osx-x86_64 0.11 OK

Check Details

Version: 0.11
Check: package dependencies
Result: ERROR
    Package required but not available: ‘FrF2’
    
    See section ‘The DESCRIPTION file’ in the ‘Writing R Extensions’
    manual.
Flavor: r-devel-linux-x86_64-debian-gcc