Last updated on 2020-01-27 00:48:01 CET.
Flavor | Version | Tinstall | Tcheck | Ttotal | Status | Flags |
---|---|---|---|---|---|---|
r-devel-linux-x86_64-debian-clang | 1.3-2 | 6.86 | 84.13 | 90.99 | OK | |
r-devel-linux-x86_64-debian-gcc | 1.3-2 | 5.19 | 63.40 | 68.59 | OK | |
r-devel-linux-x86_64-fedora-clang | 1.3-2 | 106.09 | OK | |||
r-devel-linux-x86_64-fedora-gcc | 1.3-2 | 103.00 | OK | |||
r-devel-windows-ix86+x86_64 | 1.3-2 | 32.00 | 141.00 | 173.00 | OK | |
r-devel-windows-ix86+x86_64-gcc8 | 1.3-2 | 24.00 | 101.00 | 125.00 | OK | |
r-patched-linux-x86_64 | 1.3-2 | 5.28 | 72.58 | 77.86 | OK | |
r-patched-solaris-x86 | 1.3-2 | 115.40 | OK | |||
r-release-linux-x86_64 | 1.3-2 | 5.31 | 72.83 | 78.14 | OK | |
r-release-windows-ix86+x86_64 | 1.3-2 | 11.00 | 83.00 | 94.00 | OK | |
r-release-osx-x86_64 | 1.3-2 | WARN | ||||
r-oldrel-windows-ix86+x86_64 | 1.3-2 | 6.00 | 79.00 | 85.00 | OK | |
r-oldrel-osx-x86_64 | 1.3-2 | OK |
Version: 1.3-2
Check: whether package can be installed
Result: WARN
Found the following significant warnings:
Warning: 'rgl_init' failed, running with rgl.useNULL = TRUE
Flavor: r-release-osx-x86_64