Last updated on 2020-01-27 00:48:01 CET.
Flavor | Version | Tinstall | Tcheck | Ttotal | Status | Flags |
---|---|---|---|---|---|---|
r-devel-linux-x86_64-debian-clang | 1.4 | 3.55 | 30.55 | 34.10 | NOTE | |
r-devel-linux-x86_64-debian-gcc | 1.4 | 3.00 | 24.00 | 27.00 | NOTE | |
r-devel-linux-x86_64-fedora-clang | 1.4 | 41.25 | NOTE | |||
r-devel-linux-x86_64-fedora-gcc | 1.4 | 41.71 | NOTE | |||
r-devel-windows-ix86+x86_64 | 1.4 | 10.00 | 60.00 | 70.00 | NOTE | |
r-devel-windows-ix86+x86_64-gcc8 | 1.4 | 10.00 | 64.00 | 74.00 | NOTE | |
r-patched-linux-x86_64 | 1.4 | 3.01 | 28.13 | 31.14 | NOTE | |
r-patched-solaris-x86 | 1.4 | 55.30 | NOTE | |||
r-release-linux-x86_64 | 1.4 | 3.22 | 27.70 | 30.92 | NOTE | |
r-release-windows-ix86+x86_64 | 1.4 | 6.00 | 45.00 | 51.00 | NOTE | |
r-release-osx-x86_64 | 1.4 | NOTE | ||||
r-oldrel-windows-ix86+x86_64 | 1.4 | 3.00 | 49.00 | 52.00 | NOTE | |
r-oldrel-osx-x86_64 | 1.4 | NOTE |
Version: 1.4
Check: R code for possible problems
Result: NOTE
RMA: no visible global function definition for 'sd'
foldsComposition: no visible global function definition for 'runif'
formulaAm: no visible global function definition for 'as.formula'
formulaLm: no visible global function definition for 'as.formula'
modelComparison: no visible global function definition for 'par'
modelComparison: no visible global function definition for 'dotchart'
modelComparison: no visible global function definition for 'axis'
modelComparison: no visible global function definition for 'abline'
modelComparison: no visible global function definition for 'axTicks'
modelFit: no visible global function definition for 'as.formula'
modelFit: no visible global function definition for 'lm'
modelFit: no visible global function definition for 'step'
penaltyPolyMARS: no visible global function definition for 'par'
penaltyPolyMARS: no visible global function definition for 'axis'
penaltyPolyMARS: no visible global function definition for 'mtext'
residualsStudy: no visible global function definition for 'par'
residualsStudy: no visible global function definition for 'hist'
residualsStudy: no visible global function definition for 'density'
residualsStudy: no visible global function definition for 'lines'
residualsStudy: no visible global function definition for 'title'
stepEvolution: no visible global function definition for 'polygon'
stepEvolution: no visible global function definition for 'text'
stepEvolution: no visible global function definition for 'par'
stepEvolution: no visible global function definition for 'axis'
stepEvolution: no visible global function definition for 'mtext'
testCrossValidation: no visible global function definition for 'par'
Undefined global functions or variables:
abline as.formula axTicks axis density dotchart hist lines lm mtext
par polygon runif sd step text title
Consider adding
importFrom("graphics", "abline", "axTicks", "axis", "dotchart", "hist",
"lines", "mtext", "par", "polygon", "text", "title")
importFrom("stats", "as.formula", "density", "lm", "runif", "sd",
"step")
to your NAMESPACE file.
Flavors: r-devel-linux-x86_64-debian-clang, r-devel-linux-x86_64-debian-gcc, r-devel-linux-x86_64-fedora-clang, r-devel-linux-x86_64-fedora-gcc, r-devel-windows-ix86+x86_64, r-devel-windows-ix86+x86_64-gcc8, r-patched-linux-x86_64, r-patched-solaris-x86, r-release-linux-x86_64, r-release-windows-ix86+x86_64, r-release-osx-x86_64, r-oldrel-windows-ix86+x86_64, r-oldrel-osx-x86_64