CRAN Package Check Results for Package DiagrammeR

Last updated on 2020-01-27 00:48:01 CET.

Flavor Version Tinstall Tcheck Ttotal Status Flags
r-devel-linux-x86_64-debian-clang 1.0.5 21.13 224.61 245.74 OK
r-devel-linux-x86_64-debian-gcc 1.0.5 20.45 170.34 190.79 OK
r-devel-linux-x86_64-fedora-clang 1.0.5 286.52 NOTE
r-devel-linux-x86_64-fedora-gcc 1.0.5 301.99 NOTE
r-devel-windows-ix86+x86_64 1.0.5 53.00 359.00 412.00 NOTE
r-devel-windows-ix86+x86_64-gcc8 1.0.5 53.00 368.00 421.00 NOTE
r-patched-linux-x86_64 1.0.5 18.93 202.70 221.63 OK
r-patched-solaris-x86 1.0.5 302.20 WARN
r-release-linux-x86_64 1.0.5 18.25 201.87 220.12 OK
r-release-windows-ix86+x86_64 1.0.5 33.00 249.00 282.00 NOTE
r-release-osx-x86_64 1.0.5 WARN
r-oldrel-windows-ix86+x86_64 1.0.5 33.00 205.00 238.00 NOTE
r-oldrel-osx-x86_64 1.0.5 WARN

Check Details

Version: 1.0.5
Check: installed package size
Result: NOTE
     installed size is 17.1Mb
     sub-directories of 1Mb or more:
     doc 9.7Mb
     htmlwidgets 5.9Mb
Flavors: r-devel-linux-x86_64-fedora-clang, r-devel-windows-ix86+x86_64, r-devel-windows-ix86+x86_64-gcc8, r-patched-solaris-x86, r-release-windows-ix86+x86_64, r-release-osx-x86_64, r-oldrel-windows-ix86+x86_64, r-oldrel-osx-x86_64

Version: 1.0.5
Check: data for non-ASCII characters
Result: NOTE
     Note: found 1 marked UTF-8 string
Flavors: r-devel-linux-x86_64-fedora-clang, r-devel-linux-x86_64-fedora-gcc, r-patched-solaris-x86, r-release-osx-x86_64, r-oldrel-osx-x86_64

Version: 1.0.5
Check: package dependencies
Result: NOTE
    Package suggested but not available for checking: ‘rsvg’
Flavor: r-patched-solaris-x86

Version: 1.0.5
Check: re-building of vignette outputs
Result: WARN
    Error(s) in re-building vignettes:
     ...
    --- re-building ‘graphviz-mermaid.Rmd’ using rmarkdown
    Warning in engine$weave(file, quiet = quiet, encoding = enc) :
     Pandoc (>= 1.12.3) and/or pandoc-citeproc not available. Falling back to R Markdown v1.
    Quitting from lines 57-79 (graphviz-mermaid.Rmd)
    Error: processing vignette 'graphviz-mermaid.Rmd' failed with diagnostics:
    there is no package called 'webshot'
    --- failed re-building ‘graphviz-mermaid.Rmd’
    
    --- re-building ‘node-edge-data-frames.Rmd’ using rmarkdown
    Warning in engine$weave(file, quiet = quiet, encoding = enc) :
     Pandoc (>= 1.12.3) and/or pandoc-citeproc not available. Falling back to R Markdown v1.
    --- finished re-building ‘node-edge-data-frames.Rmd’
    
    --- re-building ‘selections.Rmd’ using rmarkdown
    Warning in engine$weave(file, quiet = quiet, encoding = enc) :
     Pandoc (>= 1.12.3) and/or pandoc-citeproc not available. Falling back to R Markdown v1.
    Quitting from lines 317-356 (selections.Rmd)
    Error: processing vignette 'selections.Rmd' failed with diagnostics:
    there is no package called 'webshot'
    --- failed re-building ‘selections.Rmd’
    
    --- re-building ‘simple-graphs-ndfs-edfs.Rmd’ using rmarkdown
    Warning in engine$weave(file, quiet = quiet, encoding = enc) :
     Pandoc (>= 1.12.3) and/or pandoc-citeproc not available. Falling back to R Markdown v1.
    Quitting from lines 165-166 (simple-graphs-ndfs-edfs.Rmd)
    Error: processing vignette 'simple-graphs-ndfs-edfs.Rmd' failed with diagnostics:
    there is no package called 'webshot'
    --- failed re-building ‘simple-graphs-ndfs-edfs.Rmd’
    
    --- re-building ‘traversals.Rmd’ using rmarkdown
    Warning in engine$weave(file, quiet = quiet, encoding = enc) :
     Pandoc (>= 1.12.3) and/or pandoc-citeproc not available. Falling back to R Markdown v1.
    Quitting from lines 102-116 (traversals.Rmd)
    Error: processing vignette 'traversals.Rmd' failed with diagnostics:
    there is no package called 'webshot'
    --- failed re-building ‘traversals.Rmd’
    
    SUMMARY: processing the following files failed:
     ‘graphviz-mermaid.Rmd’ ‘selections.Rmd’ ‘simple-graphs-ndfs-edfs.Rmd’
     ‘traversals.Rmd’
    
    Error: Vignette re-building failed.
    Execution halted
Flavor: r-patched-solaris-x86

Version: 1.0.5
Check: re-building of vignette outputs
Result: WARN
    Error(s) in re-building vignettes:
    --- re-building ‘graphviz-mermaid.Rmd’ using rmarkdown
    Warning in engine$weave(file, quiet = quiet, encoding = enc) :
     Pandoc (>= 1.12.3) and/or pandoc-citeproc not available. Falling back to R Markdown v1.
    Quitting from lines 57-79 (graphviz-mermaid.Rmd)
    Error: processing vignette 'graphviz-mermaid.Rmd' failed with diagnostics:
    cannot open the connection
    --- failed re-building ‘graphviz-mermaid.Rmd’
    
    --- re-building ‘node-edge-data-frames.Rmd’ using rmarkdown
    Warning in engine$weave(file, quiet = quiet, encoding = enc) :
     Pandoc (>= 1.12.3) and/or pandoc-citeproc not available. Falling back to R Markdown v1.
    --- finished re-building ‘node-edge-data-frames.Rmd’
    
    --- re-building ‘selections.Rmd’ using rmarkdown
    Warning in engine$weave(file, quiet = quiet, encoding = enc) :
     Pandoc (>= 1.12.3) and/or pandoc-citeproc not available. Falling back to R Markdown v1.
    Quitting from lines 317-356 (selections.Rmd)
    Error: processing vignette 'selections.Rmd' failed with diagnostics:
    cannot open the connection
    --- failed re-building ‘selections.Rmd’
    
    --- re-building ‘simple-graphs-ndfs-edfs.Rmd’ using rmarkdown
    Warning in engine$weave(file, quiet = quiet, encoding = enc) :
     Pandoc (>= 1.12.3) and/or pandoc-citeproc not available. Falling back to R Markdown v1.
    Quitting from lines 165-166 (simple-graphs-ndfs-edfs.Rmd)
    Error: processing vignette 'simple-graphs-ndfs-edfs.Rmd' failed with diagnostics:
    cannot open the connection
    --- failed re-building ‘simple-graphs-ndfs-edfs.Rmd’
    
    --- re-building ‘traversals.Rmd’ using rmarkdown
    Warning in engine$weave(file, quiet = quiet, encoding = enc) :
     Pandoc (>= 1.12.3) and/or pandoc-citeproc not available. Falling back to R Markdown v1.
    Quitting from lines 102-116 (traversals.Rmd)
    Error: processing vignette 'traversals.Rmd' failed with diagnostics:
    cannot open the connection
    --- failed re-building ‘traversals.Rmd’
    
    SUMMARY: processing the following files failed:
     ‘graphviz-mermaid.Rmd’ ‘selections.Rmd’ ‘simple-graphs-ndfs-edfs.Rmd’
     ‘traversals.Rmd’
    
    Error: Vignette re-building failed.
    Execution halted
Flavor: r-release-osx-x86_64

Version: 1.0.5
Check: re-building of vignette outputs
Result: WARN
    Error in re-building vignettes:
     ...
    Warning in engine$weave(file, quiet = quiet, encoding = enc) :
     Pandoc (>= 1.12.3) and/or pandoc-citeproc not available. Falling back to R Markdown v1.
    Quitting from lines 57-79 (graphviz-mermaid.Rmd)
    Error: processing vignette 'graphviz-mermaid.Rmd' failed with diagnostics:
    cannot open the connection
    Execution halted
Flavor: r-oldrel-osx-x86_64