CRAN Package Check Results for Package DetR

Last updated on 2020-01-27 00:48:01 CET.

Flavor Version Tinstall Tcheck Ttotal Status Flags
r-devel-linux-x86_64-debian-clang 0.0.5 52.57 34.82 87.39 OK
r-devel-linux-x86_64-debian-gcc 0.0.5 44.54 29.10 73.64 OK
r-devel-linux-x86_64-fedora-clang 0.0.5 119.93 NOTE
r-devel-linux-x86_64-fedora-gcc 0.0.5 119.28 OK
r-devel-windows-ix86+x86_64 0.0.5 115.00 98.00 213.00 OK
r-devel-windows-ix86+x86_64-gcc8 0.0.5 112.00 69.00 181.00 OK
r-patched-linux-x86_64 0.0.5 50.34 34.10 84.44 OK
r-patched-solaris-x86 0.0.5 106.50 OK
r-release-linux-x86_64 0.0.5 46.79 33.31 80.10 OK
r-release-windows-ix86+x86_64 0.0.5 75.00 62.00 137.00 OK
r-release-osx-x86_64 0.0.5 NOTE
r-oldrel-windows-ix86+x86_64 0.0.5 71.00 58.00 129.00 OK
r-oldrel-osx-x86_64 0.0.5 NOTE

Check Details

Version: 0.0.5
Check: installed package size
Result: NOTE
     installed size is 18.6Mb
     sub-directories of 1Mb or more:
     libs 17.8Mb
Flavors: r-devel-linux-x86_64-fedora-clang, r-release-osx-x86_64, r-oldrel-osx-x86_64