CRAN Package Check Results for Package Demerelate

Last updated on 2020-01-27 00:48:01 CET.

Flavor Version Tinstall Tcheck Ttotal Status Flags
r-devel-linux-x86_64-debian-clang 0.9-3 12.34 79.50 91.84 OK
r-devel-linux-x86_64-debian-gcc 0.9-3 0.36 1.68 2.04 ERROR
r-devel-linux-x86_64-fedora-clang 0.9-3 110.73 OK
r-devel-linux-x86_64-fedora-gcc 0.9-3 113.55 OK
r-devel-windows-ix86+x86_64 0.9-3 28.00 131.00 159.00 OK
r-devel-windows-ix86+x86_64-gcc8 0.9-3 27.00 94.00 121.00 OK
r-patched-linux-x86_64 0.9-3 10.04 71.99 82.03 OK
r-patched-solaris-x86 0.9-3 146.80 OK
r-release-linux-x86_64 0.9-3 9.34 70.65 79.99 OK
r-release-windows-ix86+x86_64 0.9-3 15.00 86.00 101.00 OK
r-release-osx-x86_64 0.9-3 OK
r-oldrel-windows-ix86+x86_64 0.9-3 10.00 76.00 86.00 OK
r-oldrel-osx-x86_64 0.9-3 OK

Check Details

Version: 0.9-3
Check: package dependencies
Result: ERROR
    Package required but not available: ‘sfsmisc’
    
    See section ‘The DESCRIPTION file’ in the ‘Writing R Extensions’
    manual.
Flavor: r-devel-linux-x86_64-debian-gcc