CRAN Package Check Results for Package DealGPL570

Last updated on 2020-01-27 00:48:00 CET.

Flavor Version Tinstall Tcheck Ttotal Status Flags
r-devel-linux-x86_64-debian-clang 0.2.0 8.09 64.83 72.92 OK
r-devel-linux-x86_64-debian-gcc 0.2.0 6.48 49.96 56.44 OK
r-devel-linux-x86_64-fedora-clang 0.2.0 86.95 OK
r-devel-linux-x86_64-fedora-gcc 0.2.0 89.34 OK
r-devel-windows-ix86+x86_64 0.2.0 25.00 115.00 140.00 OK
r-devel-windows-ix86+x86_64-gcc8 0.2.0 25.00 113.00 138.00 OK
r-patched-linux-x86_64 0.2.0 6.91 57.66 64.57 OK
r-patched-solaris-x86 0.2.0 117.70 OK
r-release-linux-x86_64 0.2.0 7.24 56.40 63.64 OK
r-release-windows-ix86+x86_64 0.2.0 3.00 6.00 9.00 ERROR
r-release-osx-x86_64 0.2.0 OK
r-oldrel-windows-ix86+x86_64 0.2.0 9.00 66.00 75.00 OK
r-oldrel-osx-x86_64 0.2.0 OK

Check Details

Version: 0.2.0
Check: whether package can be installed
Result: ERROR
    Installation failed.
Flavor: r-release-windows-ix86+x86_64