CRAN Package Check Results for Package DataPackageR

Last updated on 2020-01-27 00:48:00 CET.

Flavor Version Tinstall Tcheck Ttotal Status Flags
r-devel-linux-x86_64-debian-clang 0.15.7 9.41 177.15 186.56 OK
r-devel-linux-x86_64-debian-gcc 0.15.7 6.75 138.24 144.99 OK
r-devel-linux-x86_64-fedora-clang 0.15.7 220.25 OK
r-devel-linux-x86_64-fedora-gcc 0.15.7 224.65 OK
r-devel-windows-ix86+x86_64 0.15.7 38.00 330.00 368.00 ERROR
r-devel-windows-ix86+x86_64-gcc8 0.15.7 37.00 317.00 354.00 ERROR
r-patched-linux-x86_64 0.15.7 6.80 158.93 165.73 OK
r-patched-solaris-x86 0.15.7 118.00 OK
r-release-linux-x86_64 0.15.7 7.67 157.30 164.97 OK
r-release-windows-ix86+x86_64 0.15.7 19.00 229.00 248.00 OK
r-release-osx-x86_64 0.15.7 OK
r-oldrel-windows-ix86+x86_64 0.15.7 12.00 202.00 214.00 OK
r-oldrel-osx-x86_64 0.15.7 OK

Check Details

Version: 0.15.7
Check: tests
Result: ERROR
     Running 'spelling.R' [1s]
     Running 'testthat.R' [141s]
    Running the tests in 'tests/testthat.R' failed.
    Complete output:
     > library(testthat)
     > library(DataPackageR)
     > options("DataPackageR_interact" = FALSE)
     > # Test only if pandoc is available.
     > if (rmarkdown::pandoc_available()) {
     + test_check("DataPackageR")
     + }
     v Creating 'D:/temp/RtmpGm8mG9/subsetCars/'
     v Setting active project to 'D:/temp/RtmpGm8mG9/subsetCars'
     v Creating 'R/'
     v Writing 'DESCRIPTION'
     Package: subsetCars
     Title: What the Package Does (One Line, Title Case)
     Version: 0.0.0.9000
     Authors@R (parsed):
     * First Last <first.last@example.com> [aut, cre] (YOUR-ORCID-ID)
     Description: What the package does (one paragraph).
     License: What license it uses
     Encoding: UTF-8
     LazyData: true
     v Writing 'NAMESPACE'
     v Setting active project to '<no active project>'
     v Setting active project to 'D:/temp/RtmpGm8mG9/subsetCars'
     <U+2714> Added DataVersion string to 'DESCRIPTION'
     v Creating 'data-raw/'
     v Creating 'data/'
     v Creating 'inst/extdata/'
     <U+2714> Copied subsetCars.Rmd into 'data-raw'
     <U+2714> configured 'datapackager.yml' file
    
     <U+2714> 1 data set(s) created by subsetCars.Rmd
     <c2><95> cars_over_20
     <U+2618> Built all datasets!
     Non-interactive NEWS.md file update.
    
     v Creating 'vignettes/'
     v Creating 'inst/doc/'
     Writing NAMESPACE
     Writing subsetCars.Rd
     Writing cars_over_20.Rd
    
    
    
     checking for file 'D:\temp\RtmpGm8mG9\subsetCars/DESCRIPTION' ...
    
     checking for file 'D:\temp\RtmpGm8mG9\subsetCars/DESCRIPTION' ...
    
     v checking for file 'D:\temp\RtmpGm8mG9\subsetCars/DESCRIPTION' (687ms)
    
    
    
    
     - preparing 'subsetCars':
     checking DESCRIPTION meta-information ...
    
     checking DESCRIPTION meta-information ...
    
     v checking DESCRIPTION meta-information
    
    
    
    
     - checking for LF line-endings in source and make files and shell scripts (359ms)
    
    
     - checking for empty or unneeded directories
    
    
     NB: this package now depends on R (>=
    
     NB: this package now depends on R (>= 3.5.0)
    
    
     WARNING: Added dependency on R >= 3.5.0 because serialized objects in serialize/load version 3 cannot be read in older versions of R. File(s) containing such objects: 'subsetCars/data/cars_over_20.rda'
     - building 'subsetCars_1.0.tar.gz'
    
    
    
    
     Next Steps
     1. Update your package documentation.
     - Edit the documentation.R file in the package source data-raw subdirectory and update the roxygen markup.
     - Rebuild the package documentation with document() .
     2. Add your package to source control.
     - Call git init . in the package source root directory.
     - git add the package files.
     - git commit your new package.
     - Set up a github repository for your pacakge.
     - Add the github repository as a remote of your local package repository.
     - git push your local repository to gitub.
    
     <U+2714> 1 data set(s) created by subsetCars.Rmd
     <c2><95> cars_over_20
     <U+2618> Built all datasets!
    
     Writing NAMESPACE
     Writing subsetCars.Rd
     Writing cars_over_20.Rd
    
    
    
     checking for file 'D:\temp\RtmpGm8mG9\subsetCars/DESCRIPTION' ...
    
     checking for file 'D:\temp\RtmpGm8mG9\subsetCars/DESCRIPTION' ...
    
     v checking for file 'D:\temp\RtmpGm8mG9\subsetCars/DESCRIPTION' (749ms)
    
    
    
    
     - preparing 'subsetCars':
     checking DESCRIPTION meta-information ...
    
     checking DESCRIPTION meta-information ...
    
     v checking DESCRIPTION meta-information
    
    
    
    
     - checking for LF line-endings in source and make files and shell scripts (375ms)
    
    
     - checking for empty or unneeded directories
    
    
     NB: this package now depends on R (>=
    
     NB: this package now depends on R (>= 3.5.0)
     WARNING: Added dependency on R >= 3.5.0 because serialized objects in serialize/load version 3 cannot be read in older versions of R. File(s) containing such objects: 'subsetCars/data/cars_over_20.rda'
    
    
     - building 'subsetCars_1.0.tar.gz'
    
    
    
    
     Next Steps
     1. Update your package documentation.
     - Edit the documentation.R file in the package source data-raw subdirectory and update the roxygen markup.
     - Rebuild the package documentation with document() .
     2. Add your package to source control.
     - Call git init . in the package source root directory.
     - git add the package files.
     - git commit your new package.
     - Set up a github repository for your pacakge.
     - Add the github repository as a remote of your local package repository.
     - git push your local repository to gitub.
     FATAL [2020-01-21 17:01:09] Non existent package subsetCars
     v Creating './'
     v Creating 'R/'
     v Writing 'DESCRIPTION'
     Package: subsetCars
     Title: What the Package Does (One Line, Title Case)
     Version: 0.0.0.9000
     Authors@R (parsed):
     * First Last <first.last@example.com> [aut, cre] (YOUR-ORCID-ID)
     Description: What the package does (one paragraph).
     License: What license it uses
     Encoding: UTF-8
     LazyData: true
     v Writing 'NAMESPACE'
     <U+2714> Added DataVersion string to 'DESCRIPTION'
     v Creating 'data-raw/'
     v Creating 'data/'
     v Creating 'inst/extdata/'
     <U+2714> Copied subsetCars.Rmd into 'data-raw'
     <U+2714> Copied extra.rmd into 'data-raw'
     <U+2714> configured 'datapackager.yml' file
    
     <U+2714> 1 data set(s) created by subsetCars.Rmd
     <c2><95> cars_over_20
     <U+2618> Built all datasets!
     <U+2714> 0 data set(s) created by extra.rmd
     <U+2618> Built all datasets!
     Non-interactive NEWS.md file update.
    
     v Creating 'vignettes/'
     v Creating 'inst/doc/'
     Writing NAMESPACE
     Writing subsetCars.Rd
     Writing cars_over_20.Rd
    
    
    
     checking for file 'D:\temp\RtmpGm8mG9\subsetCars/DESCRIPTION' ...
    
     v checking for file 'D:\temp\RtmpGm8mG9\subsetCars/DESCRIPTION' (640ms)
    
    
    
    
     - preparing 'subsetCars':
     checking DESCRIPTION meta-information ...
    
     checking DESCRIPTION meta-information ...
    
     v checking DESCRIPTION meta-information
    
    
    
    
     - checking for LF line-endings in source and make files and shell scripts (359ms)
    
    
     - checking for empty or unneeded directories
    
    
     NB: this package now depends on R (>=
    
     NB: this package now depends on R (>= 3.5.0)
     WARNING: Added dependency on R >= 3.5.0 because serialized objects in serialize/load version 3 cannot be read in older versions of R. File(s) containing such objects: 'subsetCars/data/cars_over_20.rda'
     - building 'subsetCars_1.0.tar.gz'
    
    
    
    
     Next Steps
     1. Update your package documentation.
     - Edit the documentation.R file in the package source data-raw subdirectory and update the roxygen markup.
     - Rebuild the package documentation with document() .
     2. Add your package to source control.
     - Call git init . in the package source root directory.
     - git add the package files.
     - git commit your new package.
     - Set up a github repository for your pacakge.
     - Add the github repository as a remote of your local package repository.
     - git push your local repository to gitub.
     v Setting active project to '<no active project>'
     v Creating 'D:/temp/RtmpGm8mG9/file17a78435428eb/'
     v Setting active project to 'D:/temp/RtmpGm8mG9/file17a78435428eb'
     v Creating 'R/'
     v Writing 'DESCRIPTION'
     Package: file17a78435428eb
     Title: What the Package Does (One Line, Title Case)
     Version: 0.0.0.9000
     Authors@R (parsed):
     * First Last <first.last@example.com> [aut, cre] (YOUR-ORCID-ID)
     Description: What the package does (one paragraph).
     License: What license it uses
     Encoding: UTF-8
     LazyData: true
     v Writing 'NAMESPACE'
     v Setting active project to '<no active project>'
     v Setting active project to 'D:/temp/RtmpGm8mG9/file17a78435428eb'
     <U+2714> Added DataVersion string to 'DESCRIPTION'
     v Creating 'data-raw/'
     v Creating 'data/'
     v Creating 'inst/extdata/'
     <U+2714> Copied foo.Rmd into 'data-raw'
     <U+2714> configured 'datapackager.yml' file
    
     <U+2714> 1 data set(s) created by foo.Rmd
     <c2><95> tbl
     <U+2618> Built all datasets!
     Non-interactive NEWS.md file update.
    
     v Creating 'vignettes/'
     v Creating 'inst/doc/'
     Writing NAMESPACE
     Writing file17a78435428eb.Rd
     Writing tbl.Rd
    
    
    
     checking for file 'D:\temp\RtmpGm8mG9\file17a78435428eb/DESCRIPTION' ...
    
     checking for file 'D:\temp\RtmpGm8mG9\file17a78435428eb/DESCRIPTION' ...
    
     v checking for file 'D:\temp\RtmpGm8mG9\file17a78435428eb/DESCRIPTION' (640ms)
    
    
    
    
     - preparing 'file17a78435428eb':
     checking DESCRIPTION meta-information ...
    
     checking DESCRIPTION meta-information ...
    
     v checking DESCRIPTION meta-information
    
    
    
    
     - checking for LF line-endings in source and make files and shell scripts (344ms)
    
    
     - checking for empty or unneeded directories
    
    
     NB: this package now depends on R (>=
    
     NB: this package now depends on R (>= 3.5.0)
    
    
     WARNING: Added dependency on R >= 3.5.0 because serialized objects in serialize/load version 3 cannot be read in older versions of R. File(s) containing such objects: 'file17a78435428eb/data/tbl.rda'
     - building 'file17a78435428eb_1.0.tar.gz'
    
    
    
    
     Next Steps
     1. Update your package documentation.
     - Edit the documentation.R file in the package source data-raw subdirectory and update the roxygen markup.
     - Rebuild the package documentation with document() .
     2. Add your package to source control.
     - Call git init . in the package source root directory.
     - git add the package files.
     - git commit your new package.
     - Set up a github repository for your pacakge.
     - Add the github repository as a remote of your local package repository.
     - git push your local repository to gitub.
     v Creating 'D:/temp/RtmpGm8mG9/subsetCars/'
     v Setting active project to 'D:/temp/RtmpGm8mG9/subsetCars'
     v Creating 'R/'
     v Writing 'DESCRIPTION'
     Package: subsetCars
     Title: What the Package Does (One Line, Title Case)
     Version: 0.0.0.9000
     Authors@R (parsed):
     * First Last <first.last@example.com> [aut, cre] (YOUR-ORCID-ID)
     Description: What the package does (one paragraph).
     License: What license it uses
     Encoding: UTF-8
     LazyData: true
     v Writing 'NAMESPACE'
     v Setting active project to 'D:/temp/RtmpGm8mG9/file17a78435428eb'
     v Setting active project to 'D:/temp/RtmpGm8mG9/subsetCars'
     <U+2714> Added DataVersion string to 'DESCRIPTION'
     v Creating 'data-raw/'
     v Creating 'data/'
     v Creating 'inst/extdata/'
     <U+2714> Copied subsetCars.Rmd into 'data-raw'
     <U+2714> configured 'datapackager.yml' file
    
     <U+2714> 1 data set(s) created by subsetCars.Rmd
     <c2><95> cars_over_20
     <U+2618> Built all datasets!
     Non-interactive NEWS.md file update.
    
     v Creating 'vignettes/'
     v Creating 'inst/doc/'
     Writing NAMESPACE
     Writing subsetCars.Rd
     Writing cars_over_20.Rd
    
    
    
     checking for file 'D:\temp\RtmpGm8mG9\subsetCars/DESCRIPTION' ...
    
     checking for file 'D:\temp\RtmpGm8mG9\subsetCars/DESCRIPTION' ...
    
     v checking for file 'D:\temp\RtmpGm8mG9\subsetCars/DESCRIPTION' (656ms)
    
    
    
    
     - preparing 'subsetCars':
     checking DESCRIPTION meta-information ...
    
     checking DESCRIPTION meta-information ...
    
     v checking DESCRIPTION meta-information
    
    
    
    
     - checking for LF line-endings in source and make files and shell scripts (344ms)
    
    
     - checking for empty or unneeded directories
    
    
     NB: this package now depends on R (>=
    
     NB: this package now depends on R (>= 3.5.0)
    
    
     WARNING: Added dependency on R >= 3.5.0 because serialized objects in serialize/load version 3 cannot be read in older versions of R. File(s) containing such objects: 'subsetCars/data/cars_over_20.rda'
     - building 'subsetCars_1.0.tar.gz'
    
    
    
    
     Next Steps
     1. Update your package documentation.
     - Edit the documentation.R file in the package source data-raw subdirectory and update the roxygen markup.
     - Rebuild the package documentation with document() .
     2. Add your package to source control.
     - Call git init . in the package source root directory.
     - git add the package files.
     - git commit your new package.
     - Set up a github repository for your pacakge.
     - Add the github repository as a remote of your local package repository.
     - git push your local repository to gitub.
     v Creating './'
     v Creating 'R/'
     v Writing 'DESCRIPTION'
     Package: subsetCars
     Title: What the Package Does (One Line, Title Case)
     Version: 0.0.0.9000
     Authors@R (parsed):
     * First Last <first.last@example.com> [aut, cre] (YOUR-ORCID-ID)
     Description: What the package does (one paragraph).
     License: What license it uses
     Encoding: UTF-8
     LazyData: true
     v Writing 'NAMESPACE'
     <U+2714> Added DataVersion string to 'DESCRIPTION'
     v Creating 'data-raw/'
     v Creating 'data/'
     v Creating 'inst/extdata/'
     <U+2714> Copied subsetCars.Rmd into 'data-raw'
     <U+2714> configured 'datapackager.yml' file
    
     <U+2714> 1 data set(s) created by subsetCars.Rmd
     <c2><95> cars_over_20
     <U+2618> Built all datasets!
     Non-interactive NEWS.md file update.
    
     v Creating 'vignettes/'
     v Creating 'inst/doc/'
     Writing NAMESPACE
     Writing subsetCars.Rd
     Writing cars_over_20.Rd
    
    
    
     checking for file 'D:\temp\RtmpGm8mG9\subsetCars/DESCRIPTION' ...
    
     checking for file 'D:\temp\RtmpGm8mG9\subsetCars/DESCRIPTION' ...
    
     v checking for file 'D:\temp\RtmpGm8mG9\subsetCars/DESCRIPTION' (721ms)
    
    
    
    
     - preparing 'subsetCars':
     checking DESCRIPTION meta-information ...
    
     checking DESCRIPTION meta-information ...
    
     v checking DESCRIPTION meta-information
    
    
    
    
     - checking for LF line-endings in source and make files and shell scripts (375ms)
    
    
     - checking for empty or unneeded directories
    
    
     NB: this package now depends on R (>=
    
     NB: this package now depends on R (>= 3.5.0)
    
    
     WARNING: Added dependency on R >= 3.5.0 because serialized objects in serialize/load version 3 cannot be read in older versions of R. File(s) containing such objects: 'subsetCars/data/cars_over_20.rda'
     - building 'subsetCars_1.0.tar.gz'
    
    
    
    
     Next Steps
     1. Update your package documentation.
     - Edit the documentation.R file in the package source data-raw subdirectory and update the roxygen markup.
     - Rebuild the package documentation with document() .
     2. Add your package to source control.
     - Call git init . in the package source root directory.
     - git add the package files.
     - git commit your new package.
     - Set up a github repository for your pacakge.
     - Add the github repository as a remote of your local package repository.
     - git push your local repository to gitub.
     [1] "D:/temp/RtmpGm8mG9/subsetCars/data/cars_over_20_2.rda"
     v Creating './'
     v Creating 'R/'
     v Writing 'DESCRIPTION'
     Package: subsetCars
     Title: What the Package Does (One Line, Title Case)
     Version: 0.0.0.9000
     Authors@R (parsed):
     * First Last <first.last@example.com> [aut, cre] (YOUR-ORCID-ID)
     Description: What the package does (one paragraph).
     License: What license it uses
     Encoding: UTF-8
     LazyData: true
     v Writing 'NAMESPACE'
     <U+2714> Added DataVersion string to 'DESCRIPTION'
     v Creating 'data-raw/'
     v Creating 'data/'
     v Creating 'inst/extdata/'
     <U+2714> Copied subsetCars.Rmd into 'data-raw'
     <U+2714> configured 'datapackager.yml' file
    
     <U+2714> 1 data set(s) created by subsetCars.Rmd
     <c2><95> cars_over_20
     <U+2618> Built all datasets!
     Non-interactive NEWS.md file update.
    
     v Creating 'vignettes/'
     v Creating 'inst/doc/'
     Writing NAMESPACE
     Writing subsetCars.Rd
     Writing cars_over_20.Rd
    
    
    
     checking for file 'D:\temp\RtmpGm8mG9\subsetCars/DESCRIPTION' ...
    
     checking for file 'D:\temp\RtmpGm8mG9\subsetCars/DESCRIPTION' ...
    
     v checking for file 'D:\temp\RtmpGm8mG9\subsetCars/DESCRIPTION' (734ms)
    
    
    
    
     - preparing 'subsetCars':
     checking DESCRIPTION meta-information ...
    
     checking DESCRIPTION meta-information ...
    
     v checking DESCRIPTION meta-information
    
    
    
    
     - checking for LF line-endings in source and make files and shell scripts (392ms)
    
    
     - checking for empty or unneeded directories
    
    
     NB: this package now depends on R (>=
    
     NB: this package now depends on R (>= 3.5.0)
    
    
     WARNING: Added dependency on R >= 3.5.0 because serialized objects in serialize/load version 3 cannot be read in older versions of R. File(s) containing such objects: 'subsetCars/data/cars_over_20.rda'
     - building 'subsetCars_1.0.tar.gz'
    
    
    
    
     Next Steps
     1. Update your package documentation.
     - Edit the documentation.R file in the package source data-raw subdirectory and update the roxygen markup.
     - Rebuild the package documentation with document() .
     2. Add your package to source control.
     - Call git init . in the package source root directory.
     - git add the package files.
     - git commit your new package.
     - Set up a github repository for your pacakge.
     - Add the github repository as a remote of your local package repository.
     - git push your local repository to gitub.
    
     Warning: package 'subsetCars' is in use and will not be installed
     Warning: package 'subsetCars' is in use and will not be installed
     -- 1. Error: documentation is built via document() (@test-document.R#51) ------
     there is no package called 'subsetCars'
     Backtrace:
     1. utils::vignette(...)
     2. tools::getVignetteInfo(package, lib.loc, all)
     3. base::find.package(package, lib.loc)
    
     v Creating './'
     v Creating 'R/'
     v Writing 'DESCRIPTION'
     Package: subsetCars
     Title: What the Package Does (One Line, Title Case)
     Version: 0.0.0.9000
     Authors@R (parsed):
     * First Last <first.last@example.com> [aut, cre] (YOUR-ORCID-ID)
     Description: What the package does (one paragraph).
     License: What license it uses
     Encoding: UTF-8
     LazyData: true
     v Writing 'NAMESPACE'
     <U+2714> Added DataVersion string to 'DESCRIPTION'
     v Creating 'data-raw/'
     v Creating 'data/'
     v Creating 'inst/extdata/'
     <U+2714> Copied subsetCars.Rmd into 'data-raw'
     <U+2714> configured 'datapackager.yml' file
    
     <U+2714> 1 data set(s) created by subsetCars.Rmd
     <c2><95> cars_over_20
     <U+2618> Built all datasets!
     Non-interactive NEWS.md file update.
    
     v Creating 'vignettes/'
     v Creating 'inst/doc/'
     Writing NAMESPACE
     Writing subsetCars.Rd
     Writing cars_over_20.Rd
    
    
    
     checking for file 'D:\temp\RtmpGm8mG9\subsetCars/DESCRIPTION' ...
    
     checking for file 'D:\temp\RtmpGm8mG9\subsetCars/DESCRIPTION' ...
    
     v checking for file 'D:\temp\RtmpGm8mG9\subsetCars/DESCRIPTION' (890ms)
    
    
    
    
     - preparing 'subsetCars':
     checking DESCRIPTION meta-information ...
    
     checking DESCRIPTION meta-information ...
    
     v checking DESCRIPTION meta-information
    
    
    
    
     - checking for LF line-endings in source and make files and shell scripts (422ms)
    
    
     - checking for empty or unneeded directories
    
    
     NB: this package now depends on R (>=
    
     NB: this package now depends on R (>= 3.5.0)
     WARNING: Added dependency on R >= 3.5.0 because serialized objects in serialize/load version 3 cannot be read in older versions of R. File(s) containing such objects: 'subsetCars/data/cars_over_20.rda'
     - building 'subsetCars_1.0.tar.gz'
    
    
    
    
     Next Steps
     1. Update your package documentation.
     - Edit the documentation.R file in the package source data-raw subdirectory and update the roxygen markup.
     - Rebuild the package documentation with document() .
     2. Add your package to source control.
     - Call git init . in the package source root directory.
     - git add the package files.
     - git commit your new package.
     - Set up a github repository for your pacakge.
     - Add the github repository as a remote of your local package repository.
     - git push your local repository to gitub.
    
     cars_over_20FATAL [2020-01-21 17:01:43] render_root is not set in yaml
     Error : No root directory found in D:/temp/RtmpGm8mG9 or its parent directories. Root criterion: contains a file `DESCRIPTION` with contents matching `^Package: `
     FATAL [2020-01-21 17:01:43] D:/temp/RtmpGm8mG9 is not a valid R package directory beneath D:/temp/RtmpGm8mG9/subsetCars
    
    
     v Setting active project to 'D:/temp/RtmpGm8mG9/foo'
     FATAL [2020-01-21 17:01:43] Directory D:/temp/RtmpGm8mG9/foo/data-raw doesn't exist.
    
     FATAL [2020-01-21 17:01:43] You need a valid package data strucutre. Missing ./R ./inst ./data or./data-raw subdirectories.
    
     FATAL [2020-01-21 17:01:43] You need a valid package data strucutre. Missing ./R ./inst ./data or./data-raw subdirectories.
    
     FATAL [2020-01-21 17:01:43] You need a valid package data strucutre. Missing ./R ./inst ./data or./data-raw subdirectories.
    
     FATAL [2020-01-21 17:01:44] You need a valid package data strucutre. Missing ./R ./inst ./data or./data-raw subdirectories.
     FATAL [2020-01-21 17:01:44] . doesn't exist!
     FATAL [2020-01-21 17:01:44] DESCRIPTION file must have a DataVersion line. i.e. DataVersion: 0.2.0
     FATAL [2020-01-21 17:01:44] Invalid DataVersion string found 1.1.1 and 1.a.1
     WARN [2020-01-21 17:01:44] a has changed.
     ERROR [2020-01-21 17:01:44] render_root = /foobar doesn't exist.
     configuration:
     files: {}
     objects: foobar
     render_root:
     tmp: '279587'
     FATAL [2020-01-21 17:01:44] . doesn't exist!
     v Creating './'
     v Creating 'R/'
     v Writing 'DESCRIPTION'
     Package: foo
     Title: What the Package Does (One Line, Title Case)
     Version: 0.0.0.9000
     Authors@R (parsed):
     * First Last <first.last@example.com> [aut, cre] (YOUR-ORCID-ID)
     Description: What the package does (one paragraph).
     License: What license it uses
     Encoding: UTF-8
     LazyData: true
     v Writing 'NAMESPACE'
     <U+2714> Added DataVersion string to 'DESCRIPTION'
     v Creating 'data-raw/'
     v Creating 'data/'
     v Creating 'inst/extdata/'
     <U+2714> configured 'datapackager.yml' file
    
     FATAL [2020-01-21 17:01:44] You need a valid package data strucutre. Missing ./R ./inst ./data or./data-raw subdirectories.
    
     FATAL [2020-01-21 17:01:44] You need a valid package data strucutre. Missing ./R ./inst ./data or./data-raw subdirectories.
    
     FATAL [2020-01-21 17:01:44] You need a valid package data strucutre. Missing ./R ./inst ./data or./data-raw subdirectories.
     v Setting active project to '<no active project>'
    
     v Setting active project to 'D:/temp/RtmpGm8mG9/subsetCars'
     v Creating 'R/'
     v Writing 'DESCRIPTION'
     Package: subsetCars
     Title: What the Package Does (One Line, Title Case)
     Version: 0.0.0.9000
     Authors@R (parsed):
     * First Last <first.last@example.com> [aut, cre] (YOUR-ORCID-ID)
     Description: What the package does (one paragraph).
     License: What license it uses
     Encoding: UTF-8
     LazyData: true
     v Writing 'NAMESPACE'
     v Setting active project to '<no active project>'
     v Setting active project to 'D:/temp/RtmpGm8mG9/subsetCars'
     <U+2714> Added DataVersion string to 'DESCRIPTION'
     v Creating 'data-raw/'
     v Creating 'data/'
     v Creating 'inst/extdata/'
     <U+2714> Copied subsetCars.Rmd into 'data-raw'
     <U+2714> configured 'datapackager.yml' file
    
     <U+2714> 1 data set(s) created by subsetCars.Rmd
     <c2><95> cars_over_20
     <U+2618> Built all datasets!
     v Creating 'R/'
     v Writing 'DESCRIPTION'
     Package: subsetCars
     Title: What the Package Does (One Line, Title Case)
     Version: 0.0.0.9000
     Authors@R (parsed):
     * First Last <first.last@example.com> [aut, cre] (YOUR-ORCID-ID)
     Description: What the package does (one paragraph).
     License: What license it uses
     Encoding: UTF-8
     LazyData: true
     v Writing 'NAMESPACE'
     <U+2714> Added DataVersion string to 'DESCRIPTION'
     v Creating 'data-raw/'
     v Creating 'data/'
     v Creating 'inst/extdata/'
     <U+2714> Copied subsetCars.Rmd into 'data-raw'
     <U+2714> configured 'datapackager.yml' file
    
     FATAL [2020-01-21 17:01:46] YAML is missing 'configuration:' entry
    
     FATAL [2020-01-21 17:01:46] YAML is missing files: and objects: entries
    
     FATAL [2020-01-21 17:01:46] No files enabled for processing!
    
     ERROR [2020-01-21 17:01:46] render_root = foobar doesn't exist.
     FATAL [2020-01-21 17:01:46] Can't create, or render_root = foobar doesn't exist
    
     FATAL [2020-01-21 17:01:47] You must specify at least one data object.
    
     FATAL [2020-01-21 17:01:47] Can't find any R or Rmd files.
     FATAL [2020-01-21 17:01:47] Cant' find file: D:/temp/RtmpGm8mG9/subsetCars/data-raw/foo.rmd
     v Creating './'
     v Creating 'R/'
     v Writing 'DESCRIPTION'
     Package: subsetCars
     Title: What the Package Does (One Line, Title Case)
     Version: 0.0.0.9000
     Authors@R (parsed):
     * First Last <first.last@example.com> [aut, cre] (YOUR-ORCID-ID)
     Description: What the package does (one paragraph).
     License: What license it uses
     Encoding: UTF-8
     LazyData: true
     v Writing 'NAMESPACE'
     <U+2714> Added DataVersion string to 'DESCRIPTION'
     v Creating 'data-raw/'
     v Creating 'data/'
     v Creating 'inst/extdata/'
     <U+2714> Copied subsetCars.Rmd into 'data-raw'
     <U+2714> configured 'datapackager.yml' file
     v Creating './'
     v Creating 'R/'
     v Writing 'DESCRIPTION'
     Package: subsetCars
     Title: What the Package Does (One Line, Title Case)
     Version: 0.0.0.9000
     Authors@R (parsed):
     * First Last <first.last@example.com> [aut, cre] (YOUR-ORCID-ID)
     Description: What the package does (one paragraph).
     License: What license it uses
     Encoding: UTF-8
     LazyData: true
     v Writing 'NAMESPACE'
     <U+2714> Added DataVersion string to 'DESCRIPTION'
     v Creating 'data-raw/'
     v Creating 'data/'
     v Creating 'inst/extdata/'
     <U+2714> Copied subsetCars.Rmd into 'data-raw'
     <U+2714> configured 'datapackager.yml' file
    
     <U+2714> 1 data set(s) created by subsetCars.Rmd
     <c2><95> cars_over_20
     <U+2618> Built all datasets!
     Non-interactive NEWS.md file update.
    
     v Creating 'vignettes/'
     v Creating 'inst/doc/'
     Writing NAMESPACE
     Writing subsetCars.Rd
     Writing cars_over_20.Rd
    
    
    
     checking for file 'D:\temp\RtmpGm8mG9\subsetCars/DESCRIPTION' ...
    
     checking for file 'D:\temp\RtmpGm8mG9\subsetCars/DESCRIPTION' ...
    
     v checking for file 'D:\temp\RtmpGm8mG9\subsetCars/DESCRIPTION' (624ms)
    
    
    
    
     - preparing 'subsetCars':
     checking DESCRIPTION meta-information ...
    
     checking DESCRIPTION meta-information ...
    
     v checking DESCRIPTION meta-information
    
    
    
    
     - checking for LF line-endings in source and make files and shell scripts (359ms)
    
    
     - checking for empty or unneeded directories
    
    
     NB: this package now depends on R (>=
    
     NB: this package now depends on R (>= 3.5.0)
    
    
     WARNING: Added dependency on R >= 3.5.0 because serialized objects in serialize/load version 3 cannot be read in older versions of R. File(s) containing such objects: 'subsetCars/data/cars_over_20.rda'
     - building 'subsetCars_1.0.tar.gz'
    
    
    
    
     Next Steps
     1. Update your package documentation.
     - Edit the documentation.R file in the package source data-raw subdirectory and update the roxygen markup.
     - Rebuild the package documentation with document() .
     2. Add your package to source control.
     - Call git init . in the package source root directory.
     - git add the package files.
     - git commit your new package.
     - Set up a github repository for your pacakge.
     - Add the github repository as a remote of your local package repository.
     - git push your local repository to gitub.
    
     <U+2714> 1 data set(s) created by subsetCars.Rmd
     <c2><95> cars_over_20
     <U+2618> Built all datasets!
    
     Writing NAMESPACE
     Writing subsetCars.Rd
     Writing cars_over_20.Rd
    
    
    
     checking for file 'D:\temp\RtmpGm8mG9\subsetCars/DESCRIPTION' ...
    
     checking for file 'D:\temp\RtmpGm8mG9\subsetCars/DESCRIPTION' ...
    
     v checking for file 'D:\temp\RtmpGm8mG9\subsetCars/DESCRIPTION' (749ms)
    
    
    
    
     - preparing 'subsetCars':
     checking DESCRIPTION meta-information ...
    
     checking DESCRIPTION meta-information ...
    
     v checking DESCRIPTION meta-information
    
    
    
    
     - checking for LF line-endings in source and make files and shell scripts (344ms)
    
    
     - checking for empty or unneeded directories
    
    
     NB: this package now depends on R (>=
    
     NB: this package now depends on R (>= 3.5.0)
     WARNING: Added dependency on R >= 3.5.0 because serialized objects in serialize/load version 3 cannot be read in older versions of R. File(s) containing such objects: 'subsetCars/data/cars_over_20.rda'
    
    
     - building 'subsetCars_1.0.tar.gz'
    
    
    
    
     Next Steps
     1. Update your package documentation.
     - Edit the documentation.R file in the package source data-raw subdirectory and update the roxygen markup.
     - Rebuild the package documentation with document() .
     2. Add your package to source control.
     - Call git init . in the package source root directory.
     - git add the package files.
     - git commit your new package.
     - Set up a github repository for your pacakge.
     - Add the github repository as a remote of your local package repository.
     - git push your local repository to gitub.
     v Creating './'
     v Creating 'R/'
     v Writing 'DESCRIPTION'
     Package: subsetCars
     Title: What the Package Does (One Line, Title Case)
     Version: 0.0.0.9000
     Authors@R (parsed):
     * First Last <first.last@example.com> [aut, cre] (YOUR-ORCID-ID)
     Description: What the package does (one paragraph).
     License: What license it uses
     Encoding: UTF-8
     LazyData: true
     v Writing 'NAMESPACE'
     <U+2714> Added DataVersion string to 'DESCRIPTION'
     v Creating 'data-raw/'
     v Creating 'data/'
     v Creating 'inst/extdata/'
     <U+2714> Copied subsetCars.Rmd into 'data-raw'
     <U+2714> configured 'datapackager.yml' file
    
     <U+2714> 1 data set(s) created by subsetCars.Rmd
     <c2><95> cars_over_20
     <U+2618> Built all datasets!
     Non-interactive NEWS.md file update.
    
     v Creating 'vignettes/'
     v Creating 'inst/doc/'
     Writing NAMESPACE
     Writing subsetCars.Rd
     Writing cars_over_20.Rd
    
    
    
     checking for file 'D:\temp\RtmpGm8mG9\subsetCars/DESCRIPTION' ...
    
     checking for file 'D:\temp\RtmpGm8mG9\subsetCars/DESCRIPTION' ...
    
     v checking for file 'D:\temp\RtmpGm8mG9\subsetCars/DESCRIPTION' (640ms)
    
    
    
    
     - preparing 'subsetCars':
     checking DESCRIPTION meta-information ...
    
     checking DESCRIPTION meta-information ...
    
     v checking DESCRIPTION meta-information
    
    
    
    
     - checking for LF line-endings in source and make files and shell scripts (359ms)
    
    
     - checking for empty or unneeded directories
    
    
     NB: this package now depends on R (>=
    
     NB: this package now depends on R (>= 3.5.0)
     WARNING: Added dependency on R >= 3.5.0 because serialized objects in serialize/load version 3 cannot be read in older versions of R. File(s) containing such objects: 'subsetCars/data/cars_over_20.rda'
    
    
     - building 'subsetCars_1.0.tar.gz'
    
    
    
    
     Next Steps
     1. Update your package documentation.
     - Edit the documentation.R file in the package source data-raw subdirectory and update the roxygen markup.
     - Rebuild the package documentation with document() .
     2. Add your package to source control.
     - Call git init . in the package source root directory.
     - git add the package files.
     - git commit your new package.
     - Set up a github repository for your pacakge.
     - Add the github repository as a remote of your local package repository.
     - git push your local repository to gitub.
     Non-interactive NEWS.md file update.
     v Creating './'
     v Creating 'R/'
     v Writing 'DESCRIPTION'
     Package: subsetCars
     Title: What the Package Does (One Line, Title Case)
     Version: 0.0.0.9000
     Authors@R (parsed):
     * First Last <first.last@example.com> [aut, cre] (YOUR-ORCID-ID)
     Description: What the package does (one paragraph).
     License: What license it uses
     Encoding: UTF-8
     LazyData: true
     v Writing 'NAMESPACE'
     <U+2714> Added DataVersion string to 'DESCRIPTION'
     v Creating 'data-raw/'
     v Creating 'data/'
     v Creating 'inst/extdata/'
     <U+2714> Copied subsetCars.Rmd into 'data-raw'
     <U+2714> Copied extra.rmd into 'data-raw'
     <U+2714> configured 'datapackager.yml' file
     v Creating './'
     v Creating 'R/'
     v Writing 'DESCRIPTION'
     Package: subsetCars
     Title: What the Package Does (One Line, Title Case)
     Version: 0.0.0.9000
     Authors@R (parsed):
     * First Last <first.last@example.com> [aut, cre] (YOUR-ORCID-ID)
     Description: What the package does (one paragraph).
     License: What license it uses
     Encoding: UTF-8
     LazyData: true
     v Writing 'NAMESPACE'
     <U+2714> Added DataVersion string to 'DESCRIPTION'
     v Creating 'data-raw/'
     v Creating 'data/'
     v Creating 'inst/extdata/'
     <U+2714> Copied subsetCars.Rmd into 'data-raw'
     <U+2714> configured 'datapackager.yml' file
    
     <U+2714> 1 data set(s) created by subsetCars.Rmd
     <c2><95> cars_over_20
     <U+2618> Built all datasets!
     Non-interactive NEWS.md file update.
    
     v Creating 'vignettes/'
     v Creating 'inst/doc/'
     Writing NAMESPACE
     Writing subsetCars.Rd
     Writing cars_over_20.Rd
    
    
    
     checking for file 'D:\temp\RtmpGm8mG9\subsetCars/DESCRIPTION' ...
    
     v checking for file 'D:\temp\RtmpGm8mG9\subsetCars/DESCRIPTION' (656ms)
    
    
    
    
     - preparing 'subsetCars':
     checking DESCRIPTION meta-information ...
    
     checking DESCRIPTION meta-information ...
    
     v checking DESCRIPTION meta-information
    
    
    
    
     - checking for LF line-endings in source and make files and shell scripts (344ms)
    
    
     - checking for empty or unneeded directories
    
    
     NB: this package now depends on R (>=
    
     NB: this package now depends on R (>= 3.5.0)
     WARNING: Added dependency on R >= 3.5.0 because serialized objects in serialize/load version 3 cannot be read in older versions of R. File(s) containing such objects: 'subsetCars/data/cars_over_20.rda'
     - building 'subsetCars_1.0.tar.gz'
    
    
    
    
     Next Steps
     1. Update your package documentation.
     - Edit the documentation.R file in the package source data-raw subdirectory and update the roxygen markup.
     - Rebuild the package documentation with document() .
     2. Add your package to source control.
     - Call git init . in the package source root directory.
     - git add the package files.
     - git commit your new package.
     - Set up a github repository for your pacakge.
     - Add the github repository as a remote of your local package repository.
     - git push your local repository to gitub.
     v Setting active project to '<no active project>'
     v Creating 'D:/temp/RtmpGm8mG9/rfiletest/'
     v Setting active project to 'D:/temp/RtmpGm8mG9/rfiletest'
     v Creating 'R/'
     v Writing 'DESCRIPTION'
     Package: rfiletest
     Title: What the Package Does (One Line, Title Case)
     Version: 0.0.0.9000
     Authors@R (parsed):
     * First Last <first.last@example.com> [aut, cre] (YOUR-ORCID-ID)
     Description: What the package does (one paragraph).
     License: What license it uses
     Encoding: UTF-8
     LazyData: true
     v Writing 'NAMESPACE'
     v Setting active project to '<no active project>'
     v Setting active project to 'D:/temp/RtmpGm8mG9/rfiletest'
     <U+2714> Added DataVersion string to 'DESCRIPTION'
     v Creating 'data-raw/'
     v Creating 'data/'
     v Creating 'inst/extdata/'
     <U+2714> Copied rfileTest.R into 'data-raw'
     <U+2714> configured 'datapackager.yml' file
    
     <U+2714> 1 data set(s) created by rfileTest.Rmd
     <c2><95> data
     <U+2618> Built all datasets!
     Non-interactive NEWS.md file update.
    
     v Creating 'vignettes/'
     v Creating 'inst/doc/'
     Writing NAMESPACE
     Writing rfiletest.Rd
     Writing data.Rd
    
    
    
     checking for file 'D:\temp\RtmpGm8mG9\rfiletest/DESCRIPTION' ...
    
     checking for file 'D:\temp\RtmpGm8mG9\rfiletest/DESCRIPTION' ...
    
     v checking for file 'D:\temp\RtmpGm8mG9\rfiletest/DESCRIPTION' (734ms)
    
    
    
    
     - preparing 'rfiletest':
     checking DESCRIPTION meta-information ...
    
     checking DESCRIPTION meta-information ...
    
     v checking DESCRIPTION meta-information
    
    
    
    
     - checking for LF line-endings in source and make files and shell scripts (359ms)
    
    
     - checking for empty or unneeded directories
    
    
     NB: this package now depends on R (>=
    
     NB: this package now depends on R (>= 3.5.0)
    
    
     WARNING: Added dependency on R >= 3.5.0 because serialized objects in
    
     WARNING: Added dependency on R >= 3.5.0 because serialized objects in serialize/load version 3 cannot be read in older versions of R. File(s) containing such objects: 'rfiletest/data/data.rda'
     - building 'rfiletest_1.0.tar.gz'
    
    
    
    
     Warning: package 'rfiletest' is in use and will not be installed
     Next Steps
     1. Update your package documentation.
     - Edit the documentation.R file in the package source data-raw subdirectory and update the roxygen markup.
     - Rebuild the package documentation with document() .
     2. Add your package to source control.
     - Call git init . in the package source root directory.
     - git add the package files.
     - git commit your new package.
     - Set up a github repository for your pacakge.
     - Add the github repository as a remote of your local package repository.
     - git push your local repository to gitub.
     -- 2. Error: R file processing works and creates vignettes (@test-r-processing.R
     there is no package called 'rfiletest'
     Backtrace:
     1. utils::vignette(...)
     2. tools::getVignetteInfo(package, lib.loc, all)
     3. base::find.package(package, lib.loc)
    
     v Creating 'D:/temp/RtmpGm8mG9/datatest/'
     v Setting active project to 'D:/temp/RtmpGm8mG9/datatest'
     v Creating 'R/'
     v Writing 'DESCRIPTION'
     Package: datatest
     Title: What the Package Does (One Line, Title Case)
     Version: 0.0.0.9000
     Authors@R (parsed):
     * First Last <first.last@example.com> [aut, cre] (YOUR-ORCID-ID)
     Description: What the package does (one paragraph).
     License: What license it uses
     Encoding: UTF-8
     LazyData: true
     v Writing 'NAMESPACE'
     v Setting active project to 'D:/temp/RtmpGm8mG9/rfiletest'
     v Setting active project to 'D:/temp/RtmpGm8mG9/datatest'
     <U+2714> Added DataVersion string to 'DESCRIPTION'
     v Creating 'data-raw/'
     v Creating 'data/'
     v Creating 'inst/extdata/'
     <U+2714> Copied extra.rmd into 'data-raw'
     <U+2714> Copied rfileTest.R into 'data-raw'
     <U+2714> Moved data into 'inst/extdata'
     <U+2714> configured 'datapackager.yml' file
     v Setting active project to '<no active project>'
     v Creating 'D:/temp/RtmpGm8mG9/mtcars20/'
     v Setting active project to 'D:/temp/RtmpGm8mG9/mtcars20'
     v Creating 'R/'
     v Writing 'DESCRIPTION'
     Package: mtcars20
     Title: What the Package Does (One Line, Title Case)
     Version: 0.0.0.9000
     Authors@R (parsed):
     * First Last <first.last@example.com> [aut, cre] (YOUR-ORCID-ID)
     Description: What the package does (one paragraph).
     License: What license it uses
     Encoding: UTF-8
     LazyData: true
     v Writing 'NAMESPACE'
     v Setting active project to '<no active project>'
     v Setting active project to 'D:/temp/RtmpGm8mG9/mtcars20'
     <U+2714> Added DataVersion string to 'DESCRIPTION'
     v Creating 'data-raw/'
     v Creating 'data/'
     v Creating 'inst/extdata/'
     v Creating './'
     v Creating 'R/'
     v Writing 'DESCRIPTION'
     Package: mtcars20
     Title: What the Package Does (One Line, Title Case)
     Version: 0.0.0.9000
     Authors@R (parsed):
     * First Last <first.last@example.com> [aut, cre] (YOUR-ORCID-ID)
     Description: What the package does (one paragraph).
     License: What license it uses
     Encoding: UTF-8
     LazyData: true
     v Writing 'NAMESPACE'
     <U+2714> Added DataVersion string to 'DESCRIPTION'
     v Creating 'data-raw/'
     v Creating 'data/'
     v Creating 'inst/extdata/'
     <U+2714> configured 'datapackager.yml' file
     v Creating 'D:/temp/RtmpGm8mG9/subsetCars/'
     v Setting active project to 'D:/temp/RtmpGm8mG9/subsetCars'
     v Creating 'R/'
     v Writing 'DESCRIPTION'
     Package: subsetCars
     Title: What the Package Does (One Line, Title Case)
     Version: 0.0.0.9000
     Authors@R (parsed):
     * First Last <first.last@example.com> [aut, cre] (YOUR-ORCID-ID)
     Description: What the package does (one paragraph).
     License: What license it uses
     Encoding: UTF-8
     LazyData: true
     v Writing 'NAMESPACE'
     v Setting active project to 'D:/temp/RtmpGm8mG9/mtcars20'
     v Setting active project to 'D:/temp/RtmpGm8mG9/subsetCars'
     <U+2714> Added DataVersion string to 'DESCRIPTION'
     v Creating 'data-raw/'
     v Creating 'data/'
     v Creating 'inst/extdata/'
     <U+2714> Copied subsetCars.Rmd into 'data-raw'
     <U+2714> configured 'datapackager.yml' file
     v Creating './'
     v Creating 'R/'
     v Writing 'DESCRIPTION'
     Package: subsetCars
     Title: What the Package Does (One Line, Title Case)
     Version: 0.0.0.9000
     Authors@R (parsed):
     * First Last <first.last@example.com> [aut, cre] (YOUR-ORCID-ID)
     Description: What the package does (one paragraph).
     License: What license it uses
     Encoding: UTF-8
     LazyData: true
     v Writing 'NAMESPACE'
     <U+2714> Added DataVersion string to 'DESCRIPTION'
     v Creating 'data-raw/'
     v Creating 'data/'
     v Creating 'inst/extdata/'
     <U+2714> Copied subsetCars.Rmd into 'data-raw'
     <U+2714> Copied extra.rmd into 'data-raw'
     <U+2714> configured 'datapackager.yml' file
    
     <U+2714> 1 data set(s) created by subsetCars.Rmd
     <c2><95> cars_over_20
     <U+2618> Built all datasets!
     <U+2714> 0 data set(s) created by extra.rmd
     <U+2618> Built all datasets!
     Non-interactive NEWS.md file update.
    
     v Creating 'vignettes/'
     v Creating 'inst/doc/'
     Writing NAMESPACE
     Writing subsetCars.Rd
     Writing cars_over_20.Rd
    
    
    
     checking for file 'D:\temp\RtmpGm8mG9\subsetCars/DESCRIPTION' ...
    
     checking for file 'D:\temp\RtmpGm8mG9\subsetCars/DESCRIPTION' ...
    
     v checking for file 'D:\temp\RtmpGm8mG9\subsetCars/DESCRIPTION' (633ms)
    
    
    
    
     - preparing 'subsetCars':
     checking DESCRIPTION meta-information ...
    
     checking DESCRIPTION meta-information ...
    
     v checking DESCRIPTION meta-information
    
    
    
    
     - checking for LF line-endings in source and make files and shell scripts
    
    
     - checking for empty or unneeded directories
    
    
     NB: this package now depends on R (>=
    
     NB: this package now depends on R (>= 3.5.0)
     WARNING: Added dependency on R >= 3.5.0 because serialized objects in serialize/load version 3 cannot be read in older versions of R. File(s) containing such objects: 'subsetCars/data/cars_over_20.rda'
    
    
     - building 'subsetCars_1.0.tar.gz'
    
    
    
    
     Next Steps
     1. Update your package documentation.
     - Edit the documentation.R file in the package source data-raw subdirectory and update the roxygen markup.
     - Rebuild the package documentation with document() .
     2. Add your package to source control.
     - Call git init . in the package source root directory.
     - git add the package files.
     - git commit your new package.
     - Set up a github repository for your pacakge.
     - Add the github repository as a remote of your local package repository.
     - git push your local repository to gitub.
    
     <U+2714> 1 data set(s) created by subsetCars.Rmd
     <c2><95> cars_over_20
     <U+2618> Built all datasets!
     <U+2714> 0 data set(s) created by extra.rmd
     <U+2618> Built all datasets!
     WARN [2020-01-21 17:02:26] cars_over_20 has changed.
     WARN [2020-01-21 17:02:26] cars_over_20 has changed.
     WARN [2020-01-21 17:02:26] cars_over_20 has changed.
     Non-interactive NEWS.md file update.
    
     Writing NAMESPACE
     Writing subsetCars.Rd
     Writing cars_over_20.Rd
    
    
    
     checking for file 'D:\temp\RtmpGm8mG9\subsetCars/DESCRIPTION' ...
    
     v checking for file 'D:\temp\RtmpGm8mG9\subsetCars/DESCRIPTION' (718ms)
    
    
    
    
     - preparing 'subsetCars':
     checking DESCRIPTION meta-information ...
    
     checking DESCRIPTION meta-information ...
    
     v checking DESCRIPTION meta-information
    
    
    
    
     - checking for LF line-endings in source and make files and shell scripts (344ms)
    
    
     - checking for empty or unneeded directories
    
    
     NB: this package now depends on R (>=
    
     NB: this package now depends on R (>= 3.5.0)
     WARNING: Added dependency on R >= 3.5.0 because serialized objects in serialize/load version 3 cannot be read in older versions of R. File(s) containing such objects: 'subsetCars/data/cars_over_20.rda'
    
    
     - building 'subsetCars_1.0.tar.gz'
    
    
    
    
     Next Steps
     1. Update your package documentation.
     - Edit the documentation.R file in the package source data-raw subdirectory and update the roxygen markup.
     - Rebuild the package documentation with document() .
     2. Add your package to source control.
     - Call git init . in the package source root directory.
     - git add the package files.
     - git commit your new package.
     - Set up a github repository for your pacakge.
     - Add the github repository as a remote of your local package repository.
     - git push your local repository to gitub.
     v Creating 'D:/temp/RtmpGm8mG9/subsetCars20/'
     v Setting active project to 'D:/temp/RtmpGm8mG9/subsetCars20'
     v Creating 'R/'
     v Writing 'DESCRIPTION'
     Package: subsetCars20
     Title: What the Package Does (One Line, Title Case)
     Version: 0.0.0.9000
     Authors@R (parsed):
     * First Last <first.last@example.com> [aut, cre] (YOUR-ORCID-ID)
     Description: What the package does (one paragraph).
     License: What license it uses
     Encoding: UTF-8
     LazyData: true
     v Writing 'NAMESPACE'
     v Setting active project to 'D:/temp/RtmpGm8mG9/subsetCars'
     v Setting active project to 'D:/temp/RtmpGm8mG9/subsetCars20'
     <U+2714> Added DataVersion string to 'DESCRIPTION'
     v Creating 'data-raw/'
     v Creating 'data/'
     v Creating 'inst/extdata/'
     <U+2714> Copied extra.rmd into 'data-raw'
     <U+2714> Copied rfileTest.R into 'data-raw'
     <U+2714> Moved data into 'inst/extdata'
     <U+2714> configured 'datapackager.yml' file
     v Adding '^inst/extdata/file17a7851582a3a$' to '.Rbuildignore'
     v Adding 'file17a7851582a3a' to 'inst/extdata/.gitignore'
     v Adding '^inst/extdata/R$' to '.Rbuildignore'
     v Adding 'R' to 'inst/extdata/.gitignore'
     v Creating './'
     v Creating 'R/'
     v Writing 'DESCRIPTION'
     Package: subsetCars20
     Title: What the Package Does (One Line, Title Case)
     Version: 0.0.0.9000
     Authors@R (parsed):
     * First Last <first.last@example.com> [aut, cre] (YOUR-ORCID-ID)
     Description: What the package does (one paragraph).
     License: What license it uses
     Encoding: UTF-8
     LazyData: true
     v Writing 'NAMESPACE'
     <U+2714> Added DataVersion string to 'DESCRIPTION'
     v Creating 'data-raw/'
     v Creating 'data/'
     v Creating 'inst/extdata/'
     <U+2714> Copied extra.rmd into 'data-raw'
     <U+2714> configured 'datapackager.yml' file
     Attempting to create d:\Rcompile\CRANpkg\local\4.0\DataPackageR.Rcheck\tests\testthat\newScript.Rmdconfiguration:
     files:
     extra.rmd:
     enabled: yes
     newScript.Rmd:
     enabled: yes
     objects: data
     render_root:
     tmp: '989408'
     <U+2622> Courtesy warning: newScript.Rmd exists in 'data-raw', and WILL be overwritten.
     Attempting to create d:\Rcompile\CRANpkg\local\4.0\DataPackageR.Rcheck\tests\testthat\newScript.Rmdconfiguration:
     files:
     extra.rmd:
     enabled: yes
     newScript.Rmd:
     enabled: yes
     objects: data
     render_root:
     tmp: '989408'
     <U+2622> Courtesy warning: newScript.Rmd exists in 'data-raw', and WILL NOT be overwritten.
     <U+2622> Skipping file creation: pass overwrite = TRUE to use_processing_script()
     configuration:
     files:
     extra.rmd:
     enabled: yes
     newScript.Rmd:
     enabled: yes
     objects: data
     render_root:
     tmp: '989408'
     <U+2622> Courtesy warning: newScript.Rmd exists in 'data-raw', and WILL be overwritten.
     Attempting to create d:\Rcompile\CRANpkg\local\4.0\DataPackageR.Rcheck\tests\testthat\newScript.Rmdconfiguration:
     files:
     extra.rmd:
     enabled: yes
     newScript.Rmd:
     enabled: yes
     objects: data
     render_root:
     tmp: '989408'
     <U+2622> Courtesy warning: newScript.Rmd exists in 'data-raw', and WILL be overwritten.
     Attempting to create d:\Rcompile\CRANpkg\local\4.0\DataPackageR.Rcheck\tests\testthat\newScript.Rmdconfiguration:
     files:
     extra.rmd:
     enabled: yes
     newScript.Rmd:
     enabled: yes
     objects: data
     render_root:
     tmp: '989408'
     <U+2622> Courtesy warning: newScript.Rmd exists in 'data-raw', and WILL be overwritten.
     Attempting to create d:\Rcompile\CRANpkg\local\4.0\DataPackageR.Rcheck\tests\testthat\newScript.Rmdconfiguration:
     files:
     extra.rmd:
     enabled: yes
     newScript.Rmd:
     enabled: yes
     objects: data
     render_root:
     tmp: '989408'
     Attempting to create d:\Rcompile\CRANpkg\local\4.0\DataPackageR.Rcheck\tests\testthat\newScript.Rconfiguration:
     files:
     extra.rmd:
     enabled: yes
     newScript.Rmd:
     enabled: yes
     newScript.R:
     enabled: yes
     objects: data
     render_root:
     tmp: '989408'
     <U+2622> Courtesy warning: newScript.R exists in 'data-raw', and WILL be overwritten.
     Attempting to create d:\Rcompile\CRANpkg\local\4.0\DataPackageR.Rcheck\tests\testthat\newScript.Rconfiguration:
     files:
     extra.rmd:
     enabled: yes
     newScript.Rmd:
     enabled: yes
     newScript.R:
     enabled: yes
     objects: data
     render_root:
     tmp: '989408'
     <U+2622> Courtesy warning: newScript.R exists in 'data-raw', and WILL be overwritten.
     Attempting to create d:\Rcompile\CRANpkg\local\4.0\DataPackageR.Rcheck\tests\testthat\newScript.Rconfiguration:
     files:
     extra.rmd:
     enabled: yes
     newScript.Rmd:
     enabled: yes
     newScript.R:
     enabled: yes
     objects: data
     render_root:
     tmp: '989408'
     <U+2622> Courtesy warning: newScript.R exists in 'data-raw', and WILL be overwritten.
     Attempting to create d:\Rcompile\CRANpkg\local\4.0\DataPackageR.Rcheck\tests\testthat\newScript.Rconfiguration:
     files:
     extra.rmd:
     enabled: yes
     newScript.Rmd:
     enabled: yes
     newScript.R:
     enabled: yes
     objects: data
     render_root:
     tmp: '989408'
     <U+2622> Courtesy warning: . exists in 'data-raw', and WILL NOT be overwritten.
     configuration:
     files:
     extra.rmd:
     enabled: yes
     newScript.Rmd:
     enabled: yes
     newScript.R:
     enabled: yes
     foo.R:
     enabled: yes
     objects: data
     render_root:
     tmp: '989408'
     v Creating './'
     v Creating 'R/'
     v Writing 'DESCRIPTION'
     Package: subsetCars20
     Title: What the Package Does (One Line, Title Case)
     Version: 0.0.0.9000
     Authors@R (parsed):
     * First Last <first.last@example.com> [aut, cre] (YOUR-ORCID-ID)
     Description: What the package does (one paragraph).
     License: What license it uses
     Encoding: UTF-8
     LazyData: true
     v Writing 'NAMESPACE'
     <U+2714> Added DataVersion string to 'DESCRIPTION'
     v Creating 'data-raw/'
     v Creating 'data/'
     v Creating 'inst/extdata/'
     <U+2714> Copied extra.rmd into 'data-raw'
     <U+2714> configured 'datapackager.yml' file
     configuration:
     files:
     extra.rmd:
     enabled: yes
     objects:
     - data
     - newobject
     render_root:
     tmp: '745535'
     v Creating 'D:/temp/RtmpGm8mG9/subsetCars/'
     v Setting active project to 'D:/temp/RtmpGm8mG9/subsetCars'
     v Creating 'R/'
     v Writing 'DESCRIPTION'
     Package: subsetCars
     Title: What the Package Does (One Line, Title Case)
     Version: 0.0.0.9000
     Authors@R (parsed):
     * First Last <first.last@example.com> [aut, cre] (YOUR-ORCID-ID)
     Description: What the package does (one paragraph).
     License: What license it uses
     Encoding: UTF-8
     LazyData: true
     v Writing 'NAMESPACE'
     v Setting active project to 'D:/temp/RtmpGm8mG9/subsetCars20'
     v Setting active project to 'D:/temp/RtmpGm8mG9/subsetCars'
     <U+2714> Added DataVersion string to 'DESCRIPTION'
     v Creating 'data-raw/'
     v Creating 'data/'
     v Creating 'inst/extdata/'
     <U+2714> Copied subsetCars.Rmd into 'data-raw'
     <U+2714> configured 'datapackager.yml' file
    
     <U+2714> 1 data set(s) created by subsetCars.Rmd
     <c2><95> cars_over_20
     <U+2618> Built all datasets!
     Non-interactive NEWS.md file update.
    
     v Creating 'vignettes/'
     v Creating 'inst/doc/'
     Writing NAMESPACE
     Writing subsetCars.Rd
     Writing cars_over_20.Rd
    
    
    
     checking for file 'D:\temp\RtmpGm8mG9\subsetCars/DESCRIPTION' ...
    
     v checking for file 'D:\temp\RtmpGm8mG9\subsetCars/DESCRIPTION' (624ms)
    
    
    
    
     - preparing 'subsetCars':
     checking DESCRIPTION meta-information ...
    
     checking DESCRIPTION meta-information ...
    
     v checking DESCRIPTION meta-information
    
    
    
    
     - checking for LF line-endings in source and make files and shell scripts (344ms)
     - checking for empty or unneeded directories
    
    
     NB: this package now depends on R (>=
    
     NB: this package now depends on R (>= 3.5.0)
    
    
     WARNING: Added dependency on R >= 3.5.0 because serialized objects in serialize/load version 3 cannot be read in older versions of R. File(s) containing such objects: 'subsetCars/data/cars_over_20.rda'
     - building 'subsetCars_1.0.tar.gz'
    
    
    
    
     Next Steps
     1. Update your package documentation.
     - Edit the documentation.R file in the package source data-raw subdirectory and update the roxygen markup.
     - Rebuild the package documentation with document() .
     2. Add your package to source control.
     - Call git init . in the package source root directory.
     - git add the package files.
     - git commit your new package.
     - Set up a github repository for your pacakge.
     - Add the github repository as a remote of your local package repository.
     - git push your local repository to gitub.
    
     <U+2714> 1 data set(s) created by subsetCars.Rmd
     <c2><95> cars_over_20
     <U+2618> Built all datasets!
    
     Writing NAMESPACE
     Writing subsetCars.Rd
     Writing cars_over_20.Rd
    
    
    
     checking for file 'D:\temp\RtmpGm8mG9\subsetCars/DESCRIPTION' ...
    
     v checking for file 'D:\temp\RtmpGm8mG9\subsetCars/DESCRIPTION' (674ms)
    
    
    
    
     - preparing 'subsetCars':
     checking DESCRIPTION meta-information ...
    
     checking DESCRIPTION meta-information ...
    
     v checking DESCRIPTION meta-information
    
    
    
    
     - checking for LF line-endings in source and make files and shell scripts (344ms)
    
    
     - checking for empty or unneeded directories
    
    
     NB: this package now depends on R (>=
    
     NB: this package now depends on R (>= 3.5.0)
    
    
     WARNING: Added dependency on R >= 3.5.0 because serialized objects in serialize/load version 3 cannot be read in older versions of R. File(s) containing such objects: 'subsetCars/data/cars_over_20.rda'
     - building 'subsetCars_1.0.tar.gz'
    
    
    
    
     Next Steps
     1. Update your package documentation.
     - Edit the documentation.R file in the package source data-raw subdirectory and update the roxygen markup.
     - Rebuild the package documentation with document() .
     2. Add your package to source control.
     - Call git init . in the package source root directory.
     - git add the package files.
     - git commit your new package.
     - Set up a github repository for your pacakge.
     - Add the github repository as a remote of your local package repository.
     - git push your local repository to gitub.
     v Creating './'
     v Creating 'R/'
     v Writing 'DESCRIPTION'
     Package: subsetCars
     Title: What the Package Does (One Line, Title Case)
     Version: 0.0.0.9000
     Authors@R (parsed):
     * First Last <first.last@example.com> [aut, cre] (YOUR-ORCID-ID)
     Description: What the package does (one paragraph).
     License: What license it uses
     Encoding: UTF-8
     LazyData: true
     v Writing 'NAMESPACE'
     <U+2714> Added DataVersion string to 'DESCRIPTION'
     v Creating 'data-raw/'
     v Creating 'data/'
     v Creating 'inst/extdata/'
     <U+2714> Copied subsetCars.Rmd into 'data-raw'
     <U+2714> configured 'datapackager.yml' file
    
     <U+2714> 1 data set(s) created by subsetCars.Rmd
     <c2><95> cars_over_20
     <U+2618> Built all datasets!
     Non-interactive NEWS.md file update.
    
     v Creating 'vignettes/'
     v Creating 'inst/doc/'
     Writing NAMESPACE
     Writing subsetCars.Rd
     Writing cars_over_20.Rd
    
    
    
     checking for file 'D:\temp\RtmpGm8mG9\subsetCars/DESCRIPTION' ...
    
     checking for file 'D:\temp\RtmpGm8mG9\subsetCars/DESCRIPTION' ...
    
     v checking for file 'D:\temp\RtmpGm8mG9\subsetCars/DESCRIPTION' (827ms)
    
    
    
    
     - preparing 'subsetCars':
     checking DESCRIPTION meta-information ...
    
     checking DESCRIPTION meta-information ...
    
     v checking DESCRIPTION meta-information
    
    
    
    
     - checking for LF line-endings in source and make files and shell scripts (406ms)
     - checking for empty or unneeded directories
    
    
     NB: this package now depends on R (>=
    
     NB: this package now depends on R (>= 3.5.0)
     WARNING: Added dependency on R >= 3.5.0 because serialized objects in serialize/load version 3 cannot be read in older versions of R. File(s) containing such objects: 'subsetCars/data/cars_over_20.rda'
    
    
     - building 'subsetCars_1.0.tar.gz'
    
    
    
    
     Next Steps
     1. Update your package documentation.
     - Edit the documentation.R file in the package source data-raw subdirectory and update the roxygen markup.
     - Rebuild the package documentation with document() .
     2. Add your package to source control.
     - Call git init . in the package source root directory.
     - git add the package files.
     - git commit your new package.
     - Set up a github repository for your pacakge.
     - Add the github repository as a remote of your local package repository.
     - git push your local repository to gitub.
     configuration:
     files:
     subsetCars.Rmd:
     enabled: yes
     extra.rmd:
     enabled: yes
     objects: cars_over_20
     render_root:
     tmp: '661603'
     configuration:
     files:
     subsetCars.Rmd:
     enabled: yes
     extra.rmd:
     enabled: yes
     objects:
     - cars_over_20
     - pressure
     render_root:
     tmp: '661603'
    
     <U+2714> 1 data set(s) created by subsetCars.Rmd
     <c2><95> cars_over_20
     <U+2605> Built 1 of 2 data sets.
     <U+2714> 1 data set(s) created by extra.rmd
     <c2><95> pressure
     <U+2618> Built all datasets!
     Non-interactive NEWS.md file update.
     * Added: pressure
     * Changed: cars_over_20
    
     Writing NAMESPACE
     Writing subsetCars.Rd
     Writing cars_over_20.Rd
     Writing pressure.Rd
    
    
    
     checking for file 'D:\temp\RtmpGm8mG9\subsetCars/DESCRIPTION' ...
    
     checking for file 'D:\temp\RtmpGm8mG9\subsetCars/DESCRIPTION' ...
    
     v checking for file 'D:\temp\RtmpGm8mG9\subsetCars/DESCRIPTION' (718ms)
    
    
    
    
     - preparing 'subsetCars':
     checking DESCRIPTION meta-information ...
    
     checking DESCRIPTION meta-information ...
    
     v checking DESCRIPTION meta-information
    
    
    
    
     - checking for LF line-endings in source and make files and shell scripts (353ms)
    
    
     - checking for empty or unneeded directories
    
    
     NB: this package now depends on R (>=
    
     NB: this package now depends on R (>= 3.5.0)
    
    
     WARNING: Added dependency on R >= 3.5.0 because serialized objects in serialize/load version 3 cannot be read in older versions of R. File(s) containing such objects: 'subsetCars/data/cars_over_20.rda' 'subsetCars/data/pressure.rda'
     - building 'subsetCars_1.0.tar.gz'
    
    
    
    
     Next Steps
     1. Update your package documentation.
     - Edit the documentation.R file in the package source data-raw subdirectory and update the roxygen markup.
     - Rebuild the package documentation with document() .
     2. Add your package to source control.
     - Call git init . in the package source root directory.
     - git add the package files.
     - git commit your new package.
     - Set up a github repository for your pacakge.
     - Add the github repository as a remote of your local package repository.
     - git push your local repository to gitub.
     v Creating './'
     v Creating 'R/'
     v Writing 'DESCRIPTION'
     Package: subsetCars
     Title: What the Package Does (One Line, Title Case)
     Version: 0.0.0.9000
     Authors@R (parsed):
     * First Last <first.last@example.com> [aut, cre] (YOUR-ORCID-ID)
     Description: What the package does (one paragraph).
     License: What license it uses
     Encoding: UTF-8
     LazyData: true
     v Writing 'NAMESPACE'
     <U+2714> Added DataVersion string to 'DESCRIPTION'
     v Creating 'data-raw/'
     v Creating 'data/'
     v Creating 'inst/extdata/'
     <U+2714> Copied subsetCars.Rmd into 'data-raw'
     <U+2714> configured 'datapackager.yml' file
    
     <U+2714> 1 data set(s) created by subsetCars.Rmd
     <c2><95> cars_over_20
     <U+2618> Built all datasets!
     Non-interactive NEWS.md file update.
    
     v Creating 'vignettes/'
     v Creating 'inst/doc/'
     Writing NAMESPACE
     Writing subsetCars.Rd
     Writing cars_over_20.Rd
    
    
    
     checking for file 'D:\temp\RtmpGm8mG9\subsetCars/DESCRIPTION' ...
    
     checking for file 'D:\temp\RtmpGm8mG9\subsetCars/DESCRIPTION' ...
    
     v checking for file 'D:\temp\RtmpGm8mG9\subsetCars/DESCRIPTION' (665ms)
    
    
    
    
     - preparing 'subsetCars':
     checking DESCRIPTION meta-information ...
    
     checking DESCRIPTION meta-information ...
    
     v checking DESCRIPTION meta-information
    
    
    
    
     - checking for LF line-endings in source and make files and shell scripts (484ms)
     - checking for empty or unneeded directories
     NB: this package now depends on R (>= 3.5.0)
     WARNING: Added dependency on R >= 3.5.0 because serialized objects in serialize/load version 3 cannot be read in older versions of R. File(s) containing such objects: 'subsetCars/data/cars_over_20.rda'
     - building 'subsetCars_1.0.tar.gz'
    
    
    
    
     Next Steps
     1. Update your package documentation.
     - Edit the documentation.R file in the package source data-raw subdirectory and update the roxygen markup.
     - Rebuild the package documentation with document() .
     2. Add your package to source control.
     - Call git init . in the package source root directory.
     - git add the package files.
     - git commit your new package.
     - Set up a github repository for your pacakge.
     - Add the github repository as a remote of your local package repository.
     - git push your local repository to gitub.
     configuration:
     files:
     subsetCars.Rmd:
     enabled: yes
     extra.rmd:
     enabled: yes
     objects: cars_over_20
     render_root:
     tmp: '677122'
    
     <U+2714> 1 data set(s) created by subsetCars.Rmd
     <c2><95> cars_over_20
     <U+2618> Built all datasets!
     <U+2714> 0 data set(s) created by extra.rmd
     <U+2618> Built all datasets!
    
     Writing NAMESPACE
     Writing subsetCars.Rd
     Writing cars_over_20.Rd
    
    
    
     checking for file 'D:\temp\RtmpGm8mG9\subsetCars/DESCRIPTION' ...
    
     checking for file 'D:\temp\RtmpGm8mG9\subsetCars/DESCRIPTION' ...
    
     v checking for file 'D:\temp\RtmpGm8mG9\subsetCars/DESCRIPTION' (671ms)
    
    
    
    
     - preparing 'subsetCars':
     checking DESCRIPTION meta-information ...
    
     checking DESCRIPTION meta-information ...
    
     v checking DESCRIPTION meta-information
    
    
    
    
     - checking for LF line-endings in source and make files and shell scripts (487ms)
    
    
     - checking for empty or unneeded directories
    
    
     NB: this package now depends on R (>=
    
     NB: this package now depends on R (>= 3.5.0)
    
    
     WARNING: Added dependency on R >= 3.5.0 because serialized objects in serialize/load version 3 cannot be read in older versions of R. File(s) containing such objects: 'subsetCars/data/cars_over_20.rda'
     - building 'subsetCars_1.0.tar.gz'
    
    
    
    
     Next Steps
     1. Update your package documentation.
     - Edit the documentation.R file in the package source data-raw subdirectory and update the roxygen markup.
     - Rebuild the package documentation with document() .
     2. Add your package to source control.
     - Call git init . in the package source root directory.
     - git add the package files.
     - git commit your new package.
     - Set up a github repository for your pacakge.
     - Add the github repository as a remote of your local package repository.
     - git push your local repository to gitub.
     configuration:
     files:
     subsetCars.Rmd:
     enabled: yes
     extra.rmd:
     enabled: yes
     objects:
     - cars_over_20
     - pressure
     render_root:
     tmp: '677122'
    
     <U+2714> 1 data set(s) created by subsetCars.Rmd
     <c2><95> cars_over_20
     <U+2605> Built 1 of 2 data sets.
     <U+2714> 1 data set(s) created by extra.rmd
     <c2><95> pressure
     <U+2618> Built all datasets!
     Non-interactive NEWS.md file update.
     * Added: pressure
     * Changed: cars_over_20
    
     Writing NAMESPACE
     Writing subsetCars.Rd
     Writing cars_over_20.Rd
     Writing pressure.Rd
    
    
    
     checking for file 'D:\temp\RtmpGm8mG9\subsetCars/DESCRIPTION' ...
    
     checking for file 'D:\temp\RtmpGm8mG9\subsetCars/DESCRIPTION' ...
    
     v checking for file 'D:\temp\RtmpGm8mG9\subsetCars/DESCRIPTION' (734ms)
    
    
    
    
     - preparing 'subsetCars':
     checking DESCRIPTION meta-information ...
    
     checking DESCRIPTION meta-information ...
    
     v checking DESCRIPTION meta-information
    
    
    
    
     - checking for LF line-endings in source and make files and shell scripts (368ms)
    
    
     - checking for empty or unneeded directories
    
    
     NB: this package now depends on R (>=
    
     NB: this package now depends on R (>= 3.5.0)
    
    
     WARNING: Added dependency on R >= 3.5.0 because serialized objects in serialize/load version 3 cannot be read in older versions of R. File(s) containing such objects: 'subsetCars/data/cars_over_20.rda' 'subsetCars/data/pressure.rda'
     - building 'subsetCars_1.0.tar.gz'
    
    
    
    
     Next Steps
     1. Update your package documentation.
     - Edit the documentation.R file in the package source data-raw subdirectory and update the roxygen markup.
     - Rebuild the package documentation with document() .
     2. Add your package to source control.
     - Call git init . in the package source root directory.
     - git add the package files.
     - git commit your new package.
     - Set up a github repository for your pacakge.
     - Add the github repository as a remote of your local package repository.
     - git push your local repository to gitub.
     v Creating './'
     v Creating 'R/'
     v Writing 'DESCRIPTION'
     Package: subsetCars
     Title: What the Package Does (One Line, Title Case)
     Version: 0.0.0.9000
     Authors@R (parsed):
     * First Last <first.last@example.com> [aut, cre] (YOUR-ORCID-ID)
     Description: What the package does (one paragraph).
     License: What license it uses
     Encoding: UTF-8
     LazyData: true
     v Writing 'NAMESPACE'
     <U+2714> Added DataVersion string to 'DESCRIPTION'
     v Creating 'data-raw/'
     v Creating 'data/'
     v Creating 'inst/extdata/'
     <U+2714> Copied subsetCars.Rmd into 'data-raw'
     <U+2714> Copied extra.rmd into 'data-raw'
     <U+2714> configured 'datapackager.yml' file
    
     <U+2714> 1 data set(s) created by subsetCars.Rmd
     <c2><95> cars_over_20
     <U+2605> Built 1 of 2 data sets.
     <U+2714> 1 data set(s) created by extra.rmd
     <c2><95> pressure
     <U+2618> Built all datasets!
     Non-interactive NEWS.md file update.
    
     v Creating 'vignettes/'
     v Creating 'inst/doc/'
     Writing NAMESPACE
     Writing subsetCars.Rd
     Writing cars_over_20.Rd
     Writing pressure.Rd
    
    
    
     checking for file 'D:\temp\RtmpGm8mG9\subsetCars/DESCRIPTION' ...
    
     checking for file 'D:\temp\RtmpGm8mG9\subsetCars/DESCRIPTION' ...
    
     v checking for file 'D:\temp\RtmpGm8mG9\subsetCars/DESCRIPTION' (693ms)
    
    
    
    
     - preparing 'subsetCars':
     checking DESCRIPTION meta-information ...
    
     checking DESCRIPTION meta-information ...
    
     v checking DESCRIPTION meta-information
    
    
    
    
     - checking for LF line-endings in source and make files and shell scripts (375ms)
    
    
     - checking for empty or unneeded directories
    
    
     NB: this package now depends on R (>=
    
     NB: this package now depends on R (>= 3.5.0)
     WARNING: Added dependency on R >= 3.5.0 because serialized objects in serialize/load version 3 cannot be read in older versions of R. File(s) containing such objects: 'subsetCars/data/cars_over_20.rda' 'subsetCars/data/pressure.rda'
    
    
     - building 'subsetCars_1.0.tar.gz'
    
    
    
    
     Next Steps
     1. Update your package documentation.
     - Edit the documentation.R file in the package source data-raw subdirectory and update the roxygen markup.
     - Rebuild the package documentation with document() .
     2. Add your package to source control.
     - Call git init . in the package source root directory.
     - git add the package files.
     - git commit your new package.
     - Set up a github repository for your pacakge.
     - Add the github repository as a remote of your local package repository.
     - git push your local repository to gitub.
    
     <U+2714> 1 data set(s) created by subsetCars.Rmd
     <c2><95> cars_over_20
     <U+2605> Built 1 of 2 data sets.
    
     Writing NAMESPACE
     Writing subsetCars.Rd
     Writing cars_over_20.Rd
     Writing pressure.Rd
    
    
    
     checking for file 'D:\temp\RtmpGm8mG9\subsetCars/DESCRIPTION' ...
    
     v checking for file 'D:\temp\RtmpGm8mG9\subsetCars/DESCRIPTION' (812ms)
    
    
    
    
     - preparing 'subsetCars':
     checking DESCRIPTION meta-information ...
    
     checking DESCRIPTION meta-information ...
    
     v checking DESCRIPTION meta-information
    
    
    
    
     - checking for LF line-endings in source and make files and shell scripts
    
    
     - checking for empty or unneeded directories
    
    
     NB: this package now depends on R (>=
    
     NB: this package now depends on R (>= 3.5.0)
    
    
     WARNING: Added dependency on R >= 3.5.0 because serialized objects in serialize/load version 3 cannot be read in older versions of R. File(s) containing such objects: 'subsetCars/data/cars_over_20.rda' 'subsetCars/data/pressure.rda'
     - building 'subsetCars_1.0.tar.gz'
    
    
    
    
     Next Steps
     1. Update your package documentation.
     - Edit the documentation.R file in the package source data-raw subdirectory and update the roxygen markup.
     - Rebuild the package documentation with document() .
     2. Add your package to source control.
     - Call git init . in the package source root directory.
     - git add the package files.
     - git commit your new package.
     - Set up a github repository for your pacakge.
     - Add the github repository as a remote of your local package repository.
     - git push your local repository to gitub.
     v Creating './'
     v Creating 'R/'
     v Writing 'DESCRIPTION'
     Package: subsetCars
     Title: What the Package Does (One Line, Title Case)
     Version: 0.0.0.9000
     Authors@R (parsed):
     * First Last <first.last@example.com> [aut, cre] (YOUR-ORCID-ID)
     Description: What the package does (one paragraph).
     License: What license it uses
     Encoding: UTF-8
     LazyData: true
     v Writing 'NAMESPACE'
     <U+2714> Added DataVersion string to 'DESCRIPTION'
     v Creating 'data-raw/'
     v Creating 'data/'
     v Creating 'inst/extdata/'
     <U+2714> Copied subsetCars.Rmd into 'data-raw'
     <U+2714> configured 'datapackager.yml' file
     configuration:
     files:
     subsetCars.Rmd:
     enabled: yes
     extra.rmd:
     enabled: yes
     objects: cars_over_20
     render_root: dummy
     configuration:
     files:
     subsetCars.Rmd:
     enabled: yes
     extra.rmd:
     enabled: yes
     objects: cars_over_20
     render_root: dummy
     configuration:
     files:
     subsetCars.Rmd:
     enabled: yes
     extra.rmd:
     enabled: yes
     objects:
     - cars_over_20
     - foo_obj
     render_root: dummy
     configuration:
     files:
     subsetCars.Rmd:
     enabled: yes
     extra.rmd:
     enabled: yes
     objects: cars_over_20
     render_root: dummy
    
     subsetCars.Rmd extra.rmd
     cars_over_20== testthat results ===========================================================
     [ OK: 205 | SKIPPED: 0 | WARNINGS: 0 | FAILED: 2 ]
     1. Error: documentation is built via document() (@test-document.R#51)
     2. Error: R file processing works and creates vignettes (@test-r-processing.R#24)
    
     Error: testthat unit tests failed
     Execution halted
Flavor: r-devel-windows-ix86+x86_64

Version: 0.15.7
Check: tests
Result: ERROR
     Running 'spelling.R' [1s]
     Running 'testthat.R' [136s]
    Running the tests in 'tests/testthat.R' failed.
    Complete output:
     > library(testthat)
     > library(DataPackageR)
     > options("DataPackageR_interact" = FALSE)
     > # Test only if pandoc is available.
     > if (rmarkdown::pandoc_available()) {
     + test_check("DataPackageR")
     + }
     v Creating 'D:/temp/RtmpmUrnN7/subsetCars/'
     v Setting active project to 'D:/temp/RtmpmUrnN7/subsetCars'
     v Creating 'R/'
     v Writing 'DESCRIPTION'
     Package: subsetCars
     Title: What the Package Does (One Line, Title Case)
     Version: 0.0.0.9000
     Authors@R (parsed):
     * First Last <first.last@example.com> [aut, cre] (YOUR-ORCID-ID)
     Description: What the package does (one paragraph).
     License: What license it uses
     Encoding: UTF-8
     LazyData: true
     v Writing 'NAMESPACE'
     v Setting active project to '<no active project>'
     v Setting active project to 'D:/temp/RtmpmUrnN7/subsetCars'
     <U+2714> Added DataVersion string to 'DESCRIPTION'
     v Creating 'data-raw/'
     v Creating 'data/'
     v Creating 'inst/extdata/'
     <U+2714> Copied subsetCars.Rmd into 'data-raw'
     <U+2714> configured 'datapackager.yml' file
    
     <U+2714> 1 data set(s) created by subsetCars.Rmd
     <c2><95> cars_over_20
     <U+2618> Built all datasets!
     Non-interactive NEWS.md file update.
    
     v Creating 'vignettes/'
     v Creating 'inst/doc/'
     Writing NAMESPACE
     Writing subsetCars.Rd
     Writing cars_over_20.Rd
    
    
    
     checking for file 'D:\temp\RtmpmUrnN7\subsetCars/DESCRIPTION' ...
    
     checking for file 'D:\temp\RtmpmUrnN7\subsetCars/DESCRIPTION' ...
    
     v checking for file 'D:\temp\RtmpmUrnN7\subsetCars/DESCRIPTION' (812ms)
    
    
    
    
     - preparing 'subsetCars':
     checking DESCRIPTION meta-information ...
    
     checking DESCRIPTION meta-information ...
    
     v checking DESCRIPTION meta-information
    
    
    
    
     - checking for LF line-endings in source and make files and shell scripts (359ms)
    
    
     - checking for empty or unneeded directories
    
    
     NB: this package now depends on R (>=
    
     NB: this package now depends on R (>= 3.5.0)
     WARNING: Added dependency on R >= 3.5.0 because serialized objects in serialize/load version 3 cannot be read in older versions of R. File(s) containing such objects: 'subsetCars/data/cars_over_20.rda'
    
    
     - building 'subsetCars_1.0.tar.gz'
    
    
    
    
     Next Steps
     1. Update your package documentation.
     - Edit the documentation.R file in the package source data-raw subdirectory and update the roxygen markup.
     - Rebuild the package documentation with document() .
     2. Add your package to source control.
     - Call git init . in the package source root directory.
     - git add the package files.
     - git commit your new package.
     - Set up a github repository for your pacakge.
     - Add the github repository as a remote of your local package repository.
     - git push your local repository to gitub.
    
     <U+2714> 1 data set(s) created by subsetCars.Rmd
     <c2><95> cars_over_20
     <U+2618> Built all datasets!
    
     Writing NAMESPACE
     Writing subsetCars.Rd
     Writing cars_over_20.Rd
    
    
    
     checking for file 'D:\temp\RtmpmUrnN7\subsetCars/DESCRIPTION' ...
    
     checking for file 'D:\temp\RtmpmUrnN7\subsetCars/DESCRIPTION' ...
    
     v checking for file 'D:\temp\RtmpmUrnN7\subsetCars/DESCRIPTION' (750ms)
    
    
    
    
     - preparing 'subsetCars':
     checking DESCRIPTION meta-information ...
    
     checking DESCRIPTION meta-information ...
    
     v checking DESCRIPTION meta-information
    
    
    
    
     - checking for LF line-endings in source and make files and shell scripts (469ms)
    
    
     - checking for empty or unneeded directories
    
    
     NB: this package now depends on R (>=
    
     NB: this package now depends on R (>= 3.5.0)
     WARNING: Added dependency on R >= 3.5.0 because serialized objects in serialize/load version 3 cannot be read in older versions of R. File(s) containing such objects: 'subsetCars/data/cars_over_20.rda'
    
    
     - building 'subsetCars_1.0.tar.gz'
    
    
    
    
     Next Steps
     1. Update your package documentation.
     - Edit the documentation.R file in the package source data-raw subdirectory and update the roxygen markup.
     - Rebuild the package documentation with document() .
     2. Add your package to source control.
     - Call git init . in the package source root directory.
     - git add the package files.
     - git commit your new package.
     - Set up a github repository for your pacakge.
     - Add the github repository as a remote of your local package repository.
     - git push your local repository to gitub.
     FATAL [2020-01-20 09:44:30] Non existent package subsetCars
     v Creating './'
     v Creating 'R/'
     v Writing 'DESCRIPTION'
     Package: subsetCars
     Title: What the Package Does (One Line, Title Case)
     Version: 0.0.0.9000
     Authors@R (parsed):
     * First Last <first.last@example.com> [aut, cre] (YOUR-ORCID-ID)
     Description: What the package does (one paragraph).
     License: What license it uses
     Encoding: UTF-8
     LazyData: true
     v Writing 'NAMESPACE'
     <U+2714> Added DataVersion string to 'DESCRIPTION'
     v Creating 'data-raw/'
     v Creating 'data/'
     v Creating 'inst/extdata/'
     <U+2714> Copied subsetCars.Rmd into 'data-raw'
     <U+2714> Copied extra.rmd into 'data-raw'
     <U+2714> configured 'datapackager.yml' file
    
     <U+2714> 1 data set(s) created by subsetCars.Rmd
     <c2><95> cars_over_20
     <U+2618> Built all datasets!
     <U+2714> 0 data set(s) created by extra.rmd
     <U+2618> Built all datasets!
     Non-interactive NEWS.md file update.
    
     v Creating 'vignettes/'
     v Creating 'inst/doc/'
     Writing NAMESPACE
     Writing subsetCars.Rd
     Writing cars_over_20.Rd
    
    
    
     checking for file 'D:\temp\RtmpmUrnN7\subsetCars/DESCRIPTION' ...
    
     checking for file 'D:\temp\RtmpmUrnN7\subsetCars/DESCRIPTION' ...
    
     v checking for file 'D:\temp\RtmpmUrnN7\subsetCars/DESCRIPTION' (711ms)
    
    
    
    
     - preparing 'subsetCars':
     checking DESCRIPTION meta-information ...
    
     checking DESCRIPTION meta-information ...
    
     v checking DESCRIPTION meta-information
    
    
    
    
     - checking for LF line-endings in source and make files and shell scripts (344ms)
    
    
     - checking for empty or unneeded directories
    
    
     NB: this package now depends on R (>=
    
     NB: this package now depends on R (>= 3.5.0)
    
    
     WARNING: Added dependency on R >= 3.5.0 because serialized objects in serialize/load version 3 cannot be read in older versions of R. File(s) containing such objects: 'subsetCars/data/cars_over_20.rda'
     - building 'subsetCars_1.0.tar.gz'
    
    
    
    
     Next Steps
     1. Update your package documentation.
     - Edit the documentation.R file in the package source data-raw subdirectory and update the roxygen markup.
     - Rebuild the package documentation with document() .
     2. Add your package to source control.
     - Call git init . in the package source root directory.
     - git add the package files.
     - git commit your new package.
     - Set up a github repository for your pacakge.
     - Add the github repository as a remote of your local package repository.
     - git push your local repository to gitub.
     v Setting active project to '<no active project>'
     v Creating 'D:/temp/RtmpmUrnN7/file27ddc352344b8/'
     v Setting active project to 'D:/temp/RtmpmUrnN7/file27ddc352344b8'
     v Creating 'R/'
     v Writing 'DESCRIPTION'
     Package: file27ddc352344b8
     Title: What the Package Does (One Line, Title Case)
     Version: 0.0.0.9000
     Authors@R (parsed):
     * First Last <first.last@example.com> [aut, cre] (YOUR-ORCID-ID)
     Description: What the package does (one paragraph).
     License: What license it uses
     Encoding: UTF-8
     LazyData: true
     v Writing 'NAMESPACE'
     v Setting active project to '<no active project>'
     v Setting active project to 'D:/temp/RtmpmUrnN7/file27ddc352344b8'
     <U+2714> Added DataVersion string to 'DESCRIPTION'
     v Creating 'data-raw/'
     v Creating 'data/'
     v Creating 'inst/extdata/'
     <U+2714> Copied foo.Rmd into 'data-raw'
     <U+2714> configured 'datapackager.yml' file
    
     <U+2714> 1 data set(s) created by foo.Rmd
     <c2><95> tbl
     <U+2618> Built all datasets!
     Non-interactive NEWS.md file update.
    
     v Creating 'vignettes/'
     v Creating 'inst/doc/'
     Writing NAMESPACE
     Writing file27ddc352344b8.Rd
     Writing tbl.Rd
    
    
    
     checking for file 'D:\temp\RtmpmUrnN7\file27ddc352344b8/DESCRIPTION' ...
    
     v checking for file 'D:\temp\RtmpmUrnN7\file27ddc352344b8/DESCRIPTION' (625ms)
    
    
    
    
     - preparing 'file27ddc352344b8':
     checking DESCRIPTION meta-information ...
    
     checking DESCRIPTION meta-information ...
    
     v checking DESCRIPTION meta-information
    
    
    
    
     - checking for LF line-endings in source and make files and shell scripts (344ms)
    
    
     - checking for empty or unneeded directories
    
    
     NB: this package now depends on R (>=
    
     NB: this package now depends on R (>= 3.5.0)
    
    
     WARNING: Added dependency on R >= 3.5.0 because serialized objects in serialize/load version 3 cannot be read in older versions of R. File(s) containing such objects: 'file27ddc352344b8/data/tbl.rda'
     - building 'file27ddc352344b8_1.0.tar.gz'
    
    
    
    
     Next Steps
     1. Update your package documentation.
     - Edit the documentation.R file in the package source data-raw subdirectory and update the roxygen markup.
     - Rebuild the package documentation with document() .
     2. Add your package to source control.
     - Call git init . in the package source root directory.
     - git add the package files.
     - git commit your new package.
     - Set up a github repository for your pacakge.
     - Add the github repository as a remote of your local package repository.
     - git push your local repository to gitub.
     v Creating 'D:/temp/RtmpmUrnN7/subsetCars/'
     v Setting active project to 'D:/temp/RtmpmUrnN7/subsetCars'
     v Creating 'R/'
     v Writing 'DESCRIPTION'
     Package: subsetCars
     Title: What the Package Does (One Line, Title Case)
     Version: 0.0.0.9000
     Authors@R (parsed):
     * First Last <first.last@example.com> [aut, cre] (YOUR-ORCID-ID)
     Description: What the package does (one paragraph).
     License: What license it uses
     Encoding: UTF-8
     LazyData: true
     v Writing 'NAMESPACE'
     v Setting active project to 'D:/temp/RtmpmUrnN7/file27ddc352344b8'
     v Setting active project to 'D:/temp/RtmpmUrnN7/subsetCars'
     <U+2714> Added DataVersion string to 'DESCRIPTION'
     v Creating 'data-raw/'
     v Creating 'data/'
     v Creating 'inst/extdata/'
     <U+2714> Copied subsetCars.Rmd into 'data-raw'
     <U+2714> configured 'datapackager.yml' file
    
     <U+2714> 1 data set(s) created by subsetCars.Rmd
     <c2><95> cars_over_20
     <U+2618> Built all datasets!
     Non-interactive NEWS.md file update.
    
     v Creating 'vignettes/'
     v Creating 'inst/doc/'
     Writing NAMESPACE
     Writing subsetCars.Rd
     Writing cars_over_20.Rd
    
    
    
     checking for file 'D:\temp\RtmpmUrnN7\subsetCars/DESCRIPTION' ...
    
     v checking for file 'D:\temp\RtmpmUrnN7\subsetCars/DESCRIPTION' (578ms)
    
    
    
    
     - preparing 'subsetCars':
     checking DESCRIPTION meta-information ...
    
     checking DESCRIPTION meta-information ...
    
     v checking DESCRIPTION meta-information
    
    
    
    
     - checking for LF line-endings in source and make files and shell scripts (343ms)
    
    
     - checking for empty or unneeded directories
    
    
     NB: this package now depends on R (>=
    
     NB: this package now depends on R (>= 3.5.0)
    
    
     WARNING: Added dependency on R >= 3.5.0 because serialized objects in serialize/load version 3 cannot be read in older versions of R. File(s) containing such objects: 'subsetCars/data/cars_over_20.rda'
     - building 'subsetCars_1.0.tar.gz'
    
    
    
    
     Next Steps
     1. Update your package documentation.
     - Edit the documentation.R file in the package source data-raw subdirectory and update the roxygen markup.
     - Rebuild the package documentation with document() .
     2. Add your package to source control.
     - Call git init . in the package source root directory.
     - git add the package files.
     - git commit your new package.
     - Set up a github repository for your pacakge.
     - Add the github repository as a remote of your local package repository.
     - git push your local repository to gitub.
     v Creating './'
     v Creating 'R/'
     v Writing 'DESCRIPTION'
     Package: subsetCars
     Title: What the Package Does (One Line, Title Case)
     Version: 0.0.0.9000
     Authors@R (parsed):
     * First Last <first.last@example.com> [aut, cre] (YOUR-ORCID-ID)
     Description: What the package does (one paragraph).
     License: What license it uses
     Encoding: UTF-8
     LazyData: true
     v Writing 'NAMESPACE'
     <U+2714> Added DataVersion string to 'DESCRIPTION'
     v Creating 'data-raw/'
     v Creating 'data/'
     v Creating 'inst/extdata/'
     <U+2714> Copied subsetCars.Rmd into 'data-raw'
     <U+2714> configured 'datapackager.yml' file
    
     <U+2714> 1 data set(s) created by subsetCars.Rmd
     <c2><95> cars_over_20
     <U+2618> Built all datasets!
     Non-interactive NEWS.md file update.
    
     v Creating 'vignettes/'
     v Creating 'inst/doc/'
     Writing NAMESPACE
     Writing subsetCars.Rd
     Writing cars_over_20.Rd
    
    
    
     checking for file 'D:\temp\RtmpmUrnN7\subsetCars/DESCRIPTION' ...
    
     checking for file 'D:\temp\RtmpmUrnN7\subsetCars/DESCRIPTION' ...
    
     v checking for file 'D:\temp\RtmpmUrnN7\subsetCars/DESCRIPTION' (639ms)
    
    
    
    
     - preparing 'subsetCars':
     checking DESCRIPTION meta-information ...
    
     checking DESCRIPTION meta-information ...
    
     v checking DESCRIPTION meta-information
    
    
    
    
     - checking for LF line-endings in source and make files and shell scripts
    
    
     - checking for empty or unneeded directories
    
    
     NB: this package now depends on R (>=
    
     NB: this package now depends on R (>= 3.5.0)
    
    
     WARNING: Added dependency on R >= 3.5.0 because serialized objects in serialize/load version 3 cannot be read in older versions of R. File(s) containing such objects: 'subsetCars/data/cars_over_20.rda'
     - building 'subsetCars_1.0.tar.gz'
    
    
    
    
     Next Steps
     1. Update your package documentation.
     - Edit the documentation.R file in the package source data-raw subdirectory and update the roxygen markup.
     - Rebuild the package documentation with document() .
     2. Add your package to source control.
     - Call git init . in the package source root directory.
     - git add the package files.
     - git commit your new package.
     - Set up a github repository for your pacakge.
     - Add the github repository as a remote of your local package repository.
     - git push your local repository to gitub.
     [1] "D:/temp/RtmpmUrnN7/subsetCars/data/cars_over_20_2.rda"
     v Creating './'
     v Creating 'R/'
     v Writing 'DESCRIPTION'
     Package: subsetCars
     Title: What the Package Does (One Line, Title Case)
     Version: 0.0.0.9000
     Authors@R (parsed):
     * First Last <first.last@example.com> [aut, cre] (YOUR-ORCID-ID)
     Description: What the package does (one paragraph).
     License: What license it uses
     Encoding: UTF-8
     LazyData: true
     v Writing 'NAMESPACE'
     <U+2714> Added DataVersion string to 'DESCRIPTION'
     v Creating 'data-raw/'
     v Creating 'data/'
     v Creating 'inst/extdata/'
     <U+2714> Copied subsetCars.Rmd into 'data-raw'
     <U+2714> configured 'datapackager.yml' file
    
     <U+2714> 1 data set(s) created by subsetCars.Rmd
     <c2><95> cars_over_20
     <U+2618> Built all datasets!
     Non-interactive NEWS.md file update.
    
     v Creating 'vignettes/'
     v Creating 'inst/doc/'
     Writing NAMESPACE
     Writing subsetCars.Rd
     Writing cars_over_20.Rd
    
    
    
     checking for file 'D:\temp\RtmpmUrnN7\subsetCars/DESCRIPTION' ...
    
     v checking for file 'D:\temp\RtmpmUrnN7\subsetCars/DESCRIPTION' (593ms)
    
    
    
    
     - preparing 'subsetCars':
     checking DESCRIPTION meta-information ...
    
     checking DESCRIPTION meta-information ...
    
     v checking DESCRIPTION meta-information
    
    
    
    
     - checking for LF line-endings in source and make files and shell scripts
    
    
     - checking for empty or unneeded directories
    
    
     NB: this package now depends on R (>=
    
     NB: this package now depends on R (>= 3.5.0)
    
    
     WARNING: Added dependency on R >= 3.5.0 because serialized objects in serialize/load version 3 cannot be read in older versions of R. File(s) containing such objects: 'subsetCars/data/cars_over_20.rda'
     - building 'subsetCars_1.0.tar.gz'
    
    
    
    
     Next Steps
     1. Update your package documentation.
     - Edit the documentation.R file in the package source data-raw subdirectory and update the roxygen markup.
     - Rebuild the package documentation with document() .
     2. Add your package to source control.
     - Call git init . in the package source root directory.
     - git add the package files.
     - git commit your new package.
     - Set up a github repository for your pacakge.
     - Add the github repository as a remote of your local package repository.
     - git push your local repository to gitub.
    
     Warning: package 'subsetCars' is in use and will not be installed
     Warning: package 'subsetCars' is in use and will not be installed
     -- 1. Error: documentation is built via document() (@test-document.R#51) ------
     there is no package called 'subsetCars'
     Backtrace:
     1. utils::vignette(...)
     2. tools::getVignetteInfo(package, lib.loc, all)
     3. base::find.package(package, lib.loc)
    
     v Creating './'
     v Creating 'R/'
     v Writing 'DESCRIPTION'
     Package: subsetCars
     Title: What the Package Does (One Line, Title Case)
     Version: 0.0.0.9000
     Authors@R (parsed):
     * First Last <first.last@example.com> [aut, cre] (YOUR-ORCID-ID)
     Description: What the package does (one paragraph).
     License: What license it uses
     Encoding: UTF-8
     LazyData: true
     v Writing 'NAMESPACE'
     <U+2714> Added DataVersion string to 'DESCRIPTION'
     v Creating 'data-raw/'
     v Creating 'data/'
     v Creating 'inst/extdata/'
     <U+2714> Copied subsetCars.Rmd into 'data-raw'
     <U+2714> configured 'datapackager.yml' file
    
     <U+2714> 1 data set(s) created by subsetCars.Rmd
     <c2><95> cars_over_20
     <U+2618> Built all datasets!
     Non-interactive NEWS.md file update.
    
     v Creating 'vignettes/'
     v Creating 'inst/doc/'
     Writing NAMESPACE
     Writing subsetCars.Rd
     Writing cars_over_20.Rd
    
    
    
     checking for file 'D:\temp\RtmpmUrnN7\subsetCars/DESCRIPTION' ...
    
     checking for file 'D:\temp\RtmpmUrnN7\subsetCars/DESCRIPTION' ...
    
     v checking for file 'D:\temp\RtmpmUrnN7\subsetCars/DESCRIPTION' (780ms)
    
    
    
    
     - preparing 'subsetCars':
     checking DESCRIPTION meta-information ...
    
     checking DESCRIPTION meta-information ...
    
     v checking DESCRIPTION meta-information
    
    
    
    
     - checking for LF line-endings in source and make files and shell scripts (359ms)
    
    
     - checking for empty or unneeded directories
    
    
     NB: this package now depends on R (>=
    
     NB: this package now depends on R (>= 3.5.0)
    
    
     WARNING: Added dependency on R >= 3.5.0 because serialized objects in serialize/load version 3 cannot be read in older versions of R. File(s) containing such objects: 'subsetCars/data/cars_over_20.rda'
     - building 'subsetCars_1.0.tar.gz'
    
    
    
    
     Next Steps
     1. Update your package documentation.
     - Edit the documentation.R file in the package source data-raw subdirectory and update the roxygen markup.
     - Rebuild the package documentation with document() .
     2. Add your package to source control.
     - Call git init . in the package source root directory.
     - git add the package files.
     - git commit your new package.
     - Set up a github repository for your pacakge.
     - Add the github repository as a remote of your local package repository.
     - git push your local repository to gitub.
    
     cars_over_20FATAL [2020-01-20 09:45:02] render_root is not set in yaml
     Error : No root directory found in D:/temp/RtmpmUrnN7 or its parent directories. Root criterion: contains a file `DESCRIPTION` with contents matching `^Package: `
     FATAL [2020-01-20 09:45:02] D:/temp/RtmpmUrnN7 is not a valid R package directory beneath D:/temp/RtmpmUrnN7/subsetCars
    
    
     v Setting active project to 'D:/temp/RtmpmUrnN7/foo'
     FATAL [2020-01-20 09:45:02] Directory D:/temp/RtmpmUrnN7/foo/data-raw doesn't exist.
    
     FATAL [2020-01-20 09:45:02] You need a valid package data strucutre. Missing ./R ./inst ./data or./data-raw subdirectories.
    
     FATAL [2020-01-20 09:45:02] You need a valid package data strucutre. Missing ./R ./inst ./data or./data-raw subdirectories.
    
     FATAL [2020-01-20 09:45:03] You need a valid package data strucutre. Missing ./R ./inst ./data or./data-raw subdirectories.
    
     FATAL [2020-01-20 09:45:03] You need a valid package data strucutre. Missing ./R ./inst ./data or./data-raw subdirectories.
     FATAL [2020-01-20 09:45:03] . doesn't exist!
     FATAL [2020-01-20 09:45:03] DESCRIPTION file must have a DataVersion line. i.e. DataVersion: 0.2.0
     FATAL [2020-01-20 09:45:03] Invalid DataVersion string found 1.1.1 and 1.a.1
     WARN [2020-01-20 09:45:03] a has changed.
     ERROR [2020-01-20 09:45:03] render_root = /foobar doesn't exist.
     configuration:
     files: {}
     objects: foobar
     render_root:
     tmp: '55842'
     FATAL [2020-01-20 09:45:03] . doesn't exist!
     v Creating './'
     v Creating 'R/'
     v Writing 'DESCRIPTION'
     Package: foo
     Title: What the Package Does (One Line, Title Case)
     Version: 0.0.0.9000
     Authors@R (parsed):
     * First Last <first.last@example.com> [aut, cre] (YOUR-ORCID-ID)
     Description: What the package does (one paragraph).
     License: What license it uses
     Encoding: UTF-8
     LazyData: true
     v Writing 'NAMESPACE'
     <U+2714> Added DataVersion string to 'DESCRIPTION'
     v Creating 'data-raw/'
     v Creating 'data/'
     v Creating 'inst/extdata/'
     <U+2714> configured 'datapackager.yml' file
    
     FATAL [2020-01-20 09:45:03] You need a valid package data strucutre. Missing ./R ./inst ./data or./data-raw subdirectories.
    
     FATAL [2020-01-20 09:45:03] You need a valid package data strucutre. Missing ./R ./inst ./data or./data-raw subdirectories.
    
     FATAL [2020-01-20 09:45:03] You need a valid package data strucutre. Missing ./R ./inst ./data or./data-raw subdirectories.
     v Setting active project to '<no active project>'
    
     v Setting active project to 'D:/temp/RtmpmUrnN7/subsetCars'
     v Creating 'R/'
     v Writing 'DESCRIPTION'
     Package: subsetCars
     Title: What the Package Does (One Line, Title Case)
     Version: 0.0.0.9000
     Authors@R (parsed):
     * First Last <first.last@example.com> [aut, cre] (YOUR-ORCID-ID)
     Description: What the package does (one paragraph).
     License: What license it uses
     Encoding: UTF-8
     LazyData: true
     v Writing 'NAMESPACE'
     v Setting active project to '<no active project>'
     v Setting active project to 'D:/temp/RtmpmUrnN7/subsetCars'
     <U+2714> Added DataVersion string to 'DESCRIPTION'
     v Creating 'data-raw/'
     v Creating 'data/'
     v Creating 'inst/extdata/'
     <U+2714> Copied subsetCars.Rmd into 'data-raw'
     <U+2714> configured 'datapackager.yml' file
    
     <U+2714> 1 data set(s) created by subsetCars.Rmd
     <c2><95> cars_over_20
     <U+2618> Built all datasets!
     v Creating 'R/'
     v Writing 'DESCRIPTION'
     Package: subsetCars
     Title: What the Package Does (One Line, Title Case)
     Version: 0.0.0.9000
     Authors@R (parsed):
     * First Last <first.last@example.com> [aut, cre] (YOUR-ORCID-ID)
     Description: What the package does (one paragraph).
     License: What license it uses
     Encoding: UTF-8
     LazyData: true
     v Writing 'NAMESPACE'
     <U+2714> Added DataVersion string to 'DESCRIPTION'
     v Creating 'data-raw/'
     v Creating 'data/'
     v Creating 'inst/extdata/'
     <U+2714> Copied subsetCars.Rmd into 'data-raw'
     <U+2714> configured 'datapackager.yml' file
    
     FATAL [2020-01-20 09:45:05] YAML is missing 'configuration:' entry
    
     FATAL [2020-01-20 09:45:05] YAML is missing files: and objects: entries
    
     FATAL [2020-01-20 09:45:05] No files enabled for processing!
    
     ERROR [2020-01-20 09:45:05] render_root = foobar doesn't exist.
     FATAL [2020-01-20 09:45:05] Can't create, or render_root = foobar doesn't exist
    
     FATAL [2020-01-20 09:45:06] You must specify at least one data object.
    
     FATAL [2020-01-20 09:45:06] Can't find any R or Rmd files.
     FATAL [2020-01-20 09:45:06] Cant' find file: D:/temp/RtmpmUrnN7/subsetCars/data-raw/foo.rmd
     v Creating './'
     v Creating 'R/'
     v Writing 'DESCRIPTION'
     Package: subsetCars
     Title: What the Package Does (One Line, Title Case)
     Version: 0.0.0.9000
     Authors@R (parsed):
     * First Last <first.last@example.com> [aut, cre] (YOUR-ORCID-ID)
     Description: What the package does (one paragraph).
     License: What license it uses
     Encoding: UTF-8
     LazyData: true
     v Writing 'NAMESPACE'
     <U+2714> Added DataVersion string to 'DESCRIPTION'
     v Creating 'data-raw/'
     v Creating 'data/'
     v Creating 'inst/extdata/'
     <U+2714> Copied subsetCars.Rmd into 'data-raw'
     <U+2714> configured 'datapackager.yml' file
     v Creating './'
     v Creating 'R/'
     v Writing 'DESCRIPTION'
     Package: subsetCars
     Title: What the Package Does (One Line, Title Case)
     Version: 0.0.0.9000
     Authors@R (parsed):
     * First Last <first.last@example.com> [aut, cre] (YOUR-ORCID-ID)
     Description: What the package does (one paragraph).
     License: What license it uses
     Encoding: UTF-8
     LazyData: true
     v Writing 'NAMESPACE'
     <U+2714> Added DataVersion string to 'DESCRIPTION'
     v Creating 'data-raw/'
     v Creating 'data/'
     v Creating 'inst/extdata/'
     <U+2714> Copied subsetCars.Rmd into 'data-raw'
     <U+2714> configured 'datapackager.yml' file
    
     <U+2714> 1 data set(s) created by subsetCars.Rmd
     <c2><95> cars_over_20
     <U+2618> Built all datasets!
     Non-interactive NEWS.md file update.
    
     v Creating 'vignettes/'
     v Creating 'inst/doc/'
     Writing NAMESPACE
     Writing subsetCars.Rd
     Writing cars_over_20.Rd
    
    
    
     checking for file 'D:\temp\RtmpmUrnN7\subsetCars/DESCRIPTION' ...
    
     checking for file 'D:\temp\RtmpmUrnN7\subsetCars/DESCRIPTION' ...
    
     v checking for file 'D:\temp\RtmpmUrnN7\subsetCars/DESCRIPTION' (593ms)
    
    
    
    
     - preparing 'subsetCars':
     checking DESCRIPTION meta-information ...
    
     checking DESCRIPTION meta-information ...
    
     v checking DESCRIPTION meta-information
    
    
    
    
     - checking for LF line-endings in source and make files and shell scripts
    
    
     - checking for empty or unneeded directories
    
    
     NB: this package now depends on R (>=
    
     NB: this package now depends on R (>= 3.5.0)
     WARNING: Added dependency on R >= 3.5.0 because serialized objects in serialize/load version 3 cannot be read in older versions of R. File(s) containing such objects: 'subsetCars/data/cars_over_20.rda'
     - building 'subsetCars_1.0.tar.gz'
    
    
    
    
     Next Steps
     1. Update your package documentation.
     - Edit the documentation.R file in the package source data-raw subdirectory and update the roxygen markup.
     - Rebuild the package documentation with document() .
     2. Add your package to source control.
     - Call git init . in the package source root directory.
     - git add the package files.
     - git commit your new package.
     - Set up a github repository for your pacakge.
     - Add the github repository as a remote of your local package repository.
     - git push your local repository to gitub.
    
     <U+2714> 1 data set(s) created by subsetCars.Rmd
     <c2><95> cars_over_20
     <U+2618> Built all datasets!
    
     Writing NAMESPACE
     Writing subsetCars.Rd
     Writing cars_over_20.Rd
    
    
    
     checking for file 'D:\temp\RtmpmUrnN7\subsetCars/DESCRIPTION' ...
    
     checking for file 'D:\temp\RtmpmUrnN7\subsetCars/DESCRIPTION' ...
    
     v checking for file 'D:\temp\RtmpmUrnN7\subsetCars/DESCRIPTION' (625ms)
    
    
    
    
     - preparing 'subsetCars':
     checking DESCRIPTION meta-information ...
    
     checking DESCRIPTION meta-information ...
    
     v checking DESCRIPTION meta-information
    
    
    
    
     - checking for LF line-endings in source and make files and shell scripts
    
    
    
    
     - checking for empty or unneeded directories
    
    
     NB: this package now depends on R (>=
    
     NB: this package now depends on R (>= 3.5.0)
     WARNING: Added dependency on R >= 3.5.0 because serialized objects in serialize/load version 3 cannot be read in older versions of R.
    
     WARNING: Added dependency on R >= 3.5.0 because serialized objects in serialize/load version 3 cannot be read in older versions of R. File(s) containing such objects: 'subsetCars/data/cars_over_20.rda'
     - building 'subsetCars_1.0.tar.gz'
    
    
    
    
     Next Steps
     1. Update your package documentation.
     - Edit the documentation.R file in the package source data-raw subdirectory and update the roxygen markup.
     - Rebuild the package documentation with document() .
     2. Add your package to source control.
     - Call git init . in the package source root directory.
     - git add the package files.
     - git commit your new package.
     - Set up a github repository for your pacakge.
     - Add the github repository as a remote of your local package repository.
     - git push your local repository to gitub.
     v Creating './'
     v Creating 'R/'
     v Writing 'DESCRIPTION'
     Package: subsetCars
     Title: What the Package Does (One Line, Title Case)
     Version: 0.0.0.9000
     Authors@R (parsed):
     * First Last <first.last@example.com> [aut, cre] (YOUR-ORCID-ID)
     Description: What the package does (one paragraph).
     License: What license it uses
     Encoding: UTF-8
     LazyData: true
     v Writing 'NAMESPACE'
     <U+2714> Added DataVersion string to 'DESCRIPTION'
     v Creating 'data-raw/'
     v Creating 'data/'
     v Creating 'inst/extdata/'
     <U+2714> Copied subsetCars.Rmd into 'data-raw'
     <U+2714> configured 'datapackager.yml' file
    
     <U+2714> 1 data set(s) created by subsetCars.Rmd
     <c2><95> cars_over_20
     <U+2618> Built all datasets!
     Non-interactive NEWS.md file update.
    
     v Creating 'vignettes/'
     v Creating 'inst/doc/'
     Writing NAMESPACE
     Writing subsetCars.Rd
     Writing cars_over_20.Rd
    
    
    
     checking for file 'D:\temp\RtmpmUrnN7\subsetCars/DESCRIPTION' ...
    
     v checking for file 'D:\temp\RtmpmUrnN7\subsetCars/DESCRIPTION' (609ms)
    
    
    
    
     - preparing 'subsetCars':
     checking DESCRIPTION meta-information ...
    
     checking DESCRIPTION meta-information ...
    
     v checking DESCRIPTION meta-information
    
    
    
    
     - checking for LF line-endings in source and make files and shell scripts (344ms)
    
    
     - checking for empty or unneeded directories
    
    
     NB: this package now depends on R (>=
    
     NB: this package now depends on R (>= 3.5.0)
     WARNING: Added dependency on R >= 3.5.0 because serialized objects in serialize/load version 3 cannot be read in older versions of R. File(s) containing such objects: 'subsetCars/data/cars_over_20.rda'
     - building 'subsetCars_1.0.tar.gz'
    
    
    
    
     Next Steps
     1. Update your package documentation.
     - Edit the documentation.R file in the package source data-raw subdirectory and update the roxygen markup.
     - Rebuild the package documentation with document() .
     2. Add your package to source control.
     - Call git init . in the package source root directory.
     - git add the package files.
     - git commit your new package.
     - Set up a github repository for your pacakge.
     - Add the github repository as a remote of your local package repository.
     - git push your local repository to gitub.
     Non-interactive NEWS.md file update.
     v Creating './'
     v Creating 'R/'
     v Writing 'DESCRIPTION'
     Package: subsetCars
     Title: What the Package Does (One Line, Title Case)
     Version: 0.0.0.9000
     Authors@R (parsed):
     * First Last <first.last@example.com> [aut, cre] (YOUR-ORCID-ID)
     Description: What the package does (one paragraph).
     License: What license it uses
     Encoding: UTF-8
     LazyData: true
     v Writing 'NAMESPACE'
     <U+2714> Added DataVersion string to 'DESCRIPTION'
     v Creating 'data-raw/'
     v Creating 'data/'
     v Creating 'inst/extdata/'
     <U+2714> Copied subsetCars.Rmd into 'data-raw'
     <U+2714> Copied extra.rmd into 'data-raw'
     <U+2714> configured 'datapackager.yml' file
     v Creating './'
     v Creating 'R/'
     v Writing 'DESCRIPTION'
     Package: subsetCars
     Title: What the Package Does (One Line, Title Case)
     Version: 0.0.0.9000
     Authors@R (parsed):
     * First Last <first.last@example.com> [aut, cre] (YOUR-ORCID-ID)
     Description: What the package does (one paragraph).
     License: What license it uses
     Encoding: UTF-8
     LazyData: true
     v Writing 'NAMESPACE'
     <U+2714> Added DataVersion string to 'DESCRIPTION'
     v Creating 'data-raw/'
     v Creating 'data/'
     v Creating 'inst/extdata/'
     <U+2714> Copied subsetCars.Rmd into 'data-raw'
     <U+2714> configured 'datapackager.yml' file
    
     <U+2714> 1 data set(s) created by subsetCars.Rmd
     <c2><95> cars_over_20
     <U+2618> Built all datasets!
     Non-interactive NEWS.md file update.
    
     v Creating 'vignettes/'
     v Creating 'inst/doc/'
     Writing NAMESPACE
     Writing subsetCars.Rd
     Writing cars_over_20.Rd
    
    
    
     checking for file 'D:\temp\RtmpmUrnN7\subsetCars/DESCRIPTION' ...
    
     checking for file 'D:\temp\RtmpmUrnN7\subsetCars/DESCRIPTION' ...
    
     v checking for file 'D:\temp\RtmpmUrnN7\subsetCars/DESCRIPTION' (749ms)
    
    
    
    
     - preparing 'subsetCars':
     checking DESCRIPTION meta-information ...
    
     checking DESCRIPTION meta-information ...
    
     v checking DESCRIPTION meta-information
    
    
    
    
     - checking for LF line-endings in source and make files and shell scripts (359ms)
    
    
     - checking for empty or unneeded directories
    
    
     NB: this package now depends on R (>=
    
     NB: this package now depends on R (>= 3.5.0)
    
    
     WARNING: Added dependency on R >= 3.5.0 because serialized objects in serialize/load version 3 cannot be read in older versions of R. File(s) containing such objects: 'subsetCars/data/cars_over_20.rda'
     - building 'subsetCars_1.0.tar.gz'
    
    
    
    
     Next Steps
     1. Update your package documentation.
     - Edit the documentation.R file in the package source data-raw subdirectory and update the roxygen markup.
     - Rebuild the package documentation with document() .
     2. Add your package to source control.
     - Call git init . in the package source root directory.
     - git add the package files.
     - git commit your new package.
     - Set up a github repository for your pacakge.
     - Add the github repository as a remote of your local package repository.
     - git push your local repository to gitub.
     v Setting active project to '<no active project>'
     v Creating 'D:/temp/RtmpmUrnN7/rfiletest/'
     v Setting active project to 'D:/temp/RtmpmUrnN7/rfiletest'
     v Creating 'R/'
     v Writing 'DESCRIPTION'
     Package: rfiletest
     Title: What the Package Does (One Line, Title Case)
     Version: 0.0.0.9000
     Authors@R (parsed):
     * First Last <first.last@example.com> [aut, cre] (YOUR-ORCID-ID)
     Description: What the package does (one paragraph).
     License: What license it uses
     Encoding: UTF-8
     LazyData: true
     v Writing 'NAMESPACE'
     v Setting active project to '<no active project>'
     v Setting active project to 'D:/temp/RtmpmUrnN7/rfiletest'
     <U+2714> Added DataVersion string to 'DESCRIPTION'
     v Creating 'data-raw/'
     v Creating 'data/'
     v Creating 'inst/extdata/'
     <U+2714> Copied rfileTest.R into 'data-raw'
     <U+2714> configured 'datapackager.yml' file
    
     <U+2714> 1 data set(s) created by rfileTest.Rmd
     <c2><95> data
     <U+2618> Built all datasets!
     Non-interactive NEWS.md file update.
    
     v Creating 'vignettes/'
     v Creating 'inst/doc/'
     Writing NAMESPACE
     Writing rfiletest.Rd
     Writing data.Rd
    
    
    
     checking for file 'D:\temp\RtmpmUrnN7\rfiletest/DESCRIPTION' ...
    
     checking for file 'D:\temp\RtmpmUrnN7\rfiletest/DESCRIPTION' ...
    
     v checking for file 'D:\temp\RtmpmUrnN7\rfiletest/DESCRIPTION' (671ms)
    
    
    
    
     - preparing 'rfiletest':
     checking DESCRIPTION meta-information ...
    
     checking DESCRIPTION meta-information ...
    
     v checking DESCRIPTION meta-information
    
    
    
    
     - checking for LF line-endings in source and make files and shell scripts (344ms)
    
    
     - checking for empty or unneeded directories
    
    
     NB: this package now depends on R (>=
    
     NB: this package now depends on R (>= 3.5.0)
    
    
     WARNING: Added dependency on R >= 3.5.0 because serialized objects in serialize/load version 3 cannot be read in older versions of R. File(s) containing such objects: 'rfiletest/data/data.rda'
     - building 'rfiletest_1.0.tar.gz'
    
    
    
    
     Warning: package 'rfiletest' is in use and will not be installed
     Next Steps
     1. Update your package documentation.
     - Edit the documentation.R file in the package source data-raw subdirectory and update the roxygen markup.
     - Rebuild the package documentation with document() .
     2. Add your package to source control.
     - Call git init . in the package source root directory.
     - git add the package files.
     - git commit your new package.
     - Set up a github repository for your pacakge.
     - Add the github repository as a remote of your local package repository.
     - git push your local repository to gitub.
     -- 2. Error: R file processing works and creates vignettes (@test-r-processing.R
     there is no package called 'rfiletest'
     Backtrace:
     1. utils::vignette(...)
     2. tools::getVignetteInfo(package, lib.loc, all)
     3. base::find.package(package, lib.loc)
    
     v Creating 'D:/temp/RtmpmUrnN7/datatest/'
     v Setting active project to 'D:/temp/RtmpmUrnN7/datatest'
     v Creating 'R/'
     v Writing 'DESCRIPTION'
     Package: datatest
     Title: What the Package Does (One Line, Title Case)
     Version: 0.0.0.9000
     Authors@R (parsed):
     * First Last <first.last@example.com> [aut, cre] (YOUR-ORCID-ID)
     Description: What the package does (one paragraph).
     License: What license it uses
     Encoding: UTF-8
     LazyData: true
     v Writing 'NAMESPACE'
     v Setting active project to 'D:/temp/RtmpmUrnN7/rfiletest'
     v Setting active project to 'D:/temp/RtmpmUrnN7/datatest'
     <U+2714> Added DataVersion string to 'DESCRIPTION'
     v Creating 'data-raw/'
     v Creating 'data/'
     v Creating 'inst/extdata/'
     <U+2714> Copied extra.rmd into 'data-raw'
     <U+2714> Copied rfileTest.R into 'data-raw'
     <U+2714> Moved data into 'inst/extdata'
     <U+2714> configured 'datapackager.yml' file
     v Setting active project to '<no active project>'
     v Creating 'D:/temp/RtmpmUrnN7/mtcars20/'
     v Setting active project to 'D:/temp/RtmpmUrnN7/mtcars20'
     v Creating 'R/'
     v Writing 'DESCRIPTION'
     Package: mtcars20
     Title: What the Package Does (One Line, Title Case)
     Version: 0.0.0.9000
     Authors@R (parsed):
     * First Last <first.last@example.com> [aut, cre] (YOUR-ORCID-ID)
     Description: What the package does (one paragraph).
     License: What license it uses
     Encoding: UTF-8
     LazyData: true
     v Writing 'NAMESPACE'
     v Setting active project to '<no active project>'
     v Setting active project to 'D:/temp/RtmpmUrnN7/mtcars20'
     <U+2714> Added DataVersion string to 'DESCRIPTION'
     v Creating 'data-raw/'
     v Creating 'data/'
     v Creating 'inst/extdata/'
     v Creating './'
     v Creating 'R/'
     v Writing 'DESCRIPTION'
     Package: mtcars20
     Title: What the Package Does (One Line, Title Case)
     Version: 0.0.0.9000
     Authors@R (parsed):
     * First Last <first.last@example.com> [aut, cre] (YOUR-ORCID-ID)
     Description: What the package does (one paragraph).
     License: What license it uses
     Encoding: UTF-8
     LazyData: true
     v Writing 'NAMESPACE'
     <U+2714> Added DataVersion string to 'DESCRIPTION'
     v Creating 'data-raw/'
     v Creating 'data/'
     v Creating 'inst/extdata/'
     <U+2714> configured 'datapackager.yml' file
     v Creating 'D:/temp/RtmpmUrnN7/subsetCars/'
     v Setting active project to 'D:/temp/RtmpmUrnN7/subsetCars'
     v Creating 'R/'
     v Writing 'DESCRIPTION'
     Package: subsetCars
     Title: What the Package Does (One Line, Title Case)
     Version: 0.0.0.9000
     Authors@R (parsed):
     * First Last <first.last@example.com> [aut, cre] (YOUR-ORCID-ID)
     Description: What the package does (one paragraph).
     License: What license it uses
     Encoding: UTF-8
     LazyData: true
     v Writing 'NAMESPACE'
     v Setting active project to 'D:/temp/RtmpmUrnN7/mtcars20'
     v Setting active project to 'D:/temp/RtmpmUrnN7/subsetCars'
     <U+2714> Added DataVersion string to 'DESCRIPTION'
     v Creating 'data-raw/'
     v Creating 'data/'
     v Creating 'inst/extdata/'
     <U+2714> Copied subsetCars.Rmd into 'data-raw'
     <U+2714> configured 'datapackager.yml' file
     v Creating './'
     v Creating 'R/'
     v Writing 'DESCRIPTION'
     Package: subsetCars
     Title: What the Package Does (One Line, Title Case)
     Version: 0.0.0.9000
     Authors@R (parsed):
     * First Last <first.last@example.com> [aut, cre] (YOUR-ORCID-ID)
     Description: What the package does (one paragraph).
     License: What license it uses
     Encoding: UTF-8
     LazyData: true
     v Writing 'NAMESPACE'
     <U+2714> Added DataVersion string to 'DESCRIPTION'
     v Creating 'data-raw/'
     v Creating 'data/'
     v Creating 'inst/extdata/'
     <U+2714> Copied subsetCars.Rmd into 'data-raw'
     <U+2714> Copied extra.rmd into 'data-raw'
     <U+2714> configured 'datapackager.yml' file
    
     <U+2714> 1 data set(s) created by subsetCars.Rmd
     <c2><95> cars_over_20
     <U+2618> Built all datasets!
     <U+2714> 0 data set(s) created by extra.rmd
     <U+2618> Built all datasets!
     Non-interactive NEWS.md file update.
    
     v Creating 'vignettes/'
     v Creating 'inst/doc/'
     Writing NAMESPACE
     Writing subsetCars.Rd
     Writing cars_over_20.Rd
    
    
    
     checking for file 'D:\temp\RtmpmUrnN7\subsetCars/DESCRIPTION' ...
    
     checking for file 'D:\temp\RtmpmUrnN7\subsetCars/DESCRIPTION' ...
    
     v checking for file 'D:\temp\RtmpmUrnN7\subsetCars/DESCRIPTION' (703ms)
    
    
    
    
     - preparing 'subsetCars':
     checking DESCRIPTION meta-information ...
    
     checking DESCRIPTION meta-information ...
    
     v checking DESCRIPTION meta-information
    
    
    
    
     - checking for LF line-endings in source and make files and shell scripts
     - checking for empty or unneeded directories
    
    
     NB: this package now depends on R (>=
    
     NB: this package now depends on R (>= 3.5.0)
     WARNING: Added dependency on R >= 3.5.0 because serialized objects in serialize/load version 3 cannot be read in older versions of R. File(s) containing such objects: 'subsetCars/data/cars_over_20.rda'
    
    
     - building 'subsetCars_1.0.tar.gz'
    
    
    
    
     Next Steps
     1. Update your package documentation.
     - Edit the documentation.R file in the package source data-raw subdirectory and update the roxygen markup.
     - Rebuild the package documentation with document() .
     2. Add your package to source control.
     - Call git init . in the package source root directory.
     - git add the package files.
     - git commit your new package.
     - Set up a github repository for your pacakge.
     - Add the github repository as a remote of your local package repository.
     - git push your local repository to gitub.
    
     <U+2714> 1 data set(s) created by subsetCars.Rmd
     <c2><95> cars_over_20
     <U+2618> Built all datasets!
     <U+2714> 0 data set(s) created by extra.rmd
     <U+2618> Built all datasets!
     WARN [2020-01-20 09:45:44] cars_over_20 has changed.
     WARN [2020-01-20 09:45:44] cars_over_20 has changed.
     WARN [2020-01-20 09:45:44] cars_over_20 has changed.
     Non-interactive NEWS.md file update.
    
     Writing NAMESPACE
     Writing subsetCars.Rd
     Writing cars_over_20.Rd
    
    
    
     checking for file 'D:\temp\RtmpmUrnN7\subsetCars/DESCRIPTION' ...
    
     v checking for file 'D:\temp\RtmpmUrnN7\subsetCars/DESCRIPTION' (749ms)
    
    
    
    
     - preparing 'subsetCars':
     checking DESCRIPTION meta-information ...
    
     checking DESCRIPTION meta-information ...
    
     v checking DESCRIPTION meta-information
    
    
    
    
     - checking for LF line-endings in source and make files and shell scripts (375ms)
    
    
     - checking for empty or unneeded directories
    
    
     NB: this package now depends on R (>=
    
     NB: this package now depends on R (>= 3.5.0)
    
    
     WARNING: Added dependency on R >= 3.5.0 because serialized objects in serialize/load version 3 cannot be read in older versions of R. File(s) containing such objects: 'subsetCars/data/cars_over_20.rda'
    
    
     - building 'subsetCars_1.0.tar.gz'
    
    
    
    
     Next Steps
     1. Update your package documentation.
     - Edit the documentation.R file in the package source data-raw subdirectory and update the roxygen markup.
     - Rebuild the package documentation with document() .
     2. Add your package to source control.
     - Call git init . in the package source root directory.
     - git add the package files.
     - git commit your new package.
     - Set up a github repository for your pacakge.
     - Add the github repository as a remote of your local package repository.
     - git push your local repository to gitub.
     v Creating 'D:/temp/RtmpmUrnN7/subsetCars20/'
     v Setting active project to 'D:/temp/RtmpmUrnN7/subsetCars20'
     v Creating 'R/'
     v Writing 'DESCRIPTION'
     Package: subsetCars20
     Title: What the Package Does (One Line, Title Case)
     Version: 0.0.0.9000
     Authors@R (parsed):
     * First Last <first.last@example.com> [aut, cre] (YOUR-ORCID-ID)
     Description: What the package does (one paragraph).
     License: What license it uses
     Encoding: UTF-8
     LazyData: true
     v Writing 'NAMESPACE'
     v Setting active project to 'D:/temp/RtmpmUrnN7/subsetCars'
     v Setting active project to 'D:/temp/RtmpmUrnN7/subsetCars20'
     <U+2714> Added DataVersion string to 'DESCRIPTION'
     v Creating 'data-raw/'
     v Creating 'data/'
     v Creating 'inst/extdata/'
     <U+2714> Copied extra.rmd into 'data-raw'
     <U+2714> Copied rfileTest.R into 'data-raw'
     <U+2714> Moved data into 'inst/extdata'
     <U+2714> configured 'datapackager.yml' file
     v Adding '^inst/extdata/file27ddc323ef8e$' to '.Rbuildignore'
     v Adding 'file27ddc323ef8e' to 'inst/extdata/.gitignore'
     v Adding '^inst/extdata/R$' to '.Rbuildignore'
     v Adding 'R' to 'inst/extdata/.gitignore'
     v Creating './'
     v Creating 'R/'
     v Writing 'DESCRIPTION'
     Package: subsetCars20
     Title: What the Package Does (One Line, Title Case)
     Version: 0.0.0.9000
     Authors@R (parsed):
     * First Last <first.last@example.com> [aut, cre] (YOUR-ORCID-ID)
     Description: What the package does (one paragraph).
     License: What license it uses
     Encoding: UTF-8
     LazyData: true
     v Writing 'NAMESPACE'
     <U+2714> Added DataVersion string to 'DESCRIPTION'
     v Creating 'data-raw/'
     v Creating 'data/'
     v Creating 'inst/extdata/'
     <U+2714> Copied extra.rmd into 'data-raw'
     <U+2714> configured 'datapackager.yml' file
     Attempting to create d:\Rcompile\CRANpkg\local\4.0gcc8\DataPackageR.Rcheck\tests\testthat\newScript.Rmdconfiguration:
     files:
     extra.rmd:
     enabled: yes
     newScript.Rmd:
     enabled: yes
     objects: data
     render_root:
     tmp: '498836'
     <U+2622> Courtesy warning: newScript.Rmd exists in 'data-raw', and WILL be overwritten.
     Attempting to create d:\Rcompile\CRANpkg\local\4.0gcc8\DataPackageR.Rcheck\tests\testthat\newScript.Rmdconfiguration:
     files:
     extra.rmd:
     enabled: yes
     newScript.Rmd:
     enabled: yes
     objects: data
     render_root:
     tmp: '498836'
     <U+2622> Courtesy warning: newScript.Rmd exists in 'data-raw', and WILL NOT be overwritten.
     <U+2622> Skipping file creation: pass overwrite = TRUE to use_processing_script()
     configuration:
     files:
     extra.rmd:
     enabled: yes
     newScript.Rmd:
     enabled: yes
     objects: data
     render_root:
     tmp: '498836'
     <U+2622> Courtesy warning: newScript.Rmd exists in 'data-raw', and WILL be overwritten.
     Attempting to create d:\Rcompile\CRANpkg\local\4.0gcc8\DataPackageR.Rcheck\tests\testthat\newScript.Rmdconfiguration:
     files:
     extra.rmd:
     enabled: yes
     newScript.Rmd:
     enabled: yes
     objects: data
     render_root:
     tmp: '498836'
     <U+2622> Courtesy warning: newScript.Rmd exists in 'data-raw', and WILL be overwritten.
     Attempting to create d:\Rcompile\CRANpkg\local\4.0gcc8\DataPackageR.Rcheck\tests\testthat\newScript.Rmdconfiguration:
     files:
     extra.rmd:
     enabled: yes
     newScript.Rmd:
     enabled: yes
     objects: data
     render_root:
     tmp: '498836'
     <U+2622> Courtesy warning: newScript.Rmd exists in 'data-raw', and WILL be overwritten.
     Attempting to create d:\Rcompile\CRANpkg\local\4.0gcc8\DataPackageR.Rcheck\tests\testthat\newScript.Rmdconfiguration:
     files:
     extra.rmd:
     enabled: yes
     newScript.Rmd:
     enabled: yes
     objects: data
     render_root:
     tmp: '498836'
     Attempting to create d:\Rcompile\CRANpkg\local\4.0gcc8\DataPackageR.Rcheck\tests\testthat\newScript.Rconfiguration:
     files:
     extra.rmd:
     enabled: yes
     newScript.Rmd:
     enabled: yes
     newScript.R:
     enabled: yes
     objects: data
     render_root:
     tmp: '498836'
     <U+2622> Courtesy warning: newScript.R exists in 'data-raw', and WILL be overwritten.
     Attempting to create d:\Rcompile\CRANpkg\local\4.0gcc8\DataPackageR.Rcheck\tests\testthat\newScript.Rconfiguration:
     files:
     extra.rmd:
     enabled: yes
     newScript.Rmd:
     enabled: yes
     newScript.R:
     enabled: yes
     objects: data
     render_root:
     tmp: '498836'
     <U+2622> Courtesy warning: newScript.R exists in 'data-raw', and WILL be overwritten.
     Attempting to create d:\Rcompile\CRANpkg\local\4.0gcc8\DataPackageR.Rcheck\tests\testthat\newScript.Rconfiguration:
     files:
     extra.rmd:
     enabled: yes
     newScript.Rmd:
     enabled: yes
     newScript.R:
     enabled: yes
     objects: data
     render_root:
     tmp: '498836'
     <U+2622> Courtesy warning: newScript.R exists in 'data-raw', and WILL be overwritten.
     Attempting to create d:\Rcompile\CRANpkg\local\4.0gcc8\DataPackageR.Rcheck\tests\testthat\newScript.Rconfiguration:
     files:
     extra.rmd:
     enabled: yes
     newScript.Rmd:
     enabled: yes
     newScript.R:
     enabled: yes
     objects: data
     render_root:
     tmp: '498836'
     <U+2622> Courtesy warning: . exists in 'data-raw', and WILL NOT be overwritten.
     configuration:
     files:
     extra.rmd:
     enabled: yes
     newScript.Rmd:
     enabled: yes
     newScript.R:
     enabled: yes
     foo.R:
     enabled: yes
     objects: data
     render_root:
     tmp: '498836'
     v Creating './'
     v Creating 'R/'
     v Writing 'DESCRIPTION'
     Package: subsetCars20
     Title: What the Package Does (One Line, Title Case)
     Version: 0.0.0.9000
     Authors@R (parsed):
     * First Last <first.last@example.com> [aut, cre] (YOUR-ORCID-ID)
     Description: What the package does (one paragraph).
     License: What license it uses
     Encoding: UTF-8
     LazyData: true
     v Writing 'NAMESPACE'
     <U+2714> Added DataVersion string to 'DESCRIPTION'
     v Creating 'data-raw/'
     v Creating 'data/'
     v Creating 'inst/extdata/'
     <U+2714> Copied extra.rmd into 'data-raw'
     <U+2714> configured 'datapackager.yml' file
     configuration:
     files:
     extra.rmd:
     enabled: yes
     objects:
     - data
     - newobject
     render_root:
     tmp: '531483'
     v Creating 'D:/temp/RtmpmUrnN7/subsetCars/'
     v Setting active project to 'D:/temp/RtmpmUrnN7/subsetCars'
     v Creating 'R/'
     v Writing 'DESCRIPTION'
     Package: subsetCars
     Title: What the Package Does (One Line, Title Case)
     Version: 0.0.0.9000
     Authors@R (parsed):
     * First Last <first.last@example.com> [aut, cre] (YOUR-ORCID-ID)
     Description: What the package does (one paragraph).
     License: What license it uses
     Encoding: UTF-8
     LazyData: true
     v Writing 'NAMESPACE'
     v Setting active project to 'D:/temp/RtmpmUrnN7/subsetCars20'
     v Setting active project to 'D:/temp/RtmpmUrnN7/subsetCars'
     <U+2714> Added DataVersion string to 'DESCRIPTION'
     v Creating 'data-raw/'
     v Creating 'data/'
     v Creating 'inst/extdata/'
     <U+2714> Copied subsetCars.Rmd into 'data-raw'
     <U+2714> configured 'datapackager.yml' file
    
     <U+2714> 1 data set(s) created by subsetCars.Rmd
     <c2><95> cars_over_20
     <U+2618> Built all datasets!
     Non-interactive NEWS.md file update.
    
     v Creating 'vignettes/'
     v Creating 'inst/doc/'
     Writing NAMESPACE
     Writing subsetCars.Rd
     Writing cars_over_20.Rd
    
    
    
     checking for file 'D:\temp\RtmpmUrnN7\subsetCars/DESCRIPTION' ...
    
     checking for file 'D:\temp\RtmpmUrnN7\subsetCars/DESCRIPTION' ...
    
     v checking for file 'D:\temp\RtmpmUrnN7\subsetCars/DESCRIPTION' (656ms)
    
    
    
    
     - preparing 'subsetCars':
     checking DESCRIPTION meta-information ...
    
     checking DESCRIPTION meta-information ...
    
     v checking DESCRIPTION meta-information
    
    
    
    
     - checking for LF line-endings in source and make files and shell scripts
    
    
     - checking for empty or unneeded directories
    
    
     NB: this package now depends on R (>=
    
     NB: this package now depends on R (>= 3.5.0)
     WARNING: Added dependency on R >= 3.5.0 because serialized objects in serialize/load version 3 cannot be read in older versions of R. File(s) containing such objects: 'subsetCars/data/cars_over_20.rda'
    
    
     - building 'subsetCars_1.0.tar.gz'
    
    
    
    
     Next Steps
     1. Update your package documentation.
     - Edit the documentation.R file in the package source data-raw subdirectory and update the roxygen markup.
     - Rebuild the package documentation with document() .
     2. Add your package to source control.
     - Call git init . in the package source root directory.
     - git add the package files.
     - git commit your new package.
     - Set up a github repository for your pacakge.
     - Add the github repository as a remote of your local package repository.
     - git push your local repository to gitub.
    
     <U+2714> 1 data set(s) created by subsetCars.Rmd
     <c2><95> cars_over_20
     <U+2618> Built all datasets!
    
     Writing NAMESPACE
     Writing subsetCars.Rd
     Writing cars_over_20.Rd
    
    
    
     checking for file 'D:\temp\RtmpmUrnN7\subsetCars/DESCRIPTION' ...
    
     checking for file 'D:\temp\RtmpmUrnN7\subsetCars/DESCRIPTION' ...
    
     v checking for file 'D:\temp\RtmpmUrnN7\subsetCars/DESCRIPTION' (703ms)
    
    
    
    
     - preparing 'subsetCars':
     checking DESCRIPTION meta-information ...
    
     checking DESCRIPTION meta-information ...
    
     v checking DESCRIPTION meta-information
    
    
    
    
     - checking for LF line-endings in source and make files and shell scripts (344ms)
     - checking for empty or unneeded directories
    
    
     NB: this package now depends on R (>=
    
     NB: this package now depends on R (>= 3.5.0)
    
    
     WARNING: Added dependency on R >= 3.5.0 because serialized objects in serialize/load version 3 cannot be read in older versions of R. File(s) containing such objects: 'subsetCars/data/cars_over_20.rda'
     - building 'subsetCars_1.0.tar.gz'
    
    
    
    
     Next Steps
     1. Update your package documentation.
     - Edit the documentation.R file in the package source data-raw subdirectory and update the roxygen markup.
     - Rebuild the package documentation with document() .
     2. Add your package to source control.
     - Call git init . in the package source root directory.
     - git add the package files.
     - git commit your new package.
     - Set up a github repository for your pacakge.
     - Add the github repository as a remote of your local package repository.
     - git push your local repository to gitub.
     v Creating './'
     v Creating 'R/'
     v Writing 'DESCRIPTION'
     Package: subsetCars
     Title: What the Package Does (One Line, Title Case)
     Version: 0.0.0.9000
     Authors@R (parsed):
     * First Last <first.last@example.com> [aut, cre] (YOUR-ORCID-ID)
     Description: What the package does (one paragraph).
     License: What license it uses
     Encoding: UTF-8
     LazyData: true
     v Writing 'NAMESPACE'
     <U+2714> Added DataVersion string to 'DESCRIPTION'
     v Creating 'data-raw/'
     v Creating 'data/'
     v Creating 'inst/extdata/'
     <U+2714> Copied subsetCars.Rmd into 'data-raw'
     <U+2714> configured 'datapackager.yml' file
    
     <U+2714> 1 data set(s) created by subsetCars.Rmd
     <c2><95> cars_over_20
     <U+2618> Built all datasets!
     Non-interactive NEWS.md file update.
    
     v Creating 'vignettes/'
     v Creating 'inst/doc/'
     Writing NAMESPACE
     Writing subsetCars.Rd
     Writing cars_over_20.Rd
    
    
    
     checking for file 'D:\temp\RtmpmUrnN7\subsetCars/DESCRIPTION' ...
    
     v checking for file 'D:\temp\RtmpmUrnN7\subsetCars/DESCRIPTION' (625ms)
    
    
    
    
     - preparing 'subsetCars':
     checking DESCRIPTION meta-information ...
    
     checking DESCRIPTION meta-information ...
    
     v checking DESCRIPTION meta-information
    
    
    
    
     - checking for LF line-endings in source and make files and shell scripts
    
    
     - checking for empty or unneeded directories
    
    
     NB: this package now depends on R (>=
    
     NB: this package now depends on R (>= 3.5.0)
    
    
     WARNING: Added dependency on R >= 3.5.0 because serialized objects in serialize/load version 3 cannot be read in older versions of R. File(s) containing such objects: 'subsetCars/data/cars_over_20.rda'
     - building 'subsetCars_1.0.tar.gz'
    
    
    
    
     Next Steps
     1. Update your package documentation.
     - Edit the documentation.R file in the package source data-raw subdirectory and update the roxygen markup.
     - Rebuild the package documentation with document() .
     2. Add your package to source control.
     - Call git init . in the package source root directory.
     - git add the package files.
     - git commit your new package.
     - Set up a github repository for your pacakge.
     - Add the github repository as a remote of your local package repository.
     - git push your local repository to gitub.
     configuration:
     files:
     subsetCars.Rmd:
     enabled: yes
     extra.rmd:
     enabled: yes
     objects: cars_over_20
     render_root:
     tmp: '127747'
     configuration:
     files:
     subsetCars.Rmd:
     enabled: yes
     extra.rmd:
     enabled: yes
     objects:
     - cars_over_20
     - pressure
     render_root:
     tmp: '127747'
    
     <U+2714> 1 data set(s) created by subsetCars.Rmd
     <c2><95> cars_over_20
     <U+2605> Built 1 of 2 data sets.
     <U+2714> 1 data set(s) created by extra.rmd
     <c2><95> pressure
     <U+2618> Built all datasets!
     Non-interactive NEWS.md file update.
     * Added: pressure
     * Changed: cars_over_20
    
     Writing NAMESPACE
     Writing subsetCars.Rd
     Writing cars_over_20.Rd
     Writing pressure.Rd
    
    
    
     checking for file 'D:\temp\RtmpmUrnN7\subsetCars/DESCRIPTION' ...
    
     checking for file 'D:\temp\RtmpmUrnN7\subsetCars/DESCRIPTION' ...
    
     v checking for file 'D:\temp\RtmpmUrnN7\subsetCars/DESCRIPTION' (703ms)
    
    
    
    
     - preparing 'subsetCars':
     checking DESCRIPTION meta-information ...
    
     checking DESCRIPTION meta-information ...
    
     v checking DESCRIPTION meta-information
    
    
    
    
     - checking for LF line-endings in source and make files and shell scripts (375ms)
    
    
     - checking for empty or unneeded directories
    
    
     NB: this package now depends on R (>=
    
     NB: this package now depends on R (>= 3.5.0)
     WARNING: Added dependency on R >= 3.5.0 because serialized objects in serialize/load version 3 cannot be read in older versions of R. File(s) containing such objects: 'subsetCars/data/cars_over_20.rda' 'subsetCars/data/pressure.rda'
    
    
     - building 'subsetCars_1.0.tar.gz'
    
    
    
    
     Next Steps
     1. Update your package documentation.
     - Edit the documentation.R file in the package source data-raw subdirectory and update the roxygen markup.
     - Rebuild the package documentation with document() .
     2. Add your package to source control.
     - Call git init . in the package source root directory.
     - git add the package files.
     - git commit your new package.
     - Set up a github repository for your pacakge.
     - Add the github repository as a remote of your local package repository.
     - git push your local repository to gitub.
     v Creating './'
     v Creating 'R/'
     v Writing 'DESCRIPTION'
     Package: subsetCars
     Title: What the Package Does (One Line, Title Case)
     Version: 0.0.0.9000
     Authors@R (parsed):
     * First Last <first.last@example.com> [aut, cre] (YOUR-ORCID-ID)
     Description: What the package does (one paragraph).
     License: What license it uses
     Encoding: UTF-8
     LazyData: true
     v Writing 'NAMESPACE'
     <U+2714> Added DataVersion string to 'DESCRIPTION'
     v Creating 'data-raw/'
     v Creating 'data/'
     v Creating 'inst/extdata/'
     <U+2714> Copied subsetCars.Rmd into 'data-raw'
     <U+2714> configured 'datapackager.yml' file
    
     <U+2714> 1 data set(s) created by subsetCars.Rmd
     <c2><95> cars_over_20
     <U+2618> Built all datasets!
     Non-interactive NEWS.md file update.
    
     v Creating 'vignettes/'
     v Creating 'inst/doc/'
     Writing NAMESPACE
     Writing subsetCars.Rd
     Writing cars_over_20.Rd
    
    
    
     checking for file 'D:\temp\RtmpmUrnN7\subsetCars/DESCRIPTION' ...
    
     checking for file 'D:\temp\RtmpmUrnN7\subsetCars/DESCRIPTION' ...
    
     v checking for file 'D:\temp\RtmpmUrnN7\subsetCars/DESCRIPTION' (570ms)
    
    
    
    
     - preparing 'subsetCars':
     checking DESCRIPTION meta-information ...
    
     checking DESCRIPTION meta-information ...
    
     v checking DESCRIPTION meta-information
    
    
    
    
     - checking for LF line-endings in source and make files and shell scripts (517ms)
     - checking for empty or unneeded directories
     NB: this package now depends on R (>= 3.5.0)
     WARNING: Added dependency on R >= 3.5.0 because serialized objects in serialize/load version 3 cannot be read in older versions of R. File(s) containing such objects: 'subsetCars/data/cars_over_20.rda'
     - building 'subsetCars_1.0.tar.gz'
    
    
    
    
     Next Steps
     1. Update your package documentation.
     - Edit the documentation.R file in the package source data-raw subdirectory and update the roxygen markup.
     - Rebuild the package documentation with document() .
     2. Add your package to source control.
     - Call git init . in the package source root directory.
     - git add the package files.
     - git commit your new package.
     - Set up a github repository for your pacakge.
     - Add the github repository as a remote of your local package repository.
     - git push your local repository to gitub.
     configuration:
     files:
     subsetCars.Rmd:
     enabled: yes
     extra.rmd:
     enabled: yes
     objects: cars_over_20
     render_root:
     tmp: '44051'
    
     <U+2714> 1 data set(s) created by subsetCars.Rmd
     <c2><95> cars_over_20
     <U+2618> Built all datasets!
     <U+2714> 0 data set(s) created by extra.rmd
     <U+2618> Built all datasets!
    
     Writing NAMESPACE
     Writing subsetCars.Rd
     Writing cars_over_20.Rd
    
    
    
     checking for file 'D:\temp\RtmpmUrnN7\subsetCars/DESCRIPTION' ...
    
     checking for file 'D:\temp\RtmpmUrnN7\subsetCars/DESCRIPTION' ...
    
     v checking for file 'D:\temp\RtmpmUrnN7\subsetCars/DESCRIPTION' (585ms)
    
    
    
    
     - preparing 'subsetCars':
     checking DESCRIPTION meta-information ...
    
     checking DESCRIPTION meta-information ...
    
     v checking DESCRIPTION meta-information
    
    
    
    
     - checking for LF line-endings in source and make files and shell scripts
     - checking for empty or unneeded directories
    
    
     NB: this package now depends on R (>=
    
     NB: this package now depends on R (>= 3.5.0)
    
    
     WARNING: Added dependency on R >= 3.5.0 because serialized objects in serialize/load version 3 cannot be read in older versions of R. File(s) containing such objects: 'subsetCars/data/cars_over_20.rda'
     - building 'subsetCars_1.0.tar.gz'
    
    
    
    
     Next Steps
     1. Update your package documentation.
     - Edit the documentation.R file in the package source data-raw subdirectory and update the roxygen markup.
     - Rebuild the package documentation with document() .
     2. Add your package to source control.
     - Call git init . in the package source root directory.
     - git add the package files.
     - git commit your new package.
     - Set up a github repository for your pacakge.
     - Add the github repository as a remote of your local package repository.
     - git push your local repository to gitub.
     configuration:
     files:
     subsetCars.Rmd:
     enabled: yes
     extra.rmd:
     enabled: yes
     objects:
     - cars_over_20
     - pressure
     render_root:
     tmp: '44051'
    
     <U+2714> 1 data set(s) created by subsetCars.Rmd
     <c2><95> cars_over_20
     <U+2605> Built 1 of 2 data sets.
     <U+2714> 1 data set(s) created by extra.rmd
     <c2><95> pressure
     <U+2618> Built all datasets!
     Non-interactive NEWS.md file update.
     * Added: pressure
     * Changed: cars_over_20
    
     Writing NAMESPACE
     Writing subsetCars.Rd
     Writing cars_over_20.Rd
     Writing pressure.Rd
    
    
    
     checking for file 'D:\temp\RtmpmUrnN7\subsetCars/DESCRIPTION' ...
    
     checking for file 'D:\temp\RtmpmUrnN7\subsetCars/DESCRIPTION' ...
    
     v checking for file 'D:\temp\RtmpmUrnN7\subsetCars/DESCRIPTION' (812ms)
    
    
    
    
     - preparing 'subsetCars':
     checking DESCRIPTION meta-information ...
    
     checking DESCRIPTION meta-information ...
    
     v checking DESCRIPTION meta-information
    
    
    
    
     - checking for LF line-endings in source and make files and shell scripts (344ms)
    
    
     - checking for empty or unneeded directories
    
    
     NB: this package now depends on R (>=
    
     NB: this package now depends on R (>= 3.5.0)
     WARNING: Added dependency on R >= 3.5.0 because serialized objects in serialize/load version 3 cannot be read in older versions of R. File(s) containing such objects: 'subsetCars/data/cars_over_20.rda' 'subsetCars/data/pressure.rda'
    
    
     - building 'subsetCars_1.0.tar.gz'
    
    
    
    
     Next Steps
     1. Update your package documentation.
     - Edit the documentation.R file in the package source data-raw subdirectory and update the roxygen markup.
     - Rebuild the package documentation with document() .
     2. Add your package to source control.
     - Call git init . in the package source root directory.
     - git add the package files.
     - git commit your new package.
     - Set up a github repository for your pacakge.
     - Add the github repository as a remote of your local package repository.
     - git push your local repository to gitub.
     v Creating './'
     v Creating 'R/'
     v Writing 'DESCRIPTION'
     Package: subsetCars
     Title: What the Package Does (One Line, Title Case)
     Version: 0.0.0.9000
     Authors@R (parsed):
     * First Last <first.last@example.com> [aut, cre] (YOUR-ORCID-ID)
     Description: What the package does (one paragraph).
     License: What license it uses
     Encoding: UTF-8
     LazyData: true
     v Writing 'NAMESPACE'
     <U+2714> Added DataVersion string to 'DESCRIPTION'
     v Creating 'data-raw/'
     v Creating 'data/'
     v Creating 'inst/extdata/'
     <U+2714> Copied subsetCars.Rmd into 'data-raw'
     <U+2714> Copied extra.rmd into 'data-raw'
     <U+2714> configured 'datapackager.yml' file
    
     <U+2714> 1 data set(s) created by subsetCars.Rmd
     <c2><95> cars_over_20
     <U+2605> Built 1 of 2 data sets.
     <U+2714> 1 data set(s) created by extra.rmd
     <c2><95> pressure
     <U+2618> Built all datasets!
     Non-interactive NEWS.md file update.
    
     v Creating 'vignettes/'
     v Creating 'inst/doc/'
     Writing NAMESPACE
     Writing subsetCars.Rd
     Writing cars_over_20.Rd
     Writing pressure.Rd
    
    
    
     checking for file 'D:\temp\RtmpmUrnN7\subsetCars/DESCRIPTION' ...
    
     checking for file 'D:\temp\RtmpmUrnN7\subsetCars/DESCRIPTION' ...
    
     v checking for file 'D:\temp\RtmpmUrnN7\subsetCars/DESCRIPTION' (671ms)
    
    
    
    
     - preparing 'subsetCars':
     checking DESCRIPTION meta-information ...
    
     checking DESCRIPTION meta-information ...
    
     v checking DESCRIPTION meta-information
    
    
    
    
     - checking for LF line-endings in source and make files and shell scripts (359ms)
    
    
     - checking for empty or unneeded directories
    
    
     NB: this package now depends on R (>=
    
     NB: this package now depends on R (>= 3.5.0)
    
    
     WARNING: Added dependency on R >= 3.5.0 because serialized objects in serialize/load version 3 cannot be read in older versions of R. File(s) containing such objects: 'subsetCars/data/cars_over_20.rda' 'subsetCars/data/pressure.rda'
    
    
     - building 'subsetCars_1.0.tar.gz'
    
    
    
    
     Next Steps
     1. Update your package documentation.
     - Edit the documentation.R file in the package source data-raw subdirectory and update the roxygen markup.
     - Rebuild the package documentation with document() .
     2. Add your package to source control.
     - Call git init . in the package source root directory.
     - git add the package files.
     - git commit your new package.
     - Set up a github repository for your pacakge.
     - Add the github repository as a remote of your local package repository.
     - git push your local repository to gitub.
    
     <U+2714> 1 data set(s) created by subsetCars.Rmd
     <c2><95> cars_over_20
     <U+2605> Built 1 of 2 data sets.
    
     Writing NAMESPACE
     Writing subsetCars.Rd
     Writing cars_over_20.Rd
     Writing pressure.Rd
    
    
    
     checking for file 'D:\temp\RtmpmUrnN7\subsetCars/DESCRIPTION' ...
    
     checking for file 'D:\temp\RtmpmUrnN7\subsetCars/DESCRIPTION' ...
    
     v checking for file 'D:\temp\RtmpmUrnN7\subsetCars/DESCRIPTION' (687ms)
    
    
    
    
     - preparing 'subsetCars':
     checking DESCRIPTION meta-information ...
    
     checking DESCRIPTION meta-information ...
    
     v checking DESCRIPTION meta-information
    
    
    
    
     - checking for LF line-endings in source and make files and shell scripts (344ms)
    
    
     - checking for empty or unneeded directories
    
    
     NB: this package now depends on R (>=
    
     NB: this package now depends on R (>= 3.5.0)
     WARNING: Added dependency on R >= 3.5.0 because serialized objects in serialize/load version 3 cannot be read in older versions of R. File(s) containing such objects: 'subsetCars/data/cars_over_20.rda' 'subsetCars/data/pressure.rda'
    
    
     - building 'subsetCars_1.0.tar.gz'
    
    
    
    
     Next Steps
     1. Update your package documentation.
     - Edit the documentation.R file in the package source data-raw subdirectory and update the roxygen markup.
     - Rebuild the package documentation with document() .
     2. Add your package to source control.
     - Call git init . in the package source root directory.
     - git add the package files.
     - git commit your new package.
     - Set up a github repository for your pacakge.
     - Add the github repository as a remote of your local package repository.
     - git push your local repository to gitub.
     v Creating './'
     v Creating 'R/'
     v Writing 'DESCRIPTION'
     Package: subsetCars
     Title: What the Package Does (One Line, Title Case)
     Version: 0.0.0.9000
     Authors@R (parsed):
     * First Last <first.last@example.com> [aut, cre] (YOUR-ORCID-ID)
     Description: What the package does (one paragraph).
     License: What license it uses
     Encoding: UTF-8
     LazyData: true
     v Writing 'NAMESPACE'
     <U+2714> Added DataVersion string to 'DESCRIPTION'
     v Creating 'data-raw/'
     v Creating 'data/'
     v Creating 'inst/extdata/'
     <U+2714> Copied subsetCars.Rmd into 'data-raw'
     <U+2714> configured 'datapackager.yml' file
     configuration:
     files:
     subsetCars.Rmd:
     enabled: yes
     extra.rmd:
     enabled: yes
     objects: cars_over_20
     render_root: dummy
     configuration:
     files:
     subsetCars.Rmd:
     enabled: yes
     extra.rmd:
     enabled: yes
     objects: cars_over_20
     render_root: dummy
     configuration:
     files:
     subsetCars.Rmd:
     enabled: yes
     extra.rmd:
     enabled: yes
     objects:
     - cars_over_20
     - foo_obj
     render_root: dummy
     configuration:
     files:
     subsetCars.Rmd:
     enabled: yes
     extra.rmd:
     enabled: yes
     objects: cars_over_20
     render_root: dummy
    
     subsetCars.Rmd extra.rmd
     cars_over_20== testthat results ===========================================================
     [ OK: 205 | SKIPPED: 0 | WARNINGS: 0 | FAILED: 2 ]
     1. Error: documentation is built via document() (@test-document.R#51)
     2. Error: R file processing works and creates vignettes (@test-r-processing.R#24)
    
     Error: testthat unit tests failed
     Execution halted
Flavor: r-devel-windows-ix86+x86_64-gcc8