Last updated on 2020-01-27 00:48:01 CET.
Flavor | Version | Tinstall | Tcheck | Ttotal | Status | Flags |
---|---|---|---|---|---|---|
r-devel-linux-x86_64-debian-clang | 1.0.3 | 4.14 | 28.17 | 32.31 | NOTE | |
r-devel-linux-x86_64-debian-gcc | 1.0.3 | 3.11 | 22.11 | 25.22 | NOTE | |
r-devel-linux-x86_64-fedora-clang | 1.0.3 | 39.16 | NOTE | |||
r-devel-linux-x86_64-fedora-gcc | 1.0.3 | 38.54 | NOTE | |||
r-devel-windows-ix86+x86_64 | 1.0.3 | 15.00 | 61.00 | 76.00 | NOTE | |
r-devel-windows-ix86+x86_64-gcc8 | 1.0.3 | 13.00 | 61.00 | 74.00 | NOTE | |
r-patched-linux-x86_64 | 1.0.3 | 2.71 | 25.87 | 28.58 | NOTE | |
r-patched-solaris-x86 | 1.0.3 | 52.30 | NOTE | |||
r-release-linux-x86_64 | 1.0.3 | 2.71 | 25.66 | 28.37 | NOTE | |
r-release-windows-ix86+x86_64 | 1.0.3 | 8.00 | 43.00 | 51.00 | NOTE | |
r-release-osx-x86_64 | 1.0.3 | NOTE | ||||
r-oldrel-windows-ix86+x86_64 | 1.0.3 | 5.00 | 54.00 | 59.00 | NOTE | |
r-oldrel-osx-x86_64 | 1.0.3 | NOTE |
Version: 1.0.3
Check: R code for possible problems
Result: NOTE
DLR: no visible global function definition for 'formula'
DLR: no visible global function definition for 'terms'
DLR: no visible global function definition for 'model.matrix'
DLR: no visible global function definition for 'as.formula'
DLR: no visible binding for global variable 'binomial'
DLR: no visible global function definition for 'coef'
DLR: no visible global function definition for 'pnorm'
DLR: no visible global function definition for 'qnorm'
acc.1test: no visible global function definition for 'qnorm'
pv.gs: no visible global function definition for 'pchisq'
pv.rpv: no visible global function definition for 'qnorm'
pv.rpv: no visible global function definition for 'pnorm'
pv.wgs: no visible global function definition for 'pchisq'
sesp.diff.ci: no visible global function definition for 'qnorm'
sesp.mcnemar: no visible global function definition for 'pchisq'
Undefined global functions or variables:
as.formula binomial coef formula model.matrix pchisq pnorm qnorm
terms
Consider adding
importFrom("stats", "as.formula", "binomial", "coef", "formula",
"model.matrix", "pchisq", "pnorm", "qnorm", "terms")
to your NAMESPACE file.
Flavors: r-devel-linux-x86_64-debian-clang, r-devel-linux-x86_64-debian-gcc, r-devel-linux-x86_64-fedora-clang, r-devel-linux-x86_64-fedora-gcc, r-devel-windows-ix86+x86_64, r-devel-windows-ix86+x86_64-gcc8, r-patched-linux-x86_64, r-patched-solaris-x86, r-release-linux-x86_64, r-release-windows-ix86+x86_64, r-release-osx-x86_64, r-oldrel-windows-ix86+x86_64, r-oldrel-osx-x86_64