CRAN Package Check Results for Package DRAFT

Last updated on 2020-01-27 00:48:01 CET.

Flavor Version Tinstall Tcheck Ttotal Status Flags
r-devel-linux-x86_64-debian-clang 0.3.0 5.73 44.55 50.28 OK
r-devel-linux-x86_64-debian-gcc 0.3.0 4.69 33.41 38.10 OK
r-devel-linux-x86_64-fedora-clang 0.3.0 61.35 NOTE
r-devel-linux-x86_64-fedora-gcc 0.3.0 58.66 NOTE
r-devel-windows-ix86+x86_64 0.3.0 22.00 74.00 96.00 OK
r-devel-windows-ix86+x86_64-gcc8 0.3.0 26.00 74.00 100.00 OK
r-patched-linux-x86_64 0.3.0 4.81 40.11 44.92 OK
r-patched-solaris-x86 0.3.0 60.20 NOTE
r-release-linux-x86_64 0.3.0 5.21 40.24 45.45 OK
r-release-windows-ix86+x86_64 0.3.0 19.00 49.00 68.00 OK
r-release-osx-x86_64 0.3.0 NOTE
r-oldrel-windows-ix86+x86_64 0.3.0 16.00 45.00 61.00 OK
r-oldrel-osx-x86_64 0.3.0 NOTE

Check Details

Version: 0.3.0
Check: dependencies in R code
Result: NOTE
    Namespaces in Imports field not imported from:
     ‘tools’ ‘utils’
     All declared Imports should be used.
Flavors: r-devel-linux-x86_64-fedora-clang, r-devel-linux-x86_64-fedora-gcc, r-patched-solaris-x86, r-release-osx-x86_64, r-oldrel-osx-x86_64