CRAN Package Check Results for Package DPBBM

Last updated on 2020-01-27 00:48:01 CET.

Flavor Version Tinstall Tcheck Ttotal Status Flags
r-devel-linux-x86_64-debian-clang 0.2.5 8.68 74.18 82.86 OK
r-devel-linux-x86_64-debian-gcc 0.2.5 7.67 57.96 65.63 OK
r-devel-linux-x86_64-fedora-clang 0.2.5 102.38 WARN
r-devel-linux-x86_64-fedora-gcc 0.2.5 101.02 OK
r-devel-windows-ix86+x86_64 0.2.5 27.00 114.00 141.00 OK
r-devel-windows-ix86+x86_64-gcc8 0.2.5 27.00 82.00 109.00 OK
r-patched-linux-x86_64 0.2.5 8.76 65.76 74.52 OK
r-patched-solaris-x86 0.2.5 147.40 OK
r-release-linux-x86_64 0.2.5 7.00 65.46 72.46 OK
r-release-windows-ix86+x86_64 0.2.5 18.00 85.00 103.00 OK
r-release-osx-x86_64 0.2.5 OK
r-oldrel-windows-ix86+x86_64 0.2.5 13.00 118.00 131.00 OK
r-oldrel-osx-x86_64 0.2.5 OK

Check Details

Version: 0.2.5
Check: package dependencies
Result: WARN
    Requires orphaned package: ‘gplots’
Flavor: r-devel-linux-x86_64-fedora-clang