CRAN Package Check Results for Package CrossClustering

Last updated on 2020-01-27 00:48:00 CET.

Flavor Version Tinstall Tcheck Ttotal Status Flags
r-devel-linux-x86_64-debian-clang 4.0.3 3.08 45.69 48.77 OK
r-devel-linux-x86_64-debian-gcc 4.0.3 2.02 35.91 37.93 OK
r-devel-linux-x86_64-fedora-clang 4.0.3 60.05 NOTE
r-devel-linux-x86_64-fedora-gcc 4.0.3 57.19 NOTE
r-devel-windows-ix86+x86_64 4.0.3 10.00 86.00 96.00 OK
r-devel-windows-ix86+x86_64-gcc8 4.0.3 14.00 66.00 80.00 OK
r-patched-linux-x86_64 4.0.3 2.14 41.64 43.78 OK
r-patched-solaris-x86 4.0.3 74.60 NOTE
r-release-linux-x86_64 4.0.3 2.48 41.60 44.08 OK
r-release-windows-ix86+x86_64 4.0.3 6.00 56.00 62.00 OK
r-release-osx-x86_64 4.0.3 NOTE
r-oldrel-windows-ix86+x86_64 4.0.3 4.00 55.00 59.00 OK
r-oldrel-osx-x86_64 4.0.3 NOTE

Check Details

Version: 4.0.3
Check: dependencies in R code
Result: NOTE
    Namespace in Imports field not imported from: ‘glue’
     All declared Imports should be used.
Flavors: r-devel-linux-x86_64-fedora-clang, r-devel-linux-x86_64-fedora-gcc, r-patched-solaris-x86, r-release-osx-x86_64, r-oldrel-osx-x86_64