CRAN Package Check Results for Package CreditMetrics

Last updated on 2020-01-27 00:48:00 CET.

Flavor Version Tinstall Tcheck Ttotal Status Flags
r-devel-linux-x86_64-debian-clang 0.0-2 2.10 21.40 23.50 NOTE
r-devel-linux-x86_64-debian-gcc 0.0-2 1.63 17.03 18.66 NOTE
r-devel-linux-x86_64-fedora-clang 0.0-2 29.78 NOTE
r-devel-linux-x86_64-fedora-gcc 0.0-2 28.81 NOTE
r-devel-windows-ix86+x86_64 0.0-2 7.00 42.00 49.00 NOTE
r-devel-windows-ix86+x86_64-gcc8 0.0-2 6.00 31.00 37.00 NOTE
r-patched-linux-x86_64 0.0-2 1.46 20.46 21.92 NOTE
r-patched-solaris-x86 0.0-2 42.50 NOTE
r-release-linux-x86_64 0.0-2 1.54 20.42 21.96 NOTE
r-release-windows-ix86+x86_64 0.0-2 5.00 44.00 49.00 NOTE
r-release-osx-x86_64 0.0-2 NOTE
r-oldrel-windows-ix86+x86_64 0.0-2 2.00 30.00 32.00 NOTE
r-oldrel-osx-x86_64 0.0-2 NOTE

Check Details

Version: 0.0-2
Check: DESCRIPTION meta-information
Result: NOTE
    Malformed Description field: should contain one or more complete sentences.
Flavors: r-devel-linux-x86_64-debian-clang, r-devel-linux-x86_64-debian-gcc, r-devel-linux-x86_64-fedora-clang, r-devel-linux-x86_64-fedora-gcc, r-devel-windows-ix86+x86_64, r-devel-windows-ix86+x86_64-gcc8, r-patched-linux-x86_64, r-patched-solaris-x86, r-release-linux-x86_64, r-release-windows-ix86+x86_64, r-release-osx-x86_64, r-oldrel-windows-ix86+x86_64, r-oldrel-osx-x86_64

Version: 0.0-2
Check: R code for possible problems
Result: NOTE
    cm.CVaR: no visible global function definition for 'quantile'
    cm.hist: no visible global function definition for 'hist'
    cm.quantile: no visible global function definition for 'qnorm'
    cm.rnorm: no visible global function definition for 'rnorm'
    Undefined global functions or variables:
     hist qnorm quantile rnorm
    Consider adding
     importFrom("graphics", "hist")
     importFrom("stats", "qnorm", "quantile", "rnorm")
    to your NAMESPACE file.
Flavors: r-devel-linux-x86_64-debian-clang, r-devel-linux-x86_64-debian-gcc, r-devel-linux-x86_64-fedora-clang, r-devel-linux-x86_64-fedora-gcc, r-devel-windows-ix86+x86_64, r-devel-windows-ix86+x86_64-gcc8, r-patched-linux-x86_64, r-patched-solaris-x86, r-release-linux-x86_64, r-release-windows-ix86+x86_64, r-release-osx-x86_64, r-oldrel-windows-ix86+x86_64, r-oldrel-osx-x86_64