CRAN Package Check Results for Package CompareCausalNetworks

Last updated on 2020-01-27 00:47:59 CET.

Flavor Version Tinstall Tcheck Ttotal Status Flags
r-devel-linux-x86_64-debian-clang 0.2.4 10.19 107.16 117.35 NOTE
r-devel-linux-x86_64-debian-gcc 0.2.4 9.81 63.93 73.74 NOTE
r-devel-linux-x86_64-fedora-clang 0.2.4 137.96 NOTE
r-devel-linux-x86_64-fedora-gcc 0.2.4 139.01 NOTE
r-devel-windows-ix86+x86_64 0.2.4 25.00 144.00 169.00 OK
r-devel-windows-ix86+x86_64-gcc8 0.2.4 23.00 109.00 132.00 OK
r-patched-linux-x86_64 0.2.4 9.34 95.00 104.34 NOTE
r-patched-solaris-x86 0.2.4 183.80 NOTE
r-release-linux-x86_64 0.2.4 7.98 93.58 101.56 NOTE
r-release-windows-ix86+x86_64 0.2.4 13.00 95.00 108.00 OK
r-release-osx-x86_64 0.2.4 NOTE
r-oldrel-windows-ix86+x86_64 0.2.4 10.00 95.00 105.00 OK
r-oldrel-osx-x86_64 0.2.4 OK

Check Details

Version: 0.2.4
Check: package dependencies
Result: NOTE
    Package suggested but not available for checking: 'CAM'
Flavors: r-devel-linux-x86_64-debian-clang, r-devel-linux-x86_64-fedora-gcc, r-patched-linux-x86_64, r-patched-solaris-x86, r-release-linux-x86_64

Version: 0.2.4
Check: package dependencies
Result: NOTE
    Packages suggested but not available for checking: 'pcalg', 'CAM'
Flavor: r-devel-linux-x86_64-debian-gcc

Version: 0.2.4
Check: package dependencies
Result: NOTE
    Package suggested but not available for checking: ‘CAM’
    
    Suggests orphaned package: ‘flare’
Flavor: r-devel-linux-x86_64-fedora-clang

Version: 0.2.4
Check: package dependencies
Result: NOTE
    Package suggested but not available for checking: ‘pcalg’
Flavor: r-release-osx-x86_64