CRAN Package Check Results for Package CompDist

Last updated on 2020-01-27 00:48:00 CET.

Flavor Version Tinstall Tcheck Ttotal Status Flags
r-devel-linux-x86_64-debian-clang 1.0 3.17 25.15 28.32 OK
r-devel-linux-x86_64-debian-gcc 1.0 0.31 1.65 1.96 ERROR
r-devel-linux-x86_64-fedora-clang 1.0 34.42 NOTE
r-devel-linux-x86_64-fedora-gcc 1.0 32.74 NOTE
r-devel-windows-ix86+x86_64 1.0 8.00 60.00 68.00 OK
r-devel-windows-ix86+x86_64-gcc8 1.0 10.00 55.00 65.00 OK
r-patched-linux-x86_64 1.0 2.39 23.00 25.39 OK
r-patched-solaris-x86 1.0 45.30 NOTE
r-release-linux-x86_64 1.0 2.60 22.57 25.17 OK
r-release-windows-ix86+x86_64 1.0 5.00 36.00 41.00 OK
r-release-osx-x86_64 1.0 NOTE
r-oldrel-windows-ix86+x86_64 1.0 3.00 52.00 55.00 OK
r-oldrel-osx-x86_64 1.0 NOTE

Check Details

Version: 1.0
Check: package dependencies
Result: ERROR
    Package required but not available: ‘PearsonDS’
    
    See section ‘The DESCRIPTION file’ in the ‘Writing R Extensions’
    manual.
Flavor: r-devel-linux-x86_64-debian-gcc

Version: 1.0
Check: dependencies in R code
Result: NOTE
    Namespaces in Imports field not imported from:
     ‘PearsonDS’ ‘VGAM’ ‘actuar’ ‘fExtremes’ ‘rmutil’
     All declared Imports should be used.
Flavors: r-devel-linux-x86_64-fedora-clang, r-devel-linux-x86_64-fedora-gcc, r-patched-solaris-x86, r-release-osx-x86_64, r-oldrel-osx-x86_64