Last updated on 2020-01-27 00:47:59 CET.
Flavor | Version | Tinstall | Tcheck | Ttotal | Status | Flags |
---|---|---|---|---|---|---|
r-devel-linux-x86_64-debian-clang | 0.6.5 | 11.18 | 82.43 | 93.61 | NOTE | |
r-devel-linux-x86_64-debian-gcc | 0.6.5 | 9.33 | 62.42 | 71.75 | NOTE | |
r-devel-linux-x86_64-fedora-clang | 0.6.5 | 111.01 | NOTE | |||
r-devel-linux-x86_64-fedora-gcc | 0.6.5 | 108.48 | NOTE | |||
r-devel-windows-ix86+x86_64 | 0.6.5 | 40.00 | 123.00 | 163.00 | OK | |
r-devel-windows-ix86+x86_64-gcc8 | 0.6.5 | 30.00 | 122.00 | 152.00 | OK | |
r-patched-linux-x86_64 | 0.6.5 | 8.48 | 70.40 | 78.88 | OK | |
r-patched-solaris-x86 | 0.6.5 | 139.20 | OK | |||
r-release-linux-x86_64 | 0.6.5 | 9.52 | 70.09 | 79.61 | OK | |
r-release-windows-ix86+x86_64 | 0.6.5 | 17.00 | 80.00 | 97.00 | OK | |
r-release-osx-x86_64 | 0.6.5 | OK | ||||
r-oldrel-windows-ix86+x86_64 | 0.6.5 | 16.00 | 76.00 | 92.00 | OK | |
r-oldrel-osx-x86_64 | 0.6.5 | OK |
Version: 0.6.5
Check: for non-standard things in the check directory
Result: NOTE
Found the following files/directories:
'foo.R' 'foo.html'
Flavors: r-devel-linux-x86_64-debian-clang, r-devel-linux-x86_64-debian-gcc, r-devel-linux-x86_64-fedora-clang, r-devel-linux-x86_64-fedora-gcc