CRAN Package Check Results for Package ClusterStability

Last updated on 2020-01-27 00:47:59 CET.

Flavor Version Tinstall Tcheck Ttotal Status Flags
r-devel-linux-x86_64-debian-clang 1.0.3 27.37 93.28 120.65 OK
r-devel-linux-x86_64-debian-gcc 1.0.3 21.30 71.56 92.86 OK
r-devel-linux-x86_64-fedora-clang 1.0.3 149.50 NOTE
r-devel-linux-x86_64-fedora-gcc 1.0.3 146.09 NOTE
r-devel-windows-ix86+x86_64 1.0.3 84.00 192.00 276.00 OK
r-devel-windows-ix86+x86_64-gcc8 1.0.3 80.00 151.00 231.00 OK
r-patched-linux-x86_64 1.0.3 22.85 80.56 103.41 OK
r-patched-solaris-x86 1.0.3 190.90 OK
r-release-linux-x86_64 1.0.3 22.47 79.43 101.90 OK
r-release-windows-ix86+x86_64 1.0.3 54.00 135.00 189.00 OK
r-release-osx-x86_64 1.0.3 OK
r-oldrel-windows-ix86+x86_64 1.0.3 41.00 129.00 170.00 OK
r-oldrel-osx-x86_64 1.0.3 OK

Check Details

Version: 1.0.3
Check: compiled code
Result: NOTE
    File ‘ClusterStability/libs/ClusterStability.so’:
     Found no calls to: ‘R_registerRoutines’, ‘R_useDynamicSymbols’
    
    It is good practice to register native routines and to disable symbol
    search.
    
    See ‘Writing portable packages’ in the ‘Writing R Extensions’ manual.
Flavors: r-devel-linux-x86_64-fedora-clang, r-devel-linux-x86_64-fedora-gcc