CRAN Package Check Results for Package ChemoSpec2D

Last updated on 2020-01-27 00:47:59 CET.

Flavor Version Tinstall Tcheck Ttotal Status Flags
r-devel-linux-x86_64-debian-clang 0.3.166 4.80 50.67 55.47 OK
r-devel-linux-x86_64-debian-gcc 0.3.166 3.71 40.01 43.72 OK
r-devel-linux-x86_64-fedora-clang 0.3.166 67.93 OK
r-devel-linux-x86_64-fedora-gcc 0.3.166 67.81 OK
r-devel-windows-ix86+x86_64 0.3.166 14.00 108.00 122.00 OK
r-devel-windows-ix86+x86_64-gcc8 0.3.166 15.00 100.00 115.00 OK
r-patched-linux-x86_64 0.3.166 4.14 46.41 50.55 OK
r-patched-solaris-x86 0.3.166 81.90 NOTE
r-release-linux-x86_64 0.3.166 3.86 46.05 49.91 OK
r-release-windows-ix86+x86_64 0.3.166 9.00 66.00 75.00 OK
r-release-osx-x86_64 0.3.166 OK
r-oldrel-windows-ix86+x86_64 0.3.166 5.00 63.00 68.00 OK
r-oldrel-osx-x86_64 0.3.166 OK

Check Details

Version: 0.3.166
Check: package dependencies
Result: NOTE
    Packages suggested but not available for checking: 'mlrMBO', 'smoof'
Flavor: r-patched-solaris-x86