Last updated on 2020-01-27 00:47:59 CET.
Flavor | Version | Tinstall | Tcheck | Ttotal | Status | Flags |
---|---|---|---|---|---|---|
r-devel-linux-x86_64-debian-clang | 1.2.1 | 3.66 | 24.66 | 28.32 | OK | |
r-devel-linux-x86_64-debian-gcc | 1.2.1 | 2.82 | 19.44 | 22.26 | OK | |
r-devel-linux-x86_64-fedora-clang | 1.2.1 | 34.93 | OK | |||
r-devel-linux-x86_64-fedora-gcc | 1.2.1 | 33.48 | OK | |||
r-devel-windows-ix86+x86_64 | 1.2.1 | 20.00 | 71.00 | 91.00 | OK | |
r-devel-windows-ix86+x86_64-gcc8 | 1.2.1 | 20.00 | 73.00 | 93.00 | OK | |
r-patched-linux-x86_64 | 1.2.1 | 2.79 | 22.33 | 25.12 | OK | |
r-patched-solaris-x86 | 1.2.1 | 65.80 | OK | |||
r-release-linux-x86_64 | 1.2.1 | 2.58 | 22.32 | 24.90 | OK | |
r-release-windows-ix86+x86_64 | 1.2.1 | 12.00 | 45.00 | 57.00 | OK | |
r-release-osx-x86_64 | 1.2.1 | NOTE | ||||
r-oldrel-windows-ix86+x86_64 | 1.2.1 | 9.00 | 64.00 | 73.00 | OK | |
r-oldrel-osx-x86_64 | 1.2.1 | NOTE |
Version: 1.2.1
Check: package dependencies
Result: NOTE
Package suggested but not available for checking: ‘pbdMPI’
Flavors: r-release-osx-x86_64, r-oldrel-osx-x86_64