Last updated on 2020-01-27 00:48:00 CET.
Flavor | Version | Tinstall | Tcheck | Ttotal | Status | Flags |
---|---|---|---|---|---|---|
r-devel-linux-x86_64-debian-clang | 2.3.3 | 2.73 | 23.57 | 26.30 | NOTE | |
r-devel-linux-x86_64-debian-gcc | 2.3.3 | 2.26 | 18.52 | 20.78 | NOTE | |
r-devel-linux-x86_64-fedora-clang | 2.3.3 | 32.46 | NOTE | |||
r-devel-linux-x86_64-fedora-gcc | 2.3.3 | 31.26 | NOTE | |||
r-devel-windows-ix86+x86_64 | 2.3.3 | 9.00 | 45.00 | 54.00 | OK | |
r-devel-windows-ix86+x86_64-gcc8 | 2.3.3 | 6.00 | 34.00 | 40.00 | OK | |
r-patched-linux-x86_64 | 2.3.3 | 1.97 | 21.56 | 23.53 | OK | |
r-patched-solaris-x86 | 2.3.3 | 43.80 | OK | |||
r-release-linux-x86_64 | 2.3.3 | 1.98 | 21.53 | 23.51 | OK | |
r-release-windows-ix86+x86_64 | 2.3.3 | 7.00 | 46.00 | 53.00 | OK | |
r-release-osx-x86_64 | 2.3.3 | OK | ||||
r-oldrel-windows-ix86+x86_64 | 2.3.3 | 4.00 | 30.00 | 34.00 | OK | |
r-oldrel-osx-x86_64 | 2.3.3 | OK |
Version: 2.3.3
Check: for non-standard things in the check directory
Result: NOTE
Found the following files/directories:
'Hello.csv'
Flavors: r-devel-linux-x86_64-debian-clang, r-devel-linux-x86_64-debian-gcc, r-devel-linux-x86_64-fedora-clang, r-devel-linux-x86_64-fedora-gcc