CRAN Package Check Results for Package CTAShiny

Last updated on 2020-01-27 00:48:00 CET.

Flavor Version Tinstall Tcheck Ttotal Status Flags
r-devel-linux-x86_64-debian-clang 0.1.0 1.79 17.17 18.96 OK
r-devel-linux-x86_64-debian-gcc 0.1.0 1.53 13.87 15.40 OK
r-devel-linux-x86_64-fedora-clang 0.1.0 23.76 NOTE
r-devel-linux-x86_64-fedora-gcc 0.1.0 22.80 NOTE
r-devel-windows-ix86+x86_64 0.1.0 7.00 38.00 45.00 OK
r-devel-windows-ix86+x86_64-gcc8 0.1.0 9.00 31.00 40.00 OK
r-patched-linux-x86_64 0.1.0 1.24 15.94 17.18 OK
r-patched-solaris-x86 0.1.0 34.20 NOTE
r-release-linux-x86_64 0.1.0 1.23 16.01 17.24 OK
r-release-windows-ix86+x86_64 0.1.0 4.00 26.00 30.00 OK
r-release-osx-x86_64 0.1.0 NOTE
r-oldrel-windows-ix86+x86_64 0.1.0 2.00 26.00 28.00 OK
r-oldrel-osx-x86_64 0.1.0 NOTE

Check Details

Version: 0.1.0
Check: dependencies in R code
Result: NOTE
    Namespaces in Imports field not imported from:
     ‘epitools’ ‘rpivotTable’ ‘shinyMatrix’
     All declared Imports should be used.
Flavors: r-devel-linux-x86_64-fedora-clang, r-devel-linux-x86_64-fedora-gcc, r-patched-solaris-x86, r-release-osx-x86_64, r-oldrel-osx-x86_64