CRAN Package Check Results for Package CRANsearcher

Last updated on 2020-01-27 00:48:00 CET.

Flavor Version Tinstall Tcheck Ttotal Status Flags
r-devel-linux-x86_64-debian-clang 1.0.0 6.80 42.70 49.50 OK
r-devel-linux-x86_64-debian-gcc 1.0.0 5.84 32.93 38.77 OK
r-devel-linux-x86_64-fedora-clang 1.0.0 58.27 NOTE
r-devel-linux-x86_64-fedora-gcc 1.0.0 56.16 NOTE
r-devel-windows-ix86+x86_64 1.0.0 31.00 75.00 106.00 OK
r-devel-windows-ix86+x86_64-gcc8 1.0.0 27.00 78.00 105.00 OK
r-patched-linux-x86_64 1.0.0 6.45 37.49 43.94 OK
r-patched-solaris-x86 1.0.0 86.60 NOTE
r-release-linux-x86_64 1.0.0 5.45 37.18 42.63 OK
r-release-windows-ix86+x86_64 1.0.0 13.00 53.00 66.00 OK
r-release-osx-x86_64 1.0.0 NOTE
r-oldrel-windows-ix86+x86_64 1.0.0 6.00 51.00 57.00 OK
r-oldrel-osx-x86_64 1.0.0 NOTE

Check Details

Version: 1.0.0
Check: data for non-ASCII characters
Result: NOTE
     Note: found 11 marked Latin-1 strings
     Note: found 57 marked UTF-8 strings
Flavors: r-devel-linux-x86_64-fedora-clang, r-devel-linux-x86_64-fedora-gcc, r-patched-solaris-x86, r-release-osx-x86_64, r-oldrel-osx-x86_64