CRAN Package Check Results for Package CGPfunctions

Last updated on 2020-01-27 00:47:59 CET.

Flavor Version Tinstall Tcheck Ttotal Status Flags
r-devel-linux-x86_64-debian-clang 0.5.7 13.57 185.00 198.57 OK
r-devel-linux-x86_64-debian-gcc 0.5.7 12.63 137.27 149.90 OK
r-devel-linux-x86_64-fedora-clang 0.5.7 233.95 NOTE
r-devel-linux-x86_64-fedora-gcc 0.5.7 225.99 NOTE
r-devel-windows-ix86+x86_64 0.5.7 61.00 299.00 360.00 OK
r-devel-windows-ix86+x86_64-gcc8 0.5.7 59.00 259.00 318.00 OK
r-patched-linux-x86_64 0.5.7 11.85 161.30 173.15 OK
r-patched-solaris-x86 0.5.7 296.20 NOTE
r-release-linux-x86_64 0.5.7 12.08 161.18 173.26 OK
r-release-windows-ix86+x86_64 0.5.7 30.00 161.00 191.00 OK
r-release-osx-x86_64 0.5.7 NOTE
r-oldrel-windows-ix86+x86_64 0.5.7 18.00 170.00 188.00 OK
r-oldrel-osx-x86_64 0.5.7 NOTE

Check Details

Version: 0.5.7
Check: dependencies in R code
Result: NOTE
    Namespaces in Imports field not imported from:
     ‘devtools’ ‘pwr’
     All declared Imports should be used.
Flavors: r-devel-linux-x86_64-fedora-clang, r-devel-linux-x86_64-fedora-gcc, r-patched-solaris-x86, r-release-osx-x86_64, r-oldrel-osx-x86_64