CRAN Package Check Results for Package CDM

Last updated on 2020-01-27 00:47:59 CET.

Flavor Version Tinstall Tcheck Ttotal Status Flags
r-devel-linux-x86_64-debian-clang 7.4-19 157.08 148.45 305.53 OK
r-devel-linux-x86_64-debian-gcc 7.4-19 102.97 107.52 210.49 ERROR
r-devel-linux-x86_64-fedora-clang 7.4-19 398.21 NOTE
r-devel-linux-x86_64-fedora-gcc 7.4-19 370.72 OK
r-devel-windows-ix86+x86_64 7.4-19 371.00 248.00 619.00 OK
r-devel-windows-ix86+x86_64-gcc8 7.4-19 383.00 201.00 584.00 NOTE
r-patched-linux-x86_64 7.4-19 121.16 131.19 252.35 OK
r-patched-solaris-x86 7.4-19 340.70 OK
r-release-linux-x86_64 7.4-19 118.21 131.14 249.35 OK
r-release-windows-ix86+x86_64 7.4-19 259.00 171.00 430.00 OK
r-release-osx-x86_64 7.4-19 NOTE
r-oldrel-windows-ix86+x86_64 7.4-19 210.00 162.00 372.00 OK
r-oldrel-osx-x86_64 7.4-19 NOTE

Check Details

Version: 7.4-19
Check: package dependencies
Result: NOTE
    Package suggested but not available for checking: ‘sfsmisc’
Flavor: r-devel-linux-x86_64-debian-gcc

Version: 7.4-19
Check: examples
Result: ERROR
    Running examples in ‘CDM-Ex.R’ failed
    The error most likely occurred in:
    
    > base::assign(".ptime", proc.time(), pos = "CheckExEnv")
    > ### Name: skillspace.approximation
    > ### Title: Skill Space Approximation
    > ### Aliases: skillspace.approximation
    >
    > ### ** Examples
    >
    > #############################################################################
    > # EXAMPLE 1: Approximate a skill space of K=8 eight skills by 20 classes
    > #############################################################################
    >
    > #=> 2^8=256 latent classes if all latent classes would be used
    > CDM::skillspace.approximation( L=20, K=8 )
    Error: Package 'sfsmisc' is needed for applying this
     function. Please install it.
    Execution halted
Flavor: r-devel-linux-x86_64-debian-gcc

Version: 7.4-19
Check: installed package size
Result: NOTE
     installed size is 6.3Mb
     sub-directories of 1Mb or more:
     data 1.3Mb
     libs 3.6Mb
Flavors: r-devel-linux-x86_64-fedora-clang, r-devel-windows-ix86+x86_64-gcc8, r-release-osx-x86_64, r-oldrel-osx-x86_64