CRAN Package Check Results for Package CARBayesST

Last updated on 2020-01-27 00:47:59 CET.

Flavor Version Tinstall Tcheck Ttotal Status Flags
r-devel-linux-x86_64-debian-clang 3.0.2 60.76 205.71 266.47 OK
r-devel-linux-x86_64-debian-gcc 3.0.2 54.42 156.68 211.10 OK
r-devel-linux-x86_64-fedora-clang 3.0.2 338.52 NOTE
r-devel-linux-x86_64-fedora-gcc 3.0.2 334.86 OK
r-devel-windows-ix86+x86_64 3.0.2 140.00 356.00 496.00 OK
r-devel-windows-ix86+x86_64-gcc8 3.0.2 160.00 281.00 441.00 OK
r-patched-linux-x86_64 3.0.2 57.38 181.81 239.19 OK
r-patched-solaris-x86 3.0.2 392.90 OK
r-release-linux-x86_64 3.0.2 57.24 182.75 239.99 OK
r-release-windows-ix86+x86_64 3.0.2 99.00 249.00 348.00 OK
r-release-osx-x86_64 3.0.2 NOTE
r-oldrel-windows-ix86+x86_64 3.0.2 87.00 240.00 327.00 OK
r-oldrel-osx-x86_64 3.0.2 NOTE

Check Details

Version: 3.0.2
Check: installed package size
Result: NOTE
     installed size is 5.9Mb
     sub-directories of 1Mb or more:
     doc 1.1Mb
     libs 4.1Mb
Flavors: r-devel-linux-x86_64-fedora-clang, r-release-osx-x86_64, r-oldrel-osx-x86_64