CRAN Package Check Results for Package BinQuasi

Last updated on 2020-01-27 00:47:58 CET.

Flavor Version Tinstall Tcheck Ttotal Status Flags
r-devel-linux-x86_64-debian-clang 0.1-6 47.96 621.33 669.29 OK
r-devel-linux-x86_64-debian-gcc 0.1-6 40.15 467.11 507.26 OK
r-devel-linux-x86_64-fedora-clang 0.1-6 822.57 OK
r-devel-linux-x86_64-fedora-gcc 0.1-6 828.82 OK
r-devel-windows-ix86+x86_64 0.1-6 124.00 729.00 853.00 WARN
r-devel-windows-ix86+x86_64-gcc8 0.1-6 124.00 662.00 786.00 WARN
r-patched-linux-x86_64 0.1-6 39.62 535.99 575.61 OK
r-patched-solaris-x86 0.1-6 965.10 OK
r-release-linux-x86_64 0.1-6 41.73 524.97 566.70 OK
r-release-windows-ix86+x86_64 0.1-6 84.00 558.00 642.00 OK
r-release-osx-x86_64 0.1-6 ERROR
r-oldrel-windows-ix86+x86_64 0.1-6 47.00 551.00 598.00 OK
r-oldrel-osx-x86_64 0.1-6 ERROR

Check Details

Version: 0.1-6
Check: re-building of vignette outputs
Result: WARN
    Error(s) in re-building vignettes:
    --- re-building 'BinQuasi.Rmd' using rmarkdown
    Quitting from lines 36-42 (BinQuasi.Rmd)
    Error: processing vignette 'BinQuasi.Rmd' failed with diagnostics:
    trying to get slot "className" from an object of a basic class ("character") with no slots
    --- failed re-building 'BinQuasi.Rmd'
    
    SUMMARY: processing the following file failed:
     'BinQuasi.Rmd'
    
    Error: Vignette re-building failed.
    Execution halted
Flavors: r-devel-windows-ix86+x86_64, r-devel-windows-ix86+x86_64-gcc8

Version: 0.1-6
Check: package dependencies
Result: ERROR
    Package required but not available: ‘csaw’
    
    See section ‘The DESCRIPTION file’ in the ‘Writing R Extensions’
    manual.
Flavor: r-release-osx-x86_64

Version: 0.1-6
Check: package dependencies
Result: ERROR
    Packages required but not available: ‘Rsamtools’ ‘GenomicAlignments’ ‘csaw’
    
    See section ‘The DESCRIPTION file’ in the ‘Writing R Extensions’
    manual.
Flavor: r-oldrel-osx-x86_64