CRAN Package Check Results for Package BiasedUrn

Last updated on 2020-01-27 00:47:58 CET.

Flavor Version Tinstall Tcheck Ttotal Status Flags
r-devel-linux-x86_64-debian-clang 1.07 8.83 22.29 31.12 OK
r-devel-linux-x86_64-debian-gcc 1.07 5.73 17.84 23.57 OK
r-devel-linux-x86_64-fedora-clang 1.07 40.10 NOTE
r-devel-linux-x86_64-fedora-gcc 1.07 38.46 NOTE
r-devel-windows-ix86+x86_64 1.07 28.00 57.00 85.00 OK
r-devel-windows-ix86+x86_64-gcc8 1.07 22.00 39.00 61.00 OK
r-patched-linux-x86_64 1.07 6.70 22.29 28.99 OK
r-patched-solaris-x86 1.07 56.50 OK
r-release-linux-x86_64 1.07 6.50 21.39 27.89 OK
r-release-windows-ix86+x86_64 1.07 21.00 55.00 76.00 OK
r-release-osx-x86_64 1.07 OK
r-oldrel-windows-ix86+x86_64 1.07 19.00 34.00 53.00 OK
r-oldrel-osx-x86_64 1.07 OK

Check Details

Version: 1.07
Check: compiled code
Result: NOTE
    File ‘BiasedUrn/libs/BiasedUrn.so’:
     Found no calls to: ‘R_registerRoutines’, ‘R_useDynamicSymbols’
    
    It is good practice to register native routines and to disable symbol
    search.
    
    See ‘Writing portable packages’ in the ‘Writing R Extensions’ manual.
Flavors: r-devel-linux-x86_64-fedora-clang, r-devel-linux-x86_64-fedora-gcc