CRAN Package Check Results for Package Bchron

Last updated on 2020-01-27 00:47:57 CET.

Flavor Version Tinstall Tcheck Ttotal Status Flags
r-devel-linux-x86_64-debian-clang 4.5.0 8.06 174.06 182.12 OK
r-devel-linux-x86_64-debian-gcc 4.5.0 6.64 124.49 131.13 OK
r-devel-linux-x86_64-fedora-clang 4.5.0 209.51 NOTE
r-devel-linux-x86_64-fedora-gcc 4.5.0 203.92 NOTE
r-devel-windows-ix86+x86_64 4.5.0 36.00 315.00 351.00 OK
r-devel-windows-ix86+x86_64-gcc8 4.5.0 31.00 270.00 301.00 OK
r-patched-linux-x86_64 4.5.0 7.51 154.27 161.78 OK
r-patched-solaris-x86 4.5.0 253.00 NOTE
r-release-linux-x86_64 4.5.0 7.12 152.22 159.34 OK
r-release-windows-ix86+x86_64 4.5.0 17.00 178.00 195.00 OK
r-release-osx-x86_64 4.5.0 NOTE
r-oldrel-windows-ix86+x86_64 4.5.0 15.00 173.00 188.00 OK
r-oldrel-osx-x86_64 4.5.0 NOTE

Check Details

Version: 4.5.0
Check: dependencies in R code
Result: NOTE
    Namespaces in Imports field not imported from:
     ‘ellipse’ ‘viridis’
     All declared Imports should be used.
Flavors: r-devel-linux-x86_64-fedora-clang, r-devel-linux-x86_64-fedora-gcc, r-patched-solaris-x86, r-release-osx-x86_64, r-oldrel-osx-x86_64