CRAN Package Check Results for Package BayesNetBP

Last updated on 2020-01-27 00:47:57 CET.

Flavor Version Tinstall Tcheck Ttotal Status Flags
r-devel-linux-x86_64-debian-clang 1.4.0 19.59 168.76 188.35 OK
r-devel-linux-x86_64-debian-gcc 1.4.0 0.40 1.68 2.08 ERROR
r-devel-linux-x86_64-fedora-clang 1.4.0 223.00 OK
r-devel-linux-x86_64-fedora-gcc 1.4.0 220.30 OK
r-devel-windows-ix86+x86_64 1.4.0 70.00 227.00 297.00 OK
r-devel-windows-ix86+x86_64-gcc8 1.4.0 61.00 165.00 226.00 OK
r-patched-linux-x86_64 1.4.0 15.28 147.10 162.38 OK
r-patched-solaris-x86 1.4.0 288.20 OK
r-release-linux-x86_64 1.4.0 16.37 146.54 162.91 OK
r-release-windows-ix86+x86_64 1.4.0 32.00 145.00 177.00 OK
r-release-osx-x86_64 1.4.0 OK
r-oldrel-windows-ix86+x86_64 1.4.0 20.00 138.00 158.00 OK
r-oldrel-osx-x86_64 1.4.0 OK

Check Details

Version: 1.4.0
Check: package dependencies
Result: ERROR
    Package required but not available: ‘qtlnet’
    
    See section ‘The DESCRIPTION file’ in the ‘Writing R Extensions’
    manual.
Flavor: r-devel-linux-x86_64-debian-gcc