Last updated on 2020-01-27 00:47:57 CET.
Flavor | Version | Tinstall | Tcheck | Ttotal | Status | Flags |
---|---|---|---|---|---|---|
r-devel-linux-x86_64-debian-clang | 2.1 | 9.10 | 21.53 | 30.63 | OK | |
r-devel-linux-x86_64-debian-gcc | 2.1 | 5.58 | 17.07 | 22.65 | OK | |
r-devel-linux-x86_64-fedora-clang | 2.1 | 38.37 | OK | |||
r-devel-linux-x86_64-fedora-gcc | 2.1 | 36.18 | OK | |||
r-devel-windows-ix86+x86_64 | 2.1 | 29.00 | 57.00 | 86.00 | OK | |
r-devel-windows-ix86+x86_64-gcc8 | 2.1 | 23.00 | 40.00 | 63.00 | OK | |
r-patched-linux-x86_64 | 2.1 | 6.17 | 20.00 | 26.17 | OK | |
r-patched-solaris-x86 | 2.1 | 52.70 | OK | |||
r-release-linux-x86_64 | 2.1 | 5.82 | 20.41 | 26.23 | OK | |
r-release-windows-ix86+x86_64 | 2.1 | 27.00 | 46.00 | 73.00 | OK | |
r-release-osx-x86_64 | 2.1 | OK | ||||
r-oldrel-osx-x86_64 | 2.1 | ERROR |
Version: 2.1
Check: whether package can be installed
Result: ERROR
Installation failed.
Flavor: r-oldrel-osx-x86_64