CRAN Package Check Results for Package BaMORC

Last updated on 2020-01-27 00:47:57 CET.

Flavor Version Tinstall Tcheck Ttotal Status Flags
r-devel-linux-x86_64-debian-clang 1.0.1 12.15 130.89 143.04 OK
r-devel-linux-x86_64-debian-gcc 1.0.1 11.51 95.90 107.41 OK
r-devel-linux-x86_64-fedora-clang 1.0.1 165.86 NOTE
r-devel-linux-x86_64-fedora-gcc 1.0.1 162.16 NOTE
r-devel-windows-ix86+x86_64 1.0.1 46.00 207.00 253.00 NOTE
r-devel-windows-ix86+x86_64-gcc8 1.0.1 40.00 192.00 232.00 NOTE
r-patched-linux-x86_64 1.0.1 9.64 114.14 123.78 OK
r-patched-solaris-x86 1.0.1 203.80 NOTE
r-release-linux-x86_64 1.0.1 10.60 115.08 125.68 OK
r-release-windows-ix86+x86_64 1.0.1 18.00 136.00 154.00 NOTE
r-release-osx-x86_64 1.0.1 NOTE
r-oldrel-windows-ix86+x86_64 1.0.1 17.00 128.00 145.00 NOTE
r-oldrel-osx-x86_64 1.0.1 NOTE

Check Details

Version: 1.0.1
Check: installed package size
Result: NOTE
     installed size is 5.5Mb
     sub-directories of 1Mb or more:
     data 4.6Mb
Flavors: r-devel-linux-x86_64-fedora-clang, r-devel-windows-ix86+x86_64, r-devel-windows-ix86+x86_64-gcc8, r-patched-solaris-x86, r-release-windows-ix86+x86_64, r-release-osx-x86_64, r-oldrel-windows-ix86+x86_64, r-oldrel-osx-x86_64

Version: 1.0.1
Check: dependencies in R code
Result: NOTE
    Namespaces in Imports field not imported from:
     ‘devtools’ ‘docopt’
     All declared Imports should be used.
Flavors: r-devel-linux-x86_64-fedora-clang, r-devel-linux-x86_64-fedora-gcc, r-patched-solaris-x86, r-release-osx-x86_64, r-oldrel-osx-x86_64