CRAN Package Check Results for Package BIEN

Last updated on 2020-01-27 00:47:58 CET.

Flavor Version Tinstall Tcheck Ttotal Status Flags
r-devel-linux-x86_64-debian-clang 1.2.3 6.84 42.09 48.93 OK --no-examples --no-tests --no-vignettes
r-devel-linux-x86_64-debian-gcc 1.2.3 4.98 32.96 37.94 OK --no-examples --no-tests --no-vignettes
r-devel-linux-x86_64-fedora-clang 1.2.3 59.09 OK --no-tests --no-vignettes
r-devel-linux-x86_64-fedora-gcc 1.2.3 58.84 OK --no-tests --no-vignettes
r-devel-windows-ix86+x86_64 1.2.3 18.00 93.00 111.00 OK --no-examples --no-tests --no-vignettes
r-devel-windows-ix86+x86_64-gcc8 1.2.3 20.00 95.00 115.00 OK --no-examples --no-tests --no-vignettes
r-patched-linux-x86_64 1.2.3 5.39 38.03 43.42 OK --no-examples --no-tests --no-vignettes
r-patched-solaris-x86 1.2.3 75.30 OK --no-tests --no-vignettes
r-release-linux-x86_64 1.2.3 5.67 38.22 43.89 OK --no-examples --no-tests --no-vignettes
r-release-windows-ix86+x86_64 1.2.3 11.00 147.00 158.00 OK --no-examples --no-tests --no-vignettes
r-release-osx-x86_64 1.2.3 FAIL
r-oldrel-windows-ix86+x86_64 1.2.3 6.00 82.00 88.00 OK --no-examples --no-tests --no-vignettes
r-oldrel-osx-x86_64 1.2.3 OK

Check Details

Version: 1.2.3
Check: tests
Result: FAIL
Flavor: r-release-osx-x86_64